{"version":"1.0","provider_name":"VisitGuarda","provider_url":"https:\/\/www.visitguarda.pt\/en\/","title":"Tile of Friar Pedro da Guarda - VisitGuarda","type":"rich","width":600,"height":338,"html":"<blockquote class=\"wp-embedded-content\" data-secret=\"KlAvJaKDSp\"><a href=\"https:\/\/www.visitguarda.pt\/en\/ponto_de_interesse\/azulejo-de-frei-pedro-da-guarda\/\">Tile of Friar Pedro da Guarda<\/a><\/blockquote><iframe sandbox=\"allow-scripts\" security=\"restricted\" src=\"https:\/\/www.visitguarda.pt\/en\/ponto_de_interesse\/azulejo-de-frei-pedro-da-guarda\/embed\/#?secret=KlAvJaKDSp\" width=\"600\" height=\"338\" title=\"&#8220;Tile of Friar Pedro da Guarda&#8221; &#8212; VisitGuarda\" data-secret=\"KlAvJaKDSp\" frameborder=\"0\" marginwidth=\"0\" marginheight=\"0\" scrolling=\"no\" class=\"wp-embedded-content\"><\/iframe><script>\n\/*! This file is auto-generated *\/\n!function(d,l){\"use strict\";l.querySelector&&d.addEventListener&&\"undefined\"!=typeof URL&&(d.wp=d.wp||{},d.wp.receiveEmbedMessage||(d.wp.receiveEmbedMessage=function(e){var t=e.data;if((t||t.secret||t.message||t.value)&&!\/[^a-zA-Z0-9]\/.test(t.secret)){for(var s,r,n,a=l.querySelectorAll('iframe[data-secret=\"'+t.secret+'\"]'),o=l.querySelectorAll('blockquote[data-secret=\"'+t.secret+'\"]'),c=new RegExp(\"^https?:$\",\"i\"),i=0;i<o.length;i++)o[i].style.display=\"none\";for(i=0;i<a.length;i++)s=a[i],e.source===s.contentWindow&&(s.removeAttribute(\"style\"),\"height\"===t.message?(1e3<(r=parseInt(t.value,10))?r=1e3:~~r<200&&(r=200),s.height=r):\"link\"===t.message&&(r=new URL(s.getAttribute(\"src\")),n=new URL(t.value),c.test(n.protocol))&&n.host===r.host&&l.activeElement===s&&(d.top.location.href=t.value))}},d.addEventListener(\"message\",d.wp.receiveEmbedMessage,!1),l.addEventListener(\"DOMContentLoaded\",function(){for(var e,t,s=l.querySelectorAll(\"iframe.wp-embedded-content\"),r=0;r<s.length;r++)(t=(e=s[r]).getAttribute(\"data-secret\"))||(t=Math.random().toString(36).substring(2,12),e.src+=\"#?secret=\"+t,e.setAttribute(\"data-secret\",t)),e.contentWindow.postMessage({message:\"ready\",secret:t},\"*\")},!1)))}(window,document);\n<\/script>\n","description":"Friar Pedro da Guarda: He was born in 1435 in the highest city, the son of Jo\u00e3o Lu\u00eds, a weaver, and \u00c2ngela Gon\u00e7alves. A Franciscan at the age of 25, he dedicated himself to rescuing travellers lost in the snowy mountains, always accompanied by his dog Serra da Estrela, who is credited with saving hundreds [&hellip;]"}

Friar Pedro da Guarda: He was born in 1435 in the highest city, the son of João Luís, a weaver, and Ângela Gonçalves. A Franciscan at the age of 25, he dedicated himself to rescuing travellers lost in the snowy mountains, always accompanied by his dog Serra da Estrela, who is credited with saving hundreds [&hellip;]
