{"id":20351,"date":"2025-07-18T15:28:49","date_gmt":"2025-07-18T15:28:49","guid":{"rendered":"https:\/\/www.visitguarda.pt\/evento\/jep-2025-jornadas-europeias-do-patrimonio-inauguracao-de-exposicao-arqueologia-de-um-lugar-sagrado-memorias-escondidas-da-guarda\/"},"modified":"2025-09-20T14:00:03","modified_gmt":"2025-09-20T14:00:03","slug":"jep-2025-jornadas-europeias-do-patrimonio-inauguracao-de-exposicao-arqueologia-de-um-lugar-sagrado-memorias-escondidas-da-guarda","status":"publish","type":"evento","link":"https:\/\/www.visitguarda.pt\/en\/evento\/jep-2025-jornadas-europeias-do-patrimonio-inauguracao-de-exposicao-arqueologia-de-um-lugar-sagrado-memorias-escondidas-da-guarda\/","title":{"rendered":"JEP 2025 &#8211; JORNADAS EUROPEIAS DO PATRIM\u00d3NIO | Inaugura\u00e7\u00e3o de exposi\u00e7\u00e3o | Arqueologia de um Lugar Sagrado: Mem\u00f3rias Escondidas da Guarda"},"content":{"rendered":"<p>\u200bEm 1997, no cora\u00e7\u00e3o da cidade da Guarda, uma interven\u00e7\u00e3o arqueol\u00f3gica, realizada na antiga Capela do Semin\u00e1rio e Pa\u00e7o Episcopal da Guarda, revelou as funda\u00e7\u00f5es de um edif\u00edcio desconhecido at\u00e9 \u00e0 data. Os materiais resultantes daquela escava\u00e7\u00e3o regressam agora ao seu lugar de origem \u2014 o atual espa\u00e7o museol\u00f3gico ExpoEcclesia \u2014 oferecendo uma viagem \u00fanica pela hist\u00f3ria patrimonial da cidade.<\/p>\n<p>ExpoEcclesia | 15h30 | P\u00fablico em geral\/ escolar<\/p>\n<p>Org&#058; CMG\/MG\/GAP\/Diocese da Guarda<\/p>\n","protected":false},"featured_media":0,"template":"","meta":{"_acf_changed":false},"categoria_evento":[64,71],"estacao_do_ano":[],"class_list":["post-20351","evento","type-evento","status-publish","hentry","categoria_evento-exposicoes","categoria_evento-visitguarda"],"acf":[],"yoast_head":"<!-- This site is optimized with the Yoast SEO plugin v25.1 - https:\/\/yoast.com\/wordpress\/plugins\/seo\/ -->\n<title>JEP 2025 - JORNADAS EUROPEIAS DO PATRIM\u00d3NIO | Inaugura\u00e7\u00e3o de exposi\u00e7\u00e3o | Arqueologia de um Lugar Sagrado: Mem\u00f3rias Escondidas da Guarda - VisitGuarda<\/title>\n<meta name=\"robots\" content=\"index, follow, max-snippet:-1, max-image-preview:large, max-video-preview:-1\" \/>\n<link rel=\"canonical\" href=\"https:\/\/www.visitguarda.pt\/evento\/jep-2025-jornadas-europeias-do-patrimonio-inauguracao-de-exposicao-arqueologia-de-um-lugar-sagrado-memorias-escondidas-da-guarda\/\" \/>\n<meta property=\"og:locale\" content=\"en_US\" \/>\n<meta property=\"og:type\" content=\"article\" \/>\n<meta property=\"og:title\" content=\"JEP 2025 - JORNADAS EUROPEIAS DO PATRIM\u00d3NIO | Inaugura\u00e7\u00e3o de exposi\u00e7\u00e3o | Arqueologia de um Lugar Sagrado: Mem\u00f3rias Escondidas da Guarda - VisitGuarda\" \/>\n<meta property=\"og:description\" content=\"\u200bEm 1997, no cora\u00e7\u00e3o da cidade da Guarda, uma interven\u00e7\u00e3o arqueol\u00f3gica, realizada na antiga Capela do Semin\u00e1rio e Pa\u00e7o Episcopal da Guarda, revelou as funda\u00e7\u00f5es de um edif\u00edcio desconhecido at\u00e9 \u00e0 data. Os materiais resultantes daquela escava\u00e7\u00e3o regressam agora ao seu lugar de origem \u2014 o atual espa\u00e7o museol\u00f3gico ExpoEcclesia \u2014 oferecendo uma viagem \u00fanica [&hellip;]\" \/>\n<meta property=\"og:url\" content=\"https:\/\/www.visitguarda.pt\/evento\/jep-2025-jornadas-europeias-do-patrimonio-inauguracao-de-exposicao-arqueologia-de-um-lugar-sagrado-memorias-escondidas-da-guarda\/\" \/>\n<meta property=\"og:site_name\" content=\"VisitGuarda\" \/>\n<meta property=\"article:publisher\" content=\"https:\/\/fb.com\/MunicipioDaGuarda\" \/>\n<meta property=\"article:modified_time\" content=\"2025-09-20T14:00:03+00:00\" \/>\n<meta name=\"twitter:card\" content=\"summary_large_image\" \/>\n<script type=\"application\/ld+json\" class=\"yoast-schema-graph\">{\"@context\":\"https:\/\/schema.org\",\"@graph\":[{\"@type\":\"WebPage\",\"@id\":\"https:\/\/www.visitguarda.pt\/evento\/jep-2025-jornadas-europeias-do-patrimonio-inauguracao-de-exposicao-arqueologia-de-um-lugar-sagrado-memorias-escondidas-da-guarda\/\",\"url\":\"https:\/\/www.visitguarda.pt\/evento\/jep-2025-jornadas-europeias-do-patrimonio-inauguracao-de-exposicao-arqueologia-de-um-lugar-sagrado-memorias-escondidas-da-guarda\/\",\"name\":\"JEP 2025 - JORNADAS EUROPEIAS DO PATRIM\u00d3NIO | Inaugura\u00e7\u00e3o de exposi\u00e7\u00e3o | Arqueologia de um Lugar Sagrado: Mem\u00f3rias Escondidas da Guarda - VisitGuarda\",\"isPartOf\":{\"@id\":\"https:\/\/www.visitguarda.pt\/#website\"},\"datePublished\":\"2025-07-18T15:28:49+00:00\",\"dateModified\":\"2025-09-20T14:00:03+00:00\",\"breadcrumb\":{\"@id\":\"https:\/\/www.visitguarda.pt\/evento\/jep-2025-jornadas-europeias-do-patrimonio-inauguracao-de-exposicao-arqueologia-de-um-lugar-sagrado-memorias-escondidas-da-guarda\/#breadcrumb\"},\"inLanguage\":\"en-US\",\"potentialAction\":[{\"@type\":\"ReadAction\",\"target\":[\"https:\/\/www.visitguarda.pt\/evento\/jep-2025-jornadas-europeias-do-patrimonio-inauguracao-de-exposicao-arqueologia-de-um-lugar-sagrado-memorias-escondidas-da-guarda\/\"]}]},{\"@type\":\"BreadcrumbList\",\"@id\":\"https:\/\/www.visitguarda.pt\/evento\/jep-2025-jornadas-europeias-do-patrimonio-inauguracao-de-exposicao-arqueologia-de-um-lugar-sagrado-memorias-escondidas-da-guarda\/#breadcrumb\",\"itemListElement\":[{\"@type\":\"ListItem\",\"position\":1,\"name\":\"In\u00edcio\",\"item\":\"https:\/\/www.visitguarda.pt\/en\/\"},{\"@type\":\"ListItem\",\"position\":2,\"name\":\"JEP 2025 &#8211; JORNADAS EUROPEIAS DO PATRIM\u00d3NIO | Inaugura\u00e7\u00e3o de exposi\u00e7\u00e3o | Arqueologia de um Lugar Sagrado: Mem\u00f3rias Escondidas da Guarda\"}]},{\"@type\":\"WebSite\",\"@id\":\"https:\/\/www.visitguarda.pt\/#website\",\"url\":\"https:\/\/www.visitguarda.pt\/\",\"name\":\"VisitGuarda\",\"description\":\"\",\"publisher\":{\"@id\":\"https:\/\/www.visitguarda.pt\/#organization\"},\"potentialAction\":[{\"@type\":\"SearchAction\",\"target\":{\"@type\":\"EntryPoint\",\"urlTemplate\":\"https:\/\/www.visitguarda.pt\/?s={search_term_string}\"},\"query-input\":{\"@type\":\"PropertyValueSpecification\",\"valueRequired\":true,\"valueName\":\"search_term_string\"}}],\"inLanguage\":\"en-US\"},{\"@type\":\"Organization\",\"@id\":\"https:\/\/www.visitguarda.pt\/#organization\",\"name\":\"Munic\u00edpio da Guarda\",\"url\":\"https:\/\/www.visitguarda.pt\/\",\"logo\":{\"@type\":\"ImageObject\",\"inLanguage\":\"en-US\",\"@id\":\"https:\/\/www.visitguarda.pt\/#\/schema\/logo\/image\/\",\"url\":\"https:\/\/www.visitguarda.pt\/wp-content\/uploads\/2025\/01\/logo_mun_guarda.jpg\",\"contentUrl\":\"https:\/\/www.visitguarda.pt\/wp-content\/uploads\/2025\/01\/logo_mun_guarda.jpg\",\"width\":1181,\"height\":1181,\"caption\":\"Munic\u00edpio da Guarda\"},\"image\":{\"@id\":\"https:\/\/www.visitguarda.pt\/#\/schema\/logo\/image\/\"},\"sameAs\":[\"https:\/\/fb.com\/MunicipioDaGuarda\",\"https:\/\/www.instagram.com\/municipiodaguarda\"]}]}<\/script>\n<!-- \/ Yoast SEO plugin. -->","yoast_head_json":{"title":"JEP 2025 - JORNADAS EUROPEIAS DO PATRIM\u00d3NIO | Inaugura\u00e7\u00e3o de exposi\u00e7\u00e3o | Arqueologia de um Lugar Sagrado: Mem\u00f3rias Escondidas da Guarda - VisitGuarda","robots":{"index":"index","follow":"follow","max-snippet":"max-snippet:-1","max-image-preview":"max-image-preview:large","max-video-preview":"max-video-preview:-1"},"canonical":"https:\/\/www.visitguarda.pt\/evento\/jep-2025-jornadas-europeias-do-patrimonio-inauguracao-de-exposicao-arqueologia-de-um-lugar-sagrado-memorias-escondidas-da-guarda\/","og_locale":"en_US","og_type":"article","og_title":"JEP 2025 - JORNADAS EUROPEIAS DO PATRIM\u00d3NIO | Inaugura\u00e7\u00e3o de exposi\u00e7\u00e3o | Arqueologia de um Lugar Sagrado: Mem\u00f3rias Escondidas da Guarda - VisitGuarda","og_description":"\u200bEm 1997, no cora\u00e7\u00e3o da cidade da Guarda, uma interven\u00e7\u00e3o arqueol\u00f3gica, realizada na antiga Capela do Semin\u00e1rio e Pa\u00e7o Episcopal da Guarda, revelou as funda\u00e7\u00f5es de um edif\u00edcio desconhecido at\u00e9 \u00e0 data. Os materiais resultantes daquela escava\u00e7\u00e3o regressam agora ao seu lugar de origem \u2014 o atual espa\u00e7o museol\u00f3gico ExpoEcclesia \u2014 oferecendo uma viagem \u00fanica [&hellip;]","og_url":"https:\/\/www.visitguarda.pt\/evento\/jep-2025-jornadas-europeias-do-patrimonio-inauguracao-de-exposicao-arqueologia-de-um-lugar-sagrado-memorias-escondidas-da-guarda\/","og_site_name":"VisitGuarda","article_publisher":"https:\/\/fb.com\/MunicipioDaGuarda","article_modified_time":"2025-09-20T14:00:03+00:00","twitter_card":"summary_large_image","schema":{"@context":"https:\/\/schema.org","@graph":[{"@type":"WebPage","@id":"https:\/\/www.visitguarda.pt\/evento\/jep-2025-jornadas-europeias-do-patrimonio-inauguracao-de-exposicao-arqueologia-de-um-lugar-sagrado-memorias-escondidas-da-guarda\/","url":"https:\/\/www.visitguarda.pt\/evento\/jep-2025-jornadas-europeias-do-patrimonio-inauguracao-de-exposicao-arqueologia-de-um-lugar-sagrado-memorias-escondidas-da-guarda\/","name":"JEP 2025 - JORNADAS EUROPEIAS DO PATRIM\u00d3NIO | Inaugura\u00e7\u00e3o de exposi\u00e7\u00e3o | Arqueologia de um Lugar Sagrado: Mem\u00f3rias Escondidas da Guarda - VisitGuarda","isPartOf":{"@id":"https:\/\/www.visitguarda.pt\/#website"},"datePublished":"2025-07-18T15:28:49+00:00","dateModified":"2025-09-20T14:00:03+00:00","breadcrumb":{"@id":"https:\/\/www.visitguarda.pt\/evento\/jep-2025-jornadas-europeias-do-patrimonio-inauguracao-de-exposicao-arqueologia-de-um-lugar-sagrado-memorias-escondidas-da-guarda\/#breadcrumb"},"inLanguage":"en-US","potentialAction":[{"@type":"ReadAction","target":["https:\/\/www.visitguarda.pt\/evento\/jep-2025-jornadas-europeias-do-patrimonio-inauguracao-de-exposicao-arqueologia-de-um-lugar-sagrado-memorias-escondidas-da-guarda\/"]}]},{"@type":"BreadcrumbList","@id":"https:\/\/www.visitguarda.pt\/evento\/jep-2025-jornadas-europeias-do-patrimonio-inauguracao-de-exposicao-arqueologia-de-um-lugar-sagrado-memorias-escondidas-da-guarda\/#breadcrumb","itemListElement":[{"@type":"ListItem","position":1,"name":"In\u00edcio","item":"https:\/\/www.visitguarda.pt\/en\/"},{"@type":"ListItem","position":2,"name":"JEP 2025 &#8211; JORNADAS EUROPEIAS DO PATRIM\u00d3NIO | Inaugura\u00e7\u00e3o de exposi\u00e7\u00e3o | Arqueologia de um Lugar Sagrado: Mem\u00f3rias Escondidas da Guarda"}]},{"@type":"WebSite","@id":"https:\/\/www.visitguarda.pt\/#website","url":"https:\/\/www.visitguarda.pt\/","name":"VisitGuarda","description":"","publisher":{"@id":"https:\/\/www.visitguarda.pt\/#organization"},"potentialAction":[{"@type":"SearchAction","target":{"@type":"EntryPoint","urlTemplate":"https:\/\/www.visitguarda.pt\/?s={search_term_string}"},"query-input":{"@type":"PropertyValueSpecification","valueRequired":true,"valueName":"search_term_string"}}],"inLanguage":"en-US"},{"@type":"Organization","@id":"https:\/\/www.visitguarda.pt\/#organization","name":"Munic\u00edpio da Guarda","url":"https:\/\/www.visitguarda.pt\/","logo":{"@type":"ImageObject","inLanguage":"en-US","@id":"https:\/\/www.visitguarda.pt\/#\/schema\/logo\/image\/","url":"https:\/\/www.visitguarda.pt\/wp-content\/uploads\/2025\/01\/logo_mun_guarda.jpg","contentUrl":"https:\/\/www.visitguarda.pt\/wp-content\/uploads\/2025\/01\/logo_mun_guarda.jpg","width":1181,"height":1181,"caption":"Munic\u00edpio da Guarda"},"image":{"@id":"https:\/\/www.visitguarda.pt\/#\/schema\/logo\/image\/"},"sameAs":["https:\/\/fb.com\/MunicipioDaGuarda","https:\/\/www.instagram.com\/municipiodaguarda"]}]}},"_links":{"self":[{"href":"https:\/\/www.visitguarda.pt\/en\/wp-json\/wp\/v2\/evento\/20351","targetHints":{"allow":["GET"]}}],"collection":[{"href":"https:\/\/www.visitguarda.pt\/en\/wp-json\/wp\/v2\/evento"}],"about":[{"href":"https:\/\/www.visitguarda.pt\/en\/wp-json\/wp\/v2\/types\/evento"}],"wp:attachment":[{"href":"https:\/\/www.visitguarda.pt\/en\/wp-json\/wp\/v2\/media?parent=20351"}],"wp:term":[{"taxonomy":"categoria_evento","embeddable":true,"href":"https:\/\/www.visitguarda.pt\/en\/wp-json\/wp\/v2\/categoria_evento?post=20351"},{"taxonomy":"estacao_do_ano","embeddable":true,"href":"https:\/\/www.visitguarda.pt\/en\/wp-json\/wp\/v2\/estacao_do_ano?post=20351"}],"curies":[{"name":"wp","href":"https:\/\/api.w.org\/{rel}","templated":true}]}}

JEP 2025 &#8211; JORNADAS EUROPEIAS DO PATRIMÓNIO | Inauguração de exposição | Arqueologia de um Lugar Sagrado: Memórias Escondidas da Guarda

<p>​Em 1997, no coração da cidade da Guarda, uma intervenção arqueológica, realizada na antiga Capela do Seminário e Paço Episcopal da Guarda, revelou as fundações de um edifício desconhecido até à data. Os materiais resultantes daquela escavação regressam agora ao seu lugar de origem — o atual espaço museológico ExpoEcclesia — oferecendo uma viagem única pela história patrimonial da cidade.</p>
<p>ExpoEcclesia | 15h30 | Público em geral/ escolar</p>
<p>Org&#058; CMG/MG/GAP/Diocese da Guarda</p>

<!-- This site is optimized with the Yoast SEO plugin v25.1 - https://yoast.com/wordpress/plugins/seo/ -->
<title>JEP 2025 - JORNADAS EUROPEIAS DO PATRIMÓNIO | Inauguração de exposição | Arqueologia de um Lugar Sagrado: Memórias Escondidas da Guarda - VisitGuarda</title>
<meta name="robots" content="index, follow, max-snippet:-1, max-image-preview:large, max-video-preview:-1" />
<link rel="canonical" href="https://www.visitguarda.pt/evento/jep-2025-jornadas-europeias-do-patrimonio-inauguracao-de-exposicao-arqueologia-de-um-lugar-sagrado-memorias-escondidas-da-guarda/" />
<meta property="og:locale" content="en_US" />
<meta property="og:type" content="article" />
<meta property="og:title" content="JEP 2025 - JORNADAS EUROPEIAS DO PATRIMÓNIO | Inauguração de exposição | Arqueologia de um Lugar Sagrado: Memórias Escondidas da Guarda - VisitGuarda" />
<meta property="og:description" content="​Em 1997, no coração da cidade da Guarda, uma intervenção arqueológica, realizada na antiga Capela do Seminário e Paço Episcopal da Guarda, revelou as fundações de um edifício desconhecido até à data. Os materiais resultantes daquela escavação regressam agora ao seu lugar de origem — o atual espaço museológico ExpoEcclesia — oferecendo uma viagem única [&hellip;]" />
<meta property="og:url" content="https://www.visitguarda.pt/evento/jep-2025-jornadas-europeias-do-patrimonio-inauguracao-de-exposicao-arqueologia-de-um-lugar-sagrado-memorias-escondidas-da-guarda/" />
<meta property="og:site_name" content="VisitGuarda" />
<meta property="article:publisher" content="https://fb.com/MunicipioDaGuarda" />
<meta property="article:modified_time" content="2025-09-20T14:00:03+00:00" />
<meta name="twitter:card" content="summary_large_image" />
<script type="application/ld+json" class="yoast-schema-graph">{"@context":"https://schema.org","@graph":[{"@type":"WebPage","@id":"https://www.visitguarda.pt/evento/jep-2025-jornadas-europeias-do-patrimonio-inauguracao-de-exposicao-arqueologia-de-um-lugar-sagrado-memorias-escondidas-da-guarda/","url":"https://www.visitguarda.pt/evento/jep-2025-jornadas-europeias-do-patrimonio-inauguracao-de-exposicao-arqueologia-de-um-lugar-sagrado-memorias-escondidas-da-guarda/","name":"JEP 2025 - JORNADAS EUROPEIAS DO PATRIMÓNIO | Inauguração de exposição | Arqueologia de um Lugar Sagrado: Memórias Escondidas da Guarda - VisitGuarda","isPartOf":{"@id":"https://www.visitguarda.pt/#website"},"datePublished":"2025-07-18T15:28:49+00:00","dateModified":"2025-09-20T14:00:03+00:00","breadcrumb":{"@id":"https://www.visitguarda.pt/evento/jep-2025-jornadas-europeias-do-patrimonio-inauguracao-de-exposicao-arqueologia-de-um-lugar-sagrado-memorias-escondidas-da-guarda/#breadcrumb"},"inLanguage":"en-US","potentialAction":[{"@type":"ReadAction","target":["https://www.visitguarda.pt/evento/jep-2025-jornadas-europeias-do-patrimonio-inauguracao-de-exposicao-arqueologia-de-um-lugar-sagrado-memorias-escondidas-da-guarda/"]}]},{"@type":"BreadcrumbList","@id":"https://www.visitguarda.pt/evento/jep-2025-jornadas-europeias-do-patrimonio-inauguracao-de-exposicao-arqueologia-de-um-lugar-sagrado-memorias-escondidas-da-guarda/#breadcrumb","itemListElement":[{"@type":"ListItem","position":1,"name":"Início","item":"https://www.visitguarda.pt/en/"},{"@type":"ListItem","position":2,"name":"JEP 2025 &#8211; JORNADAS EUROPEIAS DO PATRIMÓNIO | Inauguração de exposição | Arqueologia de um Lugar Sagrado: Memórias Escondidas da Guarda"}]},{"@type":"WebSite","@id":"https://www.visitguarda.pt/#website","url":"https://www.visitguarda.pt/","name":"VisitGuarda","description":"","publisher":{"@id":"https://www.visitguarda.pt/#organization"},"potentialAction":[{"@type":"SearchAction","target":{"@type":"EntryPoint","urlTemplate":"https://www.visitguarda.pt/?s={search_term_string}"},"query-input":{"@type":"PropertyValueSpecification","valueRequired":true,"valueName":"search_term_string"}}],"inLanguage":"en-US"},{"@type":"Organization","@id":"https://www.visitguarda.pt/#organization","name":"Município da Guarda","url":"https://www.visitguarda.pt/","logo":{"@type":"ImageObject","inLanguage":"en-US","@id":"https://www.visitguarda.pt/#/schema/logo/image/","url":"https://www.visitguarda.pt/wp-content/uploads/2025/01/logo_mun_guarda.jpg","contentUrl":"https://www.visitguarda.pt/wp-content/uploads/2025/01/logo_mun_guarda.jpg","width":1181,"height":1181,"caption":"Município da Guarda"},"image":{"@id":"https://www.visitguarda.pt/#/schema/logo/image/"},"sameAs":["https://fb.com/MunicipioDaGuarda","https://www.instagram.com/municipiodaguarda"]}]}</script>
<!-- / Yoast SEO plugin. -->

JEP 2025 - JORNADAS EUROPEIAS DO PATRIMÓNIO | Inauguração de exposição | Arqueologia de um Lugar Sagrado: Memórias Escondidas da Guarda - VisitGuarda

​Em 1997, no coração da cidade da Guarda, uma intervenção arqueológica, realizada na antiga Capela do Seminário e Paço Episcopal da Guarda, revelou as fundações de um edifício desconhecido até à data. Os materiais resultantes daquela escavação regressam agora ao seu lugar de origem — o atual espaço museológico ExpoEcclesia — oferecendo uma viagem única [&hellip;]

Início

Município da Guarda
