{"id":10203,"date":"2024-05-28T16:58:08","date_gmt":"2024-05-28T16:58:08","guid":{"rendered":"https:\/\/visitguarda.dev.loba.com\/ponto_de_interesse\/roteiro-literario-lourenciano\/"},"modified":"2026-03-12T13:01:53","modified_gmt":"2026-03-12T13:01:53","slug":"roteiro-literario-lourenciano","status":"publish","type":"ponto_de_interesse","link":"https:\/\/www.visitguarda.pt\/en\/ponto_de_interesse\/roteiro-literario-lourenciano\/","title":{"rendered":"Eduardo Louren\u00e7o &#8211;  Literary Itinerary"},"content":{"rendered":"<p>Eduardo Louren\u00e7o (1923-2021) is one of the most prestigious European thinkers and one of the most emblematic figures of the Portuguese 20th century. He was a professor, essayist, writer and a relentless thinker about Portugal, its identity and fate.The celebration of the centenary of Eduardo Louren\u00e7o&#8217;s birth (2023) was marked by multiple initiatives in several locations: S\u00e3o Pedro de Rio Seco, Almeida, Guarda, Coimbra and Lisbon. Through the challenge of creating an Institute of Iberian Civilization in Guarda in 1999, which would unite the two oldest universities on the Iberian Peninsula (Coimbra and Salamanca), Eduardo Louren\u00e7o symbolically returned to his city as Honorary Director of the Centro de Estudos Ib\u00e9ricos (Centre for Iberian Studies) and as patron of the Eduardo Louren\u00e7o Municipal Library, inaugurated in 2008, which holds part of his literary collection. In 2004, this Center established the Eduardo Louren\u00e7o Award, in honor of its mentor, patron and Honorary Director, to recognize prominent personalities or institutions involved in Iberian culture, citizenship and cooperation.Discover the essential places to go on this literary itinerary of Guarda:1. Cathedral; 2. Liceu Nacional, former Liceu Afonso de Albuquerque and now Escola de Santa Clara (1933-34)(Secondary School); 3. Rua do Encontro (street &#8211; where Eduardo Louren\u00e7o&#8217;s family lived); 4. Farm\u00e1cia da Miseric\u00f3rdia (pharmacy) ; 5. Colyseu da Beira, the concert hall in Rua Vasco da Gama (1911-1944); 6. C\u00e2mara Municipal da Guarda (Guarda City Hall); 7. Hotel de Turismo (Hotel); 8. Bairro do Bonfim (Bonfim neighborhood); 9. Jardim Jos\u00e9 de Lemos (Garden); 10. Convento de S\u00e3o Francisco \/ Quartel \/ Batalh\u00e3o de Ca\u00e7adores 7 (Convent \/ Headquarters \/ Hunter&#8217;s Battalion 7); 11. Rua Batalha Reis (street); 12. Sanat\u00f3rio (Sanatorium); 13. Biblioteca Municipal Eduardo Louren\u00e7o (City Library) ; 14. CEI &#8211; Center for Iberian Studies; 15. Capela do Mileu (Chapel); 16. Rotunda do G (G Roundabout &#8211; &nbsp;homage to Eduardo Louren\u00e7o).&nbsp;<\/p>\n","protected":false},"featured_media":0,"template":"","meta":{"_acf_changed":false},"categoria_ponto_interesse":[312],"duracao":[],"estacao_do_ano":[],"grupo_de_viagem":[],"tipo_de_experiencia":[266,307],"class_list":["post-10203","ponto_de_interesse","type-ponto_de_interesse","status-publish","hentry","categoria_ponto_interesse-literary-routes","tipo_de_experiencia-culture","tipo_de_experiencia-routes"],"acf":[],"yoast_head":"<!-- This site is optimized with the Yoast SEO plugin v25.1 - https:\/\/yoast.com\/wordpress\/plugins\/seo\/ -->\n<title>Eduardo Louren\u00e7o - Literary Itinerary - VisitGuarda<\/title>\n<meta name=\"robots\" content=\"index, follow, max-snippet:-1, max-image-preview:large, max-video-preview:-1\" \/>\n<link rel=\"canonical\" href=\"https:\/\/www.visitguarda.pt\/ponto_de_interesse\/roteiro-literario-lourenciano\/\" \/>\n<meta property=\"og:locale\" content=\"en_US\" \/>\n<meta property=\"og:type\" content=\"article\" \/>\n<meta property=\"og:title\" content=\"Eduardo Louren\u00e7o - Literary Itinerary - VisitGuarda\" \/>\n<meta property=\"og:description\" content=\"Eduardo Louren\u00e7o (1923-2021) is one of the most prestigious European thinkers and one of the most emblematic figures of the Portuguese 20th century. He was a professor, essayist, writer and a relentless thinker about Portugal, its identity and fate.The celebration of the centenary of Eduardo Louren\u00e7o&#8217;s birth (2023) was marked by multiple initiatives in several [&hellip;]\" \/>\n<meta property=\"og:url\" content=\"https:\/\/www.visitguarda.pt\/ponto_de_interesse\/roteiro-literario-lourenciano\/\" \/>\n<meta property=\"og:site_name\" content=\"VisitGuarda\" \/>\n<meta property=\"article:publisher\" content=\"https:\/\/fb.com\/MunicipioDaGuarda\" \/>\n<meta property=\"article:modified_time\" content=\"2026-03-12T13:01:53+00:00\" \/>\n<meta name=\"twitter:card\" content=\"summary_large_image\" \/>\n<meta name=\"twitter:label1\" content=\"Est. reading time\" \/>\n\t<meta name=\"twitter:data1\" content=\"2 minutes\" \/>\n<script type=\"application\/ld+json\" class=\"yoast-schema-graph\">{\"@context\":\"https:\/\/schema.org\",\"@graph\":[{\"@type\":\"WebPage\",\"@id\":\"https:\/\/www.visitguarda.pt\/ponto_de_interesse\/roteiro-literario-lourenciano\/\",\"url\":\"https:\/\/www.visitguarda.pt\/ponto_de_interesse\/roteiro-literario-lourenciano\/\",\"name\":\"Eduardo Louren\u00e7o - Literary Itinerary - VisitGuarda\",\"isPartOf\":{\"@id\":\"https:\/\/www.visitguarda.pt\/#website\"},\"datePublished\":\"2024-05-28T16:58:08+00:00\",\"dateModified\":\"2026-03-12T13:01:53+00:00\",\"breadcrumb\":{\"@id\":\"https:\/\/www.visitguarda.pt\/ponto_de_interesse\/roteiro-literario-lourenciano\/#breadcrumb\"},\"inLanguage\":\"en-US\",\"potentialAction\":[{\"@type\":\"ReadAction\",\"target\":[\"https:\/\/www.visitguarda.pt\/ponto_de_interesse\/roteiro-literario-lourenciano\/\"]}]},{\"@type\":\"BreadcrumbList\",\"@id\":\"https:\/\/www.visitguarda.pt\/ponto_de_interesse\/roteiro-literario-lourenciano\/#breadcrumb\",\"itemListElement\":[{\"@type\":\"ListItem\",\"position\":1,\"name\":\"In\u00edcio\",\"item\":\"https:\/\/www.visitguarda.pt\/en\/\"},{\"@type\":\"ListItem\",\"position\":2,\"name\":\"Eduardo Louren\u00e7o &#8211; Literary Itinerary\"}]},{\"@type\":\"WebSite\",\"@id\":\"https:\/\/www.visitguarda.pt\/#website\",\"url\":\"https:\/\/www.visitguarda.pt\/\",\"name\":\"VisitGuarda\",\"description\":\"\",\"publisher\":{\"@id\":\"https:\/\/www.visitguarda.pt\/#organization\"},\"potentialAction\":[{\"@type\":\"SearchAction\",\"target\":{\"@type\":\"EntryPoint\",\"urlTemplate\":\"https:\/\/www.visitguarda.pt\/?s={search_term_string}\"},\"query-input\":{\"@type\":\"PropertyValueSpecification\",\"valueRequired\":true,\"valueName\":\"search_term_string\"}}],\"inLanguage\":\"en-US\"},{\"@type\":\"Organization\",\"@id\":\"https:\/\/www.visitguarda.pt\/#organization\",\"name\":\"Munic\u00edpio da Guarda\",\"url\":\"https:\/\/www.visitguarda.pt\/\",\"logo\":{\"@type\":\"ImageObject\",\"inLanguage\":\"en-US\",\"@id\":\"https:\/\/www.visitguarda.pt\/#\/schema\/logo\/image\/\",\"url\":\"https:\/\/www.visitguarda.pt\/wp-content\/uploads\/2025\/01\/logo_mun_guarda.jpg\",\"contentUrl\":\"https:\/\/www.visitguarda.pt\/wp-content\/uploads\/2025\/01\/logo_mun_guarda.jpg\",\"width\":1181,\"height\":1181,\"caption\":\"Munic\u00edpio da Guarda\"},\"image\":{\"@id\":\"https:\/\/www.visitguarda.pt\/#\/schema\/logo\/image\/\"},\"sameAs\":[\"https:\/\/fb.com\/MunicipioDaGuarda\",\"https:\/\/www.instagram.com\/municipiodaguarda\"]}]}<\/script>\n<!-- \/ Yoast SEO plugin. -->","yoast_head_json":{"title":"Eduardo Louren\u00e7o - Literary Itinerary - VisitGuarda","robots":{"index":"index","follow":"follow","max-snippet":"max-snippet:-1","max-image-preview":"max-image-preview:large","max-video-preview":"max-video-preview:-1"},"canonical":"https:\/\/www.visitguarda.pt\/ponto_de_interesse\/roteiro-literario-lourenciano\/","og_locale":"en_US","og_type":"article","og_title":"Eduardo Louren\u00e7o - Literary Itinerary - VisitGuarda","og_description":"Eduardo Louren\u00e7o (1923-2021) is one of the most prestigious European thinkers and one of the most emblematic figures of the Portuguese 20th century. He was a professor, essayist, writer and a relentless thinker about Portugal, its identity and fate.The celebration of the centenary of Eduardo Louren\u00e7o&#8217;s birth (2023) was marked by multiple initiatives in several [&hellip;]","og_url":"https:\/\/www.visitguarda.pt\/ponto_de_interesse\/roteiro-literario-lourenciano\/","og_site_name":"VisitGuarda","article_publisher":"https:\/\/fb.com\/MunicipioDaGuarda","article_modified_time":"2026-03-12T13:01:53+00:00","twitter_card":"summary_large_image","twitter_misc":{"Est. reading time":"2 minutes"},"schema":{"@context":"https:\/\/schema.org","@graph":[{"@type":"WebPage","@id":"https:\/\/www.visitguarda.pt\/ponto_de_interesse\/roteiro-literario-lourenciano\/","url":"https:\/\/www.visitguarda.pt\/ponto_de_interesse\/roteiro-literario-lourenciano\/","name":"Eduardo Louren\u00e7o - Literary Itinerary - VisitGuarda","isPartOf":{"@id":"https:\/\/www.visitguarda.pt\/#website"},"datePublished":"2024-05-28T16:58:08+00:00","dateModified":"2026-03-12T13:01:53+00:00","breadcrumb":{"@id":"https:\/\/www.visitguarda.pt\/ponto_de_interesse\/roteiro-literario-lourenciano\/#breadcrumb"},"inLanguage":"en-US","potentialAction":[{"@type":"ReadAction","target":["https:\/\/www.visitguarda.pt\/ponto_de_interesse\/roteiro-literario-lourenciano\/"]}]},{"@type":"BreadcrumbList","@id":"https:\/\/www.visitguarda.pt\/ponto_de_interesse\/roteiro-literario-lourenciano\/#breadcrumb","itemListElement":[{"@type":"ListItem","position":1,"name":"In\u00edcio","item":"https:\/\/www.visitguarda.pt\/en\/"},{"@type":"ListItem","position":2,"name":"Eduardo Louren\u00e7o &#8211; Literary Itinerary"}]},{"@type":"WebSite","@id":"https:\/\/www.visitguarda.pt\/#website","url":"https:\/\/www.visitguarda.pt\/","name":"VisitGuarda","description":"","publisher":{"@id":"https:\/\/www.visitguarda.pt\/#organization"},"potentialAction":[{"@type":"SearchAction","target":{"@type":"EntryPoint","urlTemplate":"https:\/\/www.visitguarda.pt\/?s={search_term_string}"},"query-input":{"@type":"PropertyValueSpecification","valueRequired":true,"valueName":"search_term_string"}}],"inLanguage":"en-US"},{"@type":"Organization","@id":"https:\/\/www.visitguarda.pt\/#organization","name":"Munic\u00edpio da Guarda","url":"https:\/\/www.visitguarda.pt\/","logo":{"@type":"ImageObject","inLanguage":"en-US","@id":"https:\/\/www.visitguarda.pt\/#\/schema\/logo\/image\/","url":"https:\/\/www.visitguarda.pt\/wp-content\/uploads\/2025\/01\/logo_mun_guarda.jpg","contentUrl":"https:\/\/www.visitguarda.pt\/wp-content\/uploads\/2025\/01\/logo_mun_guarda.jpg","width":1181,"height":1181,"caption":"Munic\u00edpio da Guarda"},"image":{"@id":"https:\/\/www.visitguarda.pt\/#\/schema\/logo\/image\/"},"sameAs":["https:\/\/fb.com\/MunicipioDaGuarda","https:\/\/www.instagram.com\/municipiodaguarda"]}]}},"_links":{"self":[{"href":"https:\/\/www.visitguarda.pt\/en\/wp-json\/wp\/v2\/ponto_de_interesse\/10203","targetHints":{"allow":["GET"]}}],"collection":[{"href":"https:\/\/www.visitguarda.pt\/en\/wp-json\/wp\/v2\/ponto_de_interesse"}],"about":[{"href":"https:\/\/www.visitguarda.pt\/en\/wp-json\/wp\/v2\/types\/ponto_de_interesse"}],"wp:attachment":[{"href":"https:\/\/www.visitguarda.pt\/en\/wp-json\/wp\/v2\/media?parent=10203"}],"wp:term":[{"taxonomy":"categoria_ponto_interesse","embeddable":true,"href":"https:\/\/www.visitguarda.pt\/en\/wp-json\/wp\/v2\/categoria_ponto_interesse?post=10203"},{"taxonomy":"duracao","embeddable":true,"href":"https:\/\/www.visitguarda.pt\/en\/wp-json\/wp\/v2\/duracao?post=10203"},{"taxonomy":"estacao_do_ano","embeddable":true,"href":"https:\/\/www.visitguarda.pt\/en\/wp-json\/wp\/v2\/estacao_do_ano?post=10203"},{"taxonomy":"grupo_de_viagem","embeddable":true,"href":"https:\/\/www.visitguarda.pt\/en\/wp-json\/wp\/v2\/grupo_de_viagem?post=10203"},{"taxonomy":"tipo_de_experiencia","embeddable":true,"href":"https:\/\/www.visitguarda.pt\/en\/wp-json\/wp\/v2\/tipo_de_experiencia?post=10203"}],"curies":[{"name":"wp","href":"https:\/\/api.w.org\/{rel}","templated":true}]}}

Eduardo Lourenço &#8211;  Literary Itinerary

<p>Eduardo Lourenço (1923-2021) is one of the most prestigious European thinkers and one of the most emblematic figures of the Portuguese 20th century. He was a professor, essayist, writer and a relentless thinker about Portugal, its identity and fate.The celebration of the centenary of Eduardo Lourenço&#8217;s birth (2023) was marked by multiple initiatives in several locations: São Pedro de Rio Seco, Almeida, Guarda, Coimbra and Lisbon. Through the challenge of creating an Institute of Iberian Civilization in Guarda in 1999, which would unite the two oldest universities on the Iberian Peninsula (Coimbra and Salamanca), Eduardo Lourenço symbolically returned to his city as Honorary Director of the Centro de Estudos Ibéricos (Centre for Iberian Studies) and as patron of the Eduardo Lourenço Municipal Library, inaugurated in 2008, which holds part of his literary collection. In 2004, this Center established the Eduardo Lourenço Award, in honor of its mentor, patron and Honorary Director, to recognize prominent personalities or institutions involved in Iberian culture, citizenship and cooperation.Discover the essential places to go on this literary itinerary of Guarda:1. Cathedral; 2. Liceu Nacional, former Liceu Afonso de Albuquerque and now Escola de Santa Clara (1933-34)(Secondary School); 3. Rua do Encontro (street &#8211; where Eduardo Lourenço&#8217;s family lived); 4. Farmácia da Misericórdia (pharmacy) ; 5. Colyseu da Beira, the concert hall in Rua Vasco da Gama (1911-1944); 6. Câmara Municipal da Guarda (Guarda City Hall); 7. Hotel de Turismo (Hotel); 8. Bairro do Bonfim (Bonfim neighborhood); 9. Jardim José de Lemos (Garden); 10. Convento de São Francisco / Quartel / Batalhão de Caçadores 7 (Convent / Headquarters / Hunter&#8217;s Battalion 7); 11. Rua Batalha Reis (street); 12. Sanatório (Sanatorium); 13. Biblioteca Municipal Eduardo Lourenço (City Library) ; 14. CEI &#8211; Center for Iberian Studies; 15. Capela do Mileu (Chapel); 16. Rotunda do G (G Roundabout &#8211; &nbsp;homage to Eduardo Lourenço).&nbsp;</p>

<!-- This site is optimized with the Yoast SEO plugin v25.1 - https://yoast.com/wordpress/plugins/seo/ -->
<title>Eduardo Lourenço - Literary Itinerary - VisitGuarda</title>
<meta name="robots" content="index, follow, max-snippet:-1, max-image-preview:large, max-video-preview:-1" />
<link rel="canonical" href="https://www.visitguarda.pt/ponto_de_interesse/roteiro-literario-lourenciano/" />
<meta property="og:locale" content="en_US" />
<meta property="og:type" content="article" />
<meta property="og:title" content="Eduardo Lourenço - Literary Itinerary - VisitGuarda" />
<meta property="og:description" content="Eduardo Lourenço (1923-2021) is one of the most prestigious European thinkers and one of the most emblematic figures of the Portuguese 20th century. He was a professor, essayist, writer and a relentless thinker about Portugal, its identity and fate.The celebration of the centenary of Eduardo Lourenço&#8217;s birth (2023) was marked by multiple initiatives in several [&hellip;]" />
<meta property="og:url" content="https://www.visitguarda.pt/ponto_de_interesse/roteiro-literario-lourenciano/" />
<meta property="og:site_name" content="VisitGuarda" />
<meta property="article:publisher" content="https://fb.com/MunicipioDaGuarda" />
<meta property="article:modified_time" content="2026-03-12T13:01:53+00:00" />
<meta name="twitter:card" content="summary_large_image" />
<meta name="twitter:label1" content="Est. reading time" />
	<meta name="twitter:data1" content="2 minutes" />
<script type="application/ld+json" class="yoast-schema-graph">{"@context":"https://schema.org","@graph":[{"@type":"WebPage","@id":"https://www.visitguarda.pt/ponto_de_interesse/roteiro-literario-lourenciano/","url":"https://www.visitguarda.pt/ponto_de_interesse/roteiro-literario-lourenciano/","name":"Eduardo Lourenço - Literary Itinerary - VisitGuarda","isPartOf":{"@id":"https://www.visitguarda.pt/#website"},"datePublished":"2024-05-28T16:58:08+00:00","dateModified":"2026-03-12T13:01:53+00:00","breadcrumb":{"@id":"https://www.visitguarda.pt/ponto_de_interesse/roteiro-literario-lourenciano/#breadcrumb"},"inLanguage":"en-US","potentialAction":[{"@type":"ReadAction","target":["https://www.visitguarda.pt/ponto_de_interesse/roteiro-literario-lourenciano/"]}]},{"@type":"BreadcrumbList","@id":"https://www.visitguarda.pt/ponto_de_interesse/roteiro-literario-lourenciano/#breadcrumb","itemListElement":[{"@type":"ListItem","position":1,"name":"Início","item":"https://www.visitguarda.pt/en/"},{"@type":"ListItem","position":2,"name":"Eduardo Lourenço &#8211; Literary Itinerary"}]},{"@type":"WebSite","@id":"https://www.visitguarda.pt/#website","url":"https://www.visitguarda.pt/","name":"VisitGuarda","description":"","publisher":{"@id":"https://www.visitguarda.pt/#organization"},"potentialAction":[{"@type":"SearchAction","target":{"@type":"EntryPoint","urlTemplate":"https://www.visitguarda.pt/?s={search_term_string}"},"query-input":{"@type":"PropertyValueSpecification","valueRequired":true,"valueName":"search_term_string"}}],"inLanguage":"en-US"},{"@type":"Organization","@id":"https://www.visitguarda.pt/#organization","name":"Município da Guarda","url":"https://www.visitguarda.pt/","logo":{"@type":"ImageObject","inLanguage":"en-US","@id":"https://www.visitguarda.pt/#/schema/logo/image/","url":"https://www.visitguarda.pt/wp-content/uploads/2025/01/logo_mun_guarda.jpg","contentUrl":"https://www.visitguarda.pt/wp-content/uploads/2025/01/logo_mun_guarda.jpg","width":1181,"height":1181,"caption":"Município da Guarda"},"image":{"@id":"https://www.visitguarda.pt/#/schema/logo/image/"},"sameAs":["https://fb.com/MunicipioDaGuarda","https://www.instagram.com/municipiodaguarda"]}]}</script>
<!-- / Yoast SEO plugin. -->

Eduardo Lourenço - Literary Itinerary - VisitGuarda

Eduardo Lourenço (1923-2021) is one of the most prestigious European thinkers and one of the most emblematic figures of the Portuguese 20th century. He was a professor, essayist, writer and a relentless thinker about Portugal, its identity and fate.The celebration of the centenary of Eduardo Lourenço&#8217;s birth (2023) was marked by multiple initiatives in several [&hellip;]

Início

Eduardo Lourenço &#8211; Literary Itinerary

Município da Guarda
