{"id":20217,"date":"2025-05-23T10:09:52","date_gmt":"2025-05-23T10:09:52","guid":{"rendered":"https:\/\/www.visitguarda.pt\/ponto_de_interesse\/azulejo-de-frei-pedro-da-guarda\/"},"modified":"2026-03-12T13:15:45","modified_gmt":"2026-03-12T13:15:45","slug":"azulejo-de-frei-pedro-da-guarda","status":"publish","type":"ponto_de_interesse","link":"https:\/\/www.visitguarda.pt\/en\/ponto_de_interesse\/azulejo-de-frei-pedro-da-guarda\/","title":{"rendered":"Tile of Friar Pedro da Guarda"},"content":{"rendered":"<p>Friar Pedro da Guarda: He was born in 1435 in the highest city, the son of Jo\u00e3o Lu\u00eds, a weaver, and \u00c2ngela Gon\u00e7alves. A Franciscan at the age of 25, he dedicated himself to rescuing travellers lost in the snowy mountains, always accompanied by his dog Serra da Estrela, who is credited with saving hundreds of lives. He also assisted the sick, having founded the first hospital in Guarda for this purpose. His reputation for holiness and notoriety, in contrast to his profound humility, led him, at the age of 50, to move to the Convent of St Bernardino, on the island of Madeira, which was almost depopulated at the time, where he died at the age of 70, called the Servant of God.<\/p>\n","protected":false},"featured_media":0,"template":"","meta":{"_acf_changed":false},"categoria_ponto_interesse":[235],"duracao":[],"estacao_do_ano":[],"grupo_de_viagem":[],"tipo_de_experiencia":[],"class_list":["post-20217","ponto_de_interesse","type-ponto_de_interesse","status-publish","hentry","categoria_ponto_interesse-monuments-heritage"],"acf":[],"yoast_head":"<!-- This site is optimized with the Yoast SEO plugin v25.1 - https:\/\/yoast.com\/wordpress\/plugins\/seo\/ -->\n<title>Tile of Friar Pedro da Guarda - VisitGuarda<\/title>\n<meta name=\"robots\" content=\"index, follow, max-snippet:-1, max-image-preview:large, max-video-preview:-1\" \/>\n<link rel=\"canonical\" href=\"https:\/\/www.visitguarda.pt\/ponto_de_interesse\/azulejo-de-frei-pedro-da-guarda\/\" \/>\n<meta property=\"og:locale\" content=\"en_US\" \/>\n<meta property=\"og:type\" content=\"article\" \/>\n<meta property=\"og:title\" content=\"Tile of Friar Pedro da Guarda - VisitGuarda\" \/>\n<meta property=\"og:description\" content=\"Friar Pedro da Guarda: He was born in 1435 in the highest city, the son of Jo\u00e3o Lu\u00eds, a weaver, and \u00c2ngela Gon\u00e7alves. A Franciscan at the age of 25, he dedicated himself to rescuing travellers lost in the snowy mountains, always accompanied by his dog Serra da Estrela, who is credited with saving hundreds [&hellip;]\" \/>\n<meta property=\"og:url\" content=\"https:\/\/www.visitguarda.pt\/ponto_de_interesse\/azulejo-de-frei-pedro-da-guarda\/\" \/>\n<meta property=\"og:site_name\" content=\"VisitGuarda\" \/>\n<meta property=\"article:publisher\" content=\"https:\/\/fb.com\/MunicipioDaGuarda\" \/>\n<meta property=\"article:modified_time\" content=\"2026-03-12T13:15:45+00:00\" \/>\n<meta name=\"twitter:card\" content=\"summary_large_image\" \/>\n<meta name=\"twitter:label1\" content=\"Est. reading time\" \/>\n\t<meta name=\"twitter:data1\" content=\"1 minute\" \/>\n<script type=\"application\/ld+json\" class=\"yoast-schema-graph\">{\"@context\":\"https:\/\/schema.org\",\"@graph\":[{\"@type\":\"WebPage\",\"@id\":\"https:\/\/www.visitguarda.pt\/ponto_de_interesse\/azulejo-de-frei-pedro-da-guarda\/\",\"url\":\"https:\/\/www.visitguarda.pt\/ponto_de_interesse\/azulejo-de-frei-pedro-da-guarda\/\",\"name\":\"Tile of Friar Pedro da Guarda - VisitGuarda\",\"isPartOf\":{\"@id\":\"https:\/\/www.visitguarda.pt\/#website\"},\"datePublished\":\"2025-05-23T10:09:52+00:00\",\"dateModified\":\"2026-03-12T13:15:45+00:00\",\"breadcrumb\":{\"@id\":\"https:\/\/www.visitguarda.pt\/ponto_de_interesse\/azulejo-de-frei-pedro-da-guarda\/#breadcrumb\"},\"inLanguage\":\"en-US\",\"potentialAction\":[{\"@type\":\"ReadAction\",\"target\":[\"https:\/\/www.visitguarda.pt\/ponto_de_interesse\/azulejo-de-frei-pedro-da-guarda\/\"]}]},{\"@type\":\"BreadcrumbList\",\"@id\":\"https:\/\/www.visitguarda.pt\/ponto_de_interesse\/azulejo-de-frei-pedro-da-guarda\/#breadcrumb\",\"itemListElement\":[{\"@type\":\"ListItem\",\"position\":1,\"name\":\"In\u00edcio\",\"item\":\"https:\/\/www.visitguarda.pt\/en\/\"},{\"@type\":\"ListItem\",\"position\":2,\"name\":\"Tile of Friar Pedro da Guarda\"}]},{\"@type\":\"WebSite\",\"@id\":\"https:\/\/www.visitguarda.pt\/#website\",\"url\":\"https:\/\/www.visitguarda.pt\/\",\"name\":\"VisitGuarda\",\"description\":\"\",\"publisher\":{\"@id\":\"https:\/\/www.visitguarda.pt\/#organization\"},\"potentialAction\":[{\"@type\":\"SearchAction\",\"target\":{\"@type\":\"EntryPoint\",\"urlTemplate\":\"https:\/\/www.visitguarda.pt\/?s={search_term_string}\"},\"query-input\":{\"@type\":\"PropertyValueSpecification\",\"valueRequired\":true,\"valueName\":\"search_term_string\"}}],\"inLanguage\":\"en-US\"},{\"@type\":\"Organization\",\"@id\":\"https:\/\/www.visitguarda.pt\/#organization\",\"name\":\"Munic\u00edpio da Guarda\",\"url\":\"https:\/\/www.visitguarda.pt\/\",\"logo\":{\"@type\":\"ImageObject\",\"inLanguage\":\"en-US\",\"@id\":\"https:\/\/www.visitguarda.pt\/#\/schema\/logo\/image\/\",\"url\":\"https:\/\/www.visitguarda.pt\/wp-content\/uploads\/2025\/01\/logo_mun_guarda.jpg\",\"contentUrl\":\"https:\/\/www.visitguarda.pt\/wp-content\/uploads\/2025\/01\/logo_mun_guarda.jpg\",\"width\":1181,\"height\":1181,\"caption\":\"Munic\u00edpio da Guarda\"},\"image\":{\"@id\":\"https:\/\/www.visitguarda.pt\/#\/schema\/logo\/image\/\"},\"sameAs\":[\"https:\/\/fb.com\/MunicipioDaGuarda\",\"https:\/\/www.instagram.com\/municipiodaguarda\"]}]}<\/script>\n<!-- \/ Yoast SEO plugin. -->","yoast_head_json":{"title":"Tile of Friar Pedro da Guarda - VisitGuarda","robots":{"index":"index","follow":"follow","max-snippet":"max-snippet:-1","max-image-preview":"max-image-preview:large","max-video-preview":"max-video-preview:-1"},"canonical":"https:\/\/www.visitguarda.pt\/ponto_de_interesse\/azulejo-de-frei-pedro-da-guarda\/","og_locale":"en_US","og_type":"article","og_title":"Tile of Friar Pedro da Guarda - VisitGuarda","og_description":"Friar Pedro da Guarda: He was born in 1435 in the highest city, the son of Jo\u00e3o Lu\u00eds, a weaver, and \u00c2ngela Gon\u00e7alves. A Franciscan at the age of 25, he dedicated himself to rescuing travellers lost in the snowy mountains, always accompanied by his dog Serra da Estrela, who is credited with saving hundreds [&hellip;]","og_url":"https:\/\/www.visitguarda.pt\/ponto_de_interesse\/azulejo-de-frei-pedro-da-guarda\/","og_site_name":"VisitGuarda","article_publisher":"https:\/\/fb.com\/MunicipioDaGuarda","article_modified_time":"2026-03-12T13:15:45+00:00","twitter_card":"summary_large_image","twitter_misc":{"Est. reading time":"1 minute"},"schema":{"@context":"https:\/\/schema.org","@graph":[{"@type":"WebPage","@id":"https:\/\/www.visitguarda.pt\/ponto_de_interesse\/azulejo-de-frei-pedro-da-guarda\/","url":"https:\/\/www.visitguarda.pt\/ponto_de_interesse\/azulejo-de-frei-pedro-da-guarda\/","name":"Tile of Friar Pedro da Guarda - VisitGuarda","isPartOf":{"@id":"https:\/\/www.visitguarda.pt\/#website"},"datePublished":"2025-05-23T10:09:52+00:00","dateModified":"2026-03-12T13:15:45+00:00","breadcrumb":{"@id":"https:\/\/www.visitguarda.pt\/ponto_de_interesse\/azulejo-de-frei-pedro-da-guarda\/#breadcrumb"},"inLanguage":"en-US","potentialAction":[{"@type":"ReadAction","target":["https:\/\/www.visitguarda.pt\/ponto_de_interesse\/azulejo-de-frei-pedro-da-guarda\/"]}]},{"@type":"BreadcrumbList","@id":"https:\/\/www.visitguarda.pt\/ponto_de_interesse\/azulejo-de-frei-pedro-da-guarda\/#breadcrumb","itemListElement":[{"@type":"ListItem","position":1,"name":"In\u00edcio","item":"https:\/\/www.visitguarda.pt\/en\/"},{"@type":"ListItem","position":2,"name":"Tile of Friar Pedro da Guarda"}]},{"@type":"WebSite","@id":"https:\/\/www.visitguarda.pt\/#website","url":"https:\/\/www.visitguarda.pt\/","name":"VisitGuarda","description":"","publisher":{"@id":"https:\/\/www.visitguarda.pt\/#organization"},"potentialAction":[{"@type":"SearchAction","target":{"@type":"EntryPoint","urlTemplate":"https:\/\/www.visitguarda.pt\/?s={search_term_string}"},"query-input":{"@type":"PropertyValueSpecification","valueRequired":true,"valueName":"search_term_string"}}],"inLanguage":"en-US"},{"@type":"Organization","@id":"https:\/\/www.visitguarda.pt\/#organization","name":"Munic\u00edpio da Guarda","url":"https:\/\/www.visitguarda.pt\/","logo":{"@type":"ImageObject","inLanguage":"en-US","@id":"https:\/\/www.visitguarda.pt\/#\/schema\/logo\/image\/","url":"https:\/\/www.visitguarda.pt\/wp-content\/uploads\/2025\/01\/logo_mun_guarda.jpg","contentUrl":"https:\/\/www.visitguarda.pt\/wp-content\/uploads\/2025\/01\/logo_mun_guarda.jpg","width":1181,"height":1181,"caption":"Munic\u00edpio da Guarda"},"image":{"@id":"https:\/\/www.visitguarda.pt\/#\/schema\/logo\/image\/"},"sameAs":["https:\/\/fb.com\/MunicipioDaGuarda","https:\/\/www.instagram.com\/municipiodaguarda"]}]}},"_links":{"self":[{"href":"https:\/\/www.visitguarda.pt\/en\/wp-json\/wp\/v2\/ponto_de_interesse\/20217","targetHints":{"allow":["GET"]}}],"collection":[{"href":"https:\/\/www.visitguarda.pt\/en\/wp-json\/wp\/v2\/ponto_de_interesse"}],"about":[{"href":"https:\/\/www.visitguarda.pt\/en\/wp-json\/wp\/v2\/types\/ponto_de_interesse"}],"wp:attachment":[{"href":"https:\/\/www.visitguarda.pt\/en\/wp-json\/wp\/v2\/media?parent=20217"}],"wp:term":[{"taxonomy":"categoria_ponto_interesse","embeddable":true,"href":"https:\/\/www.visitguarda.pt\/en\/wp-json\/wp\/v2\/categoria_ponto_interesse?post=20217"},{"taxonomy":"duracao","embeddable":true,"href":"https:\/\/www.visitguarda.pt\/en\/wp-json\/wp\/v2\/duracao?post=20217"},{"taxonomy":"estacao_do_ano","embeddable":true,"href":"https:\/\/www.visitguarda.pt\/en\/wp-json\/wp\/v2\/estacao_do_ano?post=20217"},{"taxonomy":"grupo_de_viagem","embeddable":true,"href":"https:\/\/www.visitguarda.pt\/en\/wp-json\/wp\/v2\/grupo_de_viagem?post=20217"},{"taxonomy":"tipo_de_experiencia","embeddable":true,"href":"https:\/\/www.visitguarda.pt\/en\/wp-json\/wp\/v2\/tipo_de_experiencia?post=20217"}],"curies":[{"name":"wp","href":"https:\/\/api.w.org\/{rel}","templated":true}]}}

<p>Friar Pedro da Guarda: He was born in 1435 in the highest city, the son of João Luís, a weaver, and Ângela Gonçalves. A Franciscan at the age of 25, he dedicated himself to rescuing travellers lost in the snowy mountains, always accompanied by his dog Serra da Estrela, who is credited with saving hundreds of lives. He also assisted the sick, having founded the first hospital in Guarda for this purpose. His reputation for holiness and notoriety, in contrast to his profound humility, led him, at the age of 50, to move to the Convent of St Bernardino, on the island of Madeira, which was almost depopulated at the time, where he died at the age of 70, called the Servant of God.</p>

<!-- This site is optimized with the Yoast SEO plugin v25.1 - https://yoast.com/wordpress/plugins/seo/ -->
<title>Tile of Friar Pedro da Guarda - VisitGuarda</title>
<meta name="robots" content="index, follow, max-snippet:-1, max-image-preview:large, max-video-preview:-1" />
<link rel="canonical" href="https://www.visitguarda.pt/ponto_de_interesse/azulejo-de-frei-pedro-da-guarda/" />
<meta property="og:locale" content="en_US" />
<meta property="og:type" content="article" />
<meta property="og:title" content="Tile of Friar Pedro da Guarda - VisitGuarda" />
<meta property="og:description" content="Friar Pedro da Guarda: He was born in 1435 in the highest city, the son of João Luís, a weaver, and Ângela Gonçalves. A Franciscan at the age of 25, he dedicated himself to rescuing travellers lost in the snowy mountains, always accompanied by his dog Serra da Estrela, who is credited with saving hundreds [&hellip;]" />
<meta property="og:url" content="https://www.visitguarda.pt/ponto_de_interesse/azulejo-de-frei-pedro-da-guarda/" />
<meta property="og:site_name" content="VisitGuarda" />
<meta property="article:publisher" content="https://fb.com/MunicipioDaGuarda" />
<meta property="article:modified_time" content="2026-03-12T13:15:45+00:00" />
<meta name="twitter:card" content="summary_large_image" />
<meta name="twitter:label1" content="Est. reading time" />
	<meta name="twitter:data1" content="1 minute" />
<script type="application/ld+json" class="yoast-schema-graph">{"@context":"https://schema.org","@graph":[{"@type":"WebPage","@id":"https://www.visitguarda.pt/ponto_de_interesse/azulejo-de-frei-pedro-da-guarda/","url":"https://www.visitguarda.pt/ponto_de_interesse/azulejo-de-frei-pedro-da-guarda/","name":"Tile of Friar Pedro da Guarda - VisitGuarda","isPartOf":{"@id":"https://www.visitguarda.pt/#website"},"datePublished":"2025-05-23T10:09:52+00:00","dateModified":"2026-03-12T13:15:45+00:00","breadcrumb":{"@id":"https://www.visitguarda.pt/ponto_de_interesse/azulejo-de-frei-pedro-da-guarda/#breadcrumb"},"inLanguage":"en-US","potentialAction":[{"@type":"ReadAction","target":["https://www.visitguarda.pt/ponto_de_interesse/azulejo-de-frei-pedro-da-guarda/"]}]},{"@type":"BreadcrumbList","@id":"https://www.visitguarda.pt/ponto_de_interesse/azulejo-de-frei-pedro-da-guarda/#breadcrumb","itemListElement":[{"@type":"ListItem","position":1,"name":"Início","item":"https://www.visitguarda.pt/en/"},{"@type":"ListItem","position":2,"name":"Tile of Friar Pedro da Guarda"}]},{"@type":"WebSite","@id":"https://www.visitguarda.pt/#website","url":"https://www.visitguarda.pt/","name":"VisitGuarda","description":"","publisher":{"@id":"https://www.visitguarda.pt/#organization"},"potentialAction":[{"@type":"SearchAction","target":{"@type":"EntryPoint","urlTemplate":"https://www.visitguarda.pt/?s={search_term_string}"},"query-input":{"@type":"PropertyValueSpecification","valueRequired":true,"valueName":"search_term_string"}}],"inLanguage":"en-US"},{"@type":"Organization","@id":"https://www.visitguarda.pt/#organization","name":"Município da Guarda","url":"https://www.visitguarda.pt/","logo":{"@type":"ImageObject","inLanguage":"en-US","@id":"https://www.visitguarda.pt/#/schema/logo/image/","url":"https://www.visitguarda.pt/wp-content/uploads/2025/01/logo_mun_guarda.jpg","contentUrl":"https://www.visitguarda.pt/wp-content/uploads/2025/01/logo_mun_guarda.jpg","width":1181,"height":1181,"caption":"Município da Guarda"},"image":{"@id":"https://www.visitguarda.pt/#/schema/logo/image/"},"sameAs":["https://fb.com/MunicipioDaGuarda","https://www.instagram.com/municipiodaguarda"]}]}</script>
<!-- / Yoast SEO plugin. -->

Friar Pedro da Guarda: He was born in 1435 in the highest city, the son of João Luís, a weaver, and Ângela Gonçalves. A Franciscan at the age of 25, he dedicated himself to rescuing travellers lost in the snowy mountains, always accompanied by his dog Serra da Estrela, who is credited with saving hundreds [&hellip;]

Início

Município da Guarda
