{"version":"1.0","provider_name":"VisitGuarda","provider_url":"https:\/\/www.visitguarda.pt\/es\/","title":"Ref\u00fagio do Canas - VisitGuarda","type":"rich","width":600,"height":338,"html":"<blockquote class=\"wp-embedded-content\" data-secret=\"8EWmbrebbN\"><a href=\"https:\/\/www.visitguarda.pt\/es\/ponto_de_interesse\/refugio-do-canas-marmeleiro\/\">Ref\u00fagio do Canas<\/a><\/blockquote><iframe sandbox=\"allow-scripts\" security=\"restricted\" src=\"https:\/\/www.visitguarda.pt\/es\/ponto_de_interesse\/refugio-do-canas-marmeleiro\/embed\/#?secret=8EWmbrebbN\" width=\"600\" height=\"338\" title=\"\u00abRef\u00fagio do Canas\u00bb \u2014 VisitGuarda\" data-secret=\"8EWmbrebbN\" frameborder=\"0\" marginwidth=\"0\" marginheight=\"0\" scrolling=\"no\" class=\"wp-embedded-content\"><\/iframe><script>\n\/*! This file is auto-generated *\/\n!function(d,l){\"use strict\";l.querySelector&&d.addEventListener&&\"undefined\"!=typeof URL&&(d.wp=d.wp||{},d.wp.receiveEmbedMessage||(d.wp.receiveEmbedMessage=function(e){var t=e.data;if((t||t.secret||t.message||t.value)&&!\/[^a-zA-Z0-9]\/.test(t.secret)){for(var s,r,n,a=l.querySelectorAll('iframe[data-secret=\"'+t.secret+'\"]'),o=l.querySelectorAll('blockquote[data-secret=\"'+t.secret+'\"]'),c=new RegExp(\"^https?:$\",\"i\"),i=0;i<o.length;i++)o[i].style.display=\"none\";for(i=0;i<a.length;i++)s=a[i],e.source===s.contentWindow&&(s.removeAttribute(\"style\"),\"height\"===t.message?(1e3<(r=parseInt(t.value,10))?r=1e3:~~r<200&&(r=200),s.height=r):\"link\"===t.message&&(r=new URL(s.getAttribute(\"src\")),n=new URL(t.value),c.test(n.protocol))&&n.host===r.host&&l.activeElement===s&&(d.top.location.href=t.value))}},d.addEventListener(\"message\",d.wp.receiveEmbedMessage,!1),l.addEventListener(\"DOMContentLoaded\",function(){for(var e,t,s=l.querySelectorAll(\"iframe.wp-embedded-content\"),r=0;r<s.length;r++)(t=(e=s[r]).getAttribute(\"data-secret\"))||(t=Math.random().toString(36).substring(2,12),e.src+=\"#?secret=\"+t,e.setAttribute(\"data-secret\",t)),e.contentWindow.postMessage({message:\"ready\",secret:t},\"*\")},!1)))}(window,document);\n<\/script>\n","description":"Esta ubicaci\u00f3n estrat\u00e9gica le permite beneficiarse de lo mejor que estos dos municipios tienen para ofrecer. Si desea visitar la red de Castillos de Raia, disfrutar de las aguas cristalinas de las playas del r\u00edo C\u00f4a, visitar las ciudades medievales que son cabeceras de comarca o adentrarse en las m\u00e1s que numerosas rutas de senderismo, [&hellip;]"}

Refúgio do Canas - VisitGuarda

<blockquote class="wp-embedded-content" data-secret="8EWmbrebbN"><a href="https://www.visitguarda.pt/es/ponto_de_interesse/refugio-do-canas-marmeleiro/">Refúgio do Canas</a></blockquote><iframe sandbox="allow-scripts" security="restricted" src="https://www.visitguarda.pt/es/ponto_de_interesse/refugio-do-canas-marmeleiro/embed/#?secret=8EWmbrebbN" width="600" height="338" title="«Refúgio do Canas» — VisitGuarda" data-secret="8EWmbrebbN" frameborder="0" marginwidth="0" marginheight="0" scrolling="no" class="wp-embedded-content"></iframe><script>
/*! This file is auto-generated */
!function(d,l){"use strict";l.querySelector&&d.addEventListener&&"undefined"!=typeof URL&&(d.wp=d.wp||{},d.wp.receiveEmbedMessage||(d.wp.receiveEmbedMessage=function(e){var t=e.data;if((t||t.secret||t.message||t.value)&&!/[^a-zA-Z0-9]/.test(t.secret)){for(var s,r,n,a=l.querySelectorAll('iframe[data-secret="'+t.secret+'"]'),o=l.querySelectorAll('blockquote[data-secret="'+t.secret+'"]'),c=new RegExp("^https?:$","i"),i=0;i<o.length;i++)o[i].style.display="none";for(i=0;i<a.length;i++)s=a[i],e.source===s.contentWindow&&(s.removeAttribute("style"),"height"===t.message?(1e3<(r=parseInt(t.value,10))?r=1e3:~~r<200&&(r=200),s.height=r):"link"===t.message&&(r=new URL(s.getAttribute("src")),n=new URL(t.value),c.test(n.protocol))&&n.host===r.host&&l.activeElement===s&&(d.top.location.href=t.value))}},d.addEventListener("message",d.wp.receiveEmbedMessage,!1),l.addEventListener("DOMContentLoaded",function(){for(var e,t,s=l.querySelectorAll("iframe.wp-embedded-content"),r=0;r<s.length;r++)(t=(e=s[r]).getAttribute("data-secret"))||(t=Math.random().toString(36).substring(2,12),e.src+="#?secret="+t,e.setAttribute("data-secret",t)),e.contentWindow.postMessage({message:"ready",secret:t},"*")},!1)))}(window,document);
</script>

Esta ubicación estratégica le permite beneficiarse de lo mejor que estos dos municipios tienen para ofrecer. Si desea visitar la red de Castillos de Raia, disfrutar de las aguas cristalinas de las playas del río Côa, visitar las ciudades medievales que son cabeceras de comarca o adentrarse en las más que numerosas rutas de senderismo, [&hellip;]
