{"version":"1.0","provider_name":"VisitGuarda","provider_url":"https:\/\/www.visitguarda.pt\/es\/","title":"Ruta del viaje del elefante - VisitGuarda","type":"rich","width":600,"height":338,"html":"<blockquote class=\"wp-embedded-content\" data-secret=\"7ObS98yH9D\"><a href=\"https:\/\/www.visitguarda.pt\/es\/ponto_de_interesse\/rota-da-viagem-do-elefante\/\">Ruta del viaje del elefante<\/a><\/blockquote><iframe sandbox=\"allow-scripts\" security=\"restricted\" src=\"https:\/\/www.visitguarda.pt\/es\/ponto_de_interesse\/rota-da-viagem-do-elefante\/embed\/#?secret=7ObS98yH9D\" width=\"600\" height=\"338\" title=\"\u00abRuta del viaje del elefante\u00bb \u2014 VisitGuarda\" data-secret=\"7ObS98yH9D\" frameborder=\"0\" marginwidth=\"0\" marginheight=\"0\" scrolling=\"no\" class=\"wp-embedded-content\"><\/iframe><script>\n\/*! This file is auto-generated *\/\n!function(d,l){\"use strict\";l.querySelector&&d.addEventListener&&\"undefined\"!=typeof URL&&(d.wp=d.wp||{},d.wp.receiveEmbedMessage||(d.wp.receiveEmbedMessage=function(e){var t=e.data;if((t||t.secret||t.message||t.value)&&!\/[^a-zA-Z0-9]\/.test(t.secret)){for(var s,r,n,a=l.querySelectorAll('iframe[data-secret=\"'+t.secret+'\"]'),o=l.querySelectorAll('blockquote[data-secret=\"'+t.secret+'\"]'),c=new RegExp(\"^https?:$\",\"i\"),i=0;i<o.length;i++)o[i].style.display=\"none\";for(i=0;i<a.length;i++)s=a[i],e.source===s.contentWindow&&(s.removeAttribute(\"style\"),\"height\"===t.message?(1e3<(r=parseInt(t.value,10))?r=1e3:~~r<200&&(r=200),s.height=r):\"link\"===t.message&&(r=new URL(s.getAttribute(\"src\")),n=new URL(t.value),c.test(n.protocol))&&n.host===r.host&&l.activeElement===s&&(d.top.location.href=t.value))}},d.addEventListener(\"message\",d.wp.receiveEmbedMessage,!1),l.addEventListener(\"DOMContentLoaded\",function(){for(var e,t,s=l.querySelectorAll(\"iframe.wp-embedded-content\"),r=0;r<s.length;r++)(t=(e=s[r]).getAttribute(\"data-secret\"))||(t=Math.random().toString(36).substring(2,12),e.src+=\"#?secret=\"+t,e.setAttribute(\"data-secret\",t)),e.contentWindow.postMessage({message:\"ready\",secret:t},\"*\")},!1)))}(window,document);\n<\/script>\n","description":"Adem\u00e1s de ser una de las obras m\u00e1s llamativas de Saramago, la obra retrata el largo y sufrido viaje del paquidermo que, antes de cruzar las fronteras hacia Austria, realiz\u00f3 un largo viaje al interior, por el interior portugu\u00e9s. Con el lema, acomp\u00e1\u00f1anos en un recorrido por el coraz\u00f3n de Portugal pasando por Guarda, Figueira [&hellip;]"}

Además de ser una de las obras más llamativas de Saramago, la obra retrata el largo y sufrido viaje del paquidermo que, antes de cruzar las fronteras hacia Austria, realizó un largo viaje al interior, por el interior portugués. Con el lema, acompáñanos en un recorrido por el corazón de Portugal pasando por Guarda, Figueira [&hellip;]
