{"version":"1.0","provider_name":"VisitGuarda","provider_url":"https:\/\/www.visitguarda.pt\/es\/","title":"Monumento a Augusto Gil - VisitGuarda","type":"rich","width":600,"height":338,"html":"<blockquote class=\"wp-embedded-content\" data-secret=\"GpEPvN5drx\"><a href=\"https:\/\/www.visitguarda.pt\/es\/ponto_de_interesse\/xxx\/\">Monumento a Augusto Gil<\/a><\/blockquote><iframe sandbox=\"allow-scripts\" security=\"restricted\" src=\"https:\/\/www.visitguarda.pt\/es\/ponto_de_interesse\/xxx\/embed\/#?secret=GpEPvN5drx\" width=\"600\" height=\"338\" title=\"\u00abMonumento a Augusto Gil\u00bb \u2014 VisitGuarda\" data-secret=\"GpEPvN5drx\" frameborder=\"0\" marginwidth=\"0\" marginheight=\"0\" scrolling=\"no\" class=\"wp-embedded-content\"><\/iframe><script>\n\/*! This file is auto-generated *\/\n!function(d,l){\"use strict\";l.querySelector&&d.addEventListener&&\"undefined\"!=typeof URL&&(d.wp=d.wp||{},d.wp.receiveEmbedMessage||(d.wp.receiveEmbedMessage=function(e){var t=e.data;if((t||t.secret||t.message||t.value)&&!\/[^a-zA-Z0-9]\/.test(t.secret)){for(var s,r,n,a=l.querySelectorAll('iframe[data-secret=\"'+t.secret+'\"]'),o=l.querySelectorAll('blockquote[data-secret=\"'+t.secret+'\"]'),c=new RegExp(\"^https?:$\",\"i\"),i=0;i<o.length;i++)o[i].style.display=\"none\";for(i=0;i<a.length;i++)s=a[i],e.source===s.contentWindow&&(s.removeAttribute(\"style\"),\"height\"===t.message?(1e3<(r=parseInt(t.value,10))?r=1e3:~~r<200&&(r=200),s.height=r):\"link\"===t.message&&(r=new URL(s.getAttribute(\"src\")),n=new URL(t.value),c.test(n.protocol))&&n.host===r.host&&l.activeElement===s&&(d.top.location.href=t.value))}},d.addEventListener(\"message\",d.wp.receiveEmbedMessage,!1),l.addEventListener(\"DOMContentLoaded\",function(){for(var e,t,s=l.querySelectorAll(\"iframe.wp-embedded-content\"),r=0;r<s.length;r++)(t=(e=s[r]).getAttribute(\"data-secret\"))||(t=Math.random().toString(36).substring(2,12),e.src+=\"#?secret=\"+t,e.setAttribute(\"data-secret\",t)),e.contentWindow.postMessage({message:\"ready\",secret:t},\"*\")},!1)))}(window,document);\n<\/script>\n","description":"La ubicaci\u00f3n caus\u00f3 pol\u00e9mica y el monumento fue desmontado y trasladado al Largo de S. Jo\u00e3o. Se termin\u00f3 en 1940, pero nunca se inaugur\u00f3. En su momento, fue la obra de arte p\u00fablico m\u00e1s bella de la ciudad, con la particularidad de no honrar a una figura del mundo de la medicina.El monumento erigido fue [&hellip;]"}

La ubicación causó polémica y el monumento fue desmontado y trasladado al Largo de S. João. Se terminó en 1940, pero nunca se inauguró. En su momento, fue la obra de arte público más bella de la ciudad, con la particularidad de no honrar a una figura del mundo de la medicina.El monumento erigido fue [&hellip;]
