{"id":20334,"date":"2025-07-18T11:30:21","date_gmt":"2025-07-18T11:30:21","guid":{"rendered":"https:\/\/www.visitguarda.pt\/evento\/inauguracao-exposicao-antonio-o-santo-do-povo\/"},"modified":"2025-09-06T14:00:02","modified_gmt":"2025-09-06T14:00:02","slug":"inauguracao-exposicao-antonio-o-santo-do-povo","status":"publish","type":"evento","link":"https:\/\/www.visitguarda.pt\/es\/evento\/inauguracao-exposicao-antonio-o-santo-do-povo\/","title":{"rendered":"INAUGURA\u00c7\u00c3O EXPOSI\u00c7\u00c3O | Ant\u00f3nio, o Santo do Povo!"},"content":{"rendered":"<p>\u200bO colecionador M\u00e1rio Coelho apresenta uma sele\u00e7\u00e3o \u00fanica de imagens de Santo Ant\u00f3nio, oriundas do artesanato portugu\u00eas. A mostra revela a diversidade de interpreta\u00e7\u00f5es populares do santo, entre o humor e a devo\u00e7\u00e3o. Cada pe\u00e7a expressa a criatividade e o sentimento do povo portugu\u00eas. Uma homenagem viva ao santo mais querido de Portugal. A mostra estar\u00e1 patente ao p\u00fablico at\u00e9 7 de novembro de 2025. Itens da Cole\u00e7\u00e3o de imagens de Santo Ant\u00f3nio no artesanato portugu\u00eas de M\u00e1rio Coelho<\/p>\n<p>ExpoEcclesia | 15h30 | P\u00fablico em geral<\/p>\n<p>Org. CMG | MG | Diocese da Guarda<\/p>\n","protected":false},"featured_media":0,"template":"","meta":{"_acf_changed":false},"categoria_evento":[64,71],"estacao_do_ano":[],"class_list":["post-20334","evento","type-evento","status-publish","hentry","categoria_evento-exposicoes","categoria_evento-visitguarda"],"acf":[],"yoast_head":"<!-- This site is optimized with the Yoast SEO plugin v25.1 - https:\/\/yoast.com\/wordpress\/plugins\/seo\/ -->\n<title>INAUGURA\u00c7\u00c3O EXPOSI\u00c7\u00c3O | Ant\u00f3nio, o Santo do Povo! - VisitGuarda<\/title>\n<meta name=\"robots\" content=\"index, follow, max-snippet:-1, max-image-preview:large, max-video-preview:-1\" \/>\n<link rel=\"canonical\" href=\"https:\/\/www.visitguarda.pt\/evento\/inauguracao-exposicao-antonio-o-santo-do-povo\/\" \/>\n<meta property=\"og:locale\" content=\"es_ES\" \/>\n<meta property=\"og:type\" content=\"article\" \/>\n<meta property=\"og:title\" content=\"INAUGURA\u00c7\u00c3O EXPOSI\u00c7\u00c3O | Ant\u00f3nio, o Santo do Povo! - VisitGuarda\" \/>\n<meta property=\"og:description\" content=\"\u200bO colecionador M\u00e1rio Coelho apresenta uma sele\u00e7\u00e3o \u00fanica de imagens de Santo Ant\u00f3nio, oriundas do artesanato portugu\u00eas. A mostra revela a diversidade de interpreta\u00e7\u00f5es populares do santo, entre o humor e a devo\u00e7\u00e3o. Cada pe\u00e7a expressa a criatividade e o sentimento do povo portugu\u00eas. Uma homenagem viva ao santo mais querido de Portugal. A mostra [&hellip;]\" \/>\n<meta property=\"og:url\" content=\"https:\/\/www.visitguarda.pt\/evento\/inauguracao-exposicao-antonio-o-santo-do-povo\/\" \/>\n<meta property=\"og:site_name\" content=\"VisitGuarda\" \/>\n<meta property=\"article:publisher\" content=\"https:\/\/fb.com\/MunicipioDaGuarda\" \/>\n<meta property=\"article:modified_time\" content=\"2025-09-06T14:00:02+00:00\" \/>\n<meta name=\"twitter:card\" content=\"summary_large_image\" \/>\n<meta name=\"twitter:label1\" content=\"Tiempo de lectura\" \/>\n\t<meta name=\"twitter:data1\" content=\"1 minuto\" \/>\n<script type=\"application\/ld+json\" class=\"yoast-schema-graph\">{\"@context\":\"https:\/\/schema.org\",\"@graph\":[{\"@type\":\"WebPage\",\"@id\":\"https:\/\/www.visitguarda.pt\/evento\/inauguracao-exposicao-antonio-o-santo-do-povo\/\",\"url\":\"https:\/\/www.visitguarda.pt\/evento\/inauguracao-exposicao-antonio-o-santo-do-povo\/\",\"name\":\"INAUGURA\u00c7\u00c3O EXPOSI\u00c7\u00c3O | Ant\u00f3nio, o Santo do Povo! - VisitGuarda\",\"isPartOf\":{\"@id\":\"https:\/\/www.visitguarda.pt\/#website\"},\"datePublished\":\"2025-07-18T11:30:21+00:00\",\"dateModified\":\"2025-09-06T14:00:02+00:00\",\"breadcrumb\":{\"@id\":\"https:\/\/www.visitguarda.pt\/evento\/inauguracao-exposicao-antonio-o-santo-do-povo\/#breadcrumb\"},\"inLanguage\":\"es\",\"potentialAction\":[{\"@type\":\"ReadAction\",\"target\":[\"https:\/\/www.visitguarda.pt\/evento\/inauguracao-exposicao-antonio-o-santo-do-povo\/\"]}]},{\"@type\":\"BreadcrumbList\",\"@id\":\"https:\/\/www.visitguarda.pt\/evento\/inauguracao-exposicao-antonio-o-santo-do-povo\/#breadcrumb\",\"itemListElement\":[{\"@type\":\"ListItem\",\"position\":1,\"name\":\"In\u00edcio\",\"item\":\"https:\/\/www.visitguarda.pt\/es\/\"},{\"@type\":\"ListItem\",\"position\":2,\"name\":\"INAUGURA\u00c7\u00c3O EXPOSI\u00c7\u00c3O | Ant\u00f3nio, o Santo do Povo!\"}]},{\"@type\":\"WebSite\",\"@id\":\"https:\/\/www.visitguarda.pt\/#website\",\"url\":\"https:\/\/www.visitguarda.pt\/\",\"name\":\"VisitGuarda\",\"description\":\"\",\"publisher\":{\"@id\":\"https:\/\/www.visitguarda.pt\/#organization\"},\"potentialAction\":[{\"@type\":\"SearchAction\",\"target\":{\"@type\":\"EntryPoint\",\"urlTemplate\":\"https:\/\/www.visitguarda.pt\/?s={search_term_string}\"},\"query-input\":{\"@type\":\"PropertyValueSpecification\",\"valueRequired\":true,\"valueName\":\"search_term_string\"}}],\"inLanguage\":\"es\"},{\"@type\":\"Organization\",\"@id\":\"https:\/\/www.visitguarda.pt\/#organization\",\"name\":\"Munic\u00edpio da Guarda\",\"url\":\"https:\/\/www.visitguarda.pt\/\",\"logo\":{\"@type\":\"ImageObject\",\"inLanguage\":\"es\",\"@id\":\"https:\/\/www.visitguarda.pt\/#\/schema\/logo\/image\/\",\"url\":\"https:\/\/www.visitguarda.pt\/wp-content\/uploads\/2025\/01\/logo_mun_guarda.jpg\",\"contentUrl\":\"https:\/\/www.visitguarda.pt\/wp-content\/uploads\/2025\/01\/logo_mun_guarda.jpg\",\"width\":1181,\"height\":1181,\"caption\":\"Munic\u00edpio da Guarda\"},\"image\":{\"@id\":\"https:\/\/www.visitguarda.pt\/#\/schema\/logo\/image\/\"},\"sameAs\":[\"https:\/\/fb.com\/MunicipioDaGuarda\",\"https:\/\/www.instagram.com\/municipiodaguarda\"]}]}<\/script>\n<!-- \/ Yoast SEO plugin. -->","yoast_head_json":{"title":"INAUGURA\u00c7\u00c3O EXPOSI\u00c7\u00c3O | Ant\u00f3nio, o Santo do Povo! - VisitGuarda","robots":{"index":"index","follow":"follow","max-snippet":"max-snippet:-1","max-image-preview":"max-image-preview:large","max-video-preview":"max-video-preview:-1"},"canonical":"https:\/\/www.visitguarda.pt\/evento\/inauguracao-exposicao-antonio-o-santo-do-povo\/","og_locale":"es_ES","og_type":"article","og_title":"INAUGURA\u00c7\u00c3O EXPOSI\u00c7\u00c3O | Ant\u00f3nio, o Santo do Povo! - VisitGuarda","og_description":"\u200bO colecionador M\u00e1rio Coelho apresenta uma sele\u00e7\u00e3o \u00fanica de imagens de Santo Ant\u00f3nio, oriundas do artesanato portugu\u00eas. A mostra revela a diversidade de interpreta\u00e7\u00f5es populares do santo, entre o humor e a devo\u00e7\u00e3o. Cada pe\u00e7a expressa a criatividade e o sentimento do povo portugu\u00eas. Uma homenagem viva ao santo mais querido de Portugal. A mostra [&hellip;]","og_url":"https:\/\/www.visitguarda.pt\/evento\/inauguracao-exposicao-antonio-o-santo-do-povo\/","og_site_name":"VisitGuarda","article_publisher":"https:\/\/fb.com\/MunicipioDaGuarda","article_modified_time":"2025-09-06T14:00:02+00:00","twitter_card":"summary_large_image","twitter_misc":{"Tiempo de lectura":"1 minuto"},"schema":{"@context":"https:\/\/schema.org","@graph":[{"@type":"WebPage","@id":"https:\/\/www.visitguarda.pt\/evento\/inauguracao-exposicao-antonio-o-santo-do-povo\/","url":"https:\/\/www.visitguarda.pt\/evento\/inauguracao-exposicao-antonio-o-santo-do-povo\/","name":"INAUGURA\u00c7\u00c3O EXPOSI\u00c7\u00c3O | Ant\u00f3nio, o Santo do Povo! - VisitGuarda","isPartOf":{"@id":"https:\/\/www.visitguarda.pt\/#website"},"datePublished":"2025-07-18T11:30:21+00:00","dateModified":"2025-09-06T14:00:02+00:00","breadcrumb":{"@id":"https:\/\/www.visitguarda.pt\/evento\/inauguracao-exposicao-antonio-o-santo-do-povo\/#breadcrumb"},"inLanguage":"es","potentialAction":[{"@type":"ReadAction","target":["https:\/\/www.visitguarda.pt\/evento\/inauguracao-exposicao-antonio-o-santo-do-povo\/"]}]},{"@type":"BreadcrumbList","@id":"https:\/\/www.visitguarda.pt\/evento\/inauguracao-exposicao-antonio-o-santo-do-povo\/#breadcrumb","itemListElement":[{"@type":"ListItem","position":1,"name":"In\u00edcio","item":"https:\/\/www.visitguarda.pt\/es\/"},{"@type":"ListItem","position":2,"name":"INAUGURA\u00c7\u00c3O EXPOSI\u00c7\u00c3O | Ant\u00f3nio, o Santo do Povo!"}]},{"@type":"WebSite","@id":"https:\/\/www.visitguarda.pt\/#website","url":"https:\/\/www.visitguarda.pt\/","name":"VisitGuarda","description":"","publisher":{"@id":"https:\/\/www.visitguarda.pt\/#organization"},"potentialAction":[{"@type":"SearchAction","target":{"@type":"EntryPoint","urlTemplate":"https:\/\/www.visitguarda.pt\/?s={search_term_string}"},"query-input":{"@type":"PropertyValueSpecification","valueRequired":true,"valueName":"search_term_string"}}],"inLanguage":"es"},{"@type":"Organization","@id":"https:\/\/www.visitguarda.pt\/#organization","name":"Munic\u00edpio da Guarda","url":"https:\/\/www.visitguarda.pt\/","logo":{"@type":"ImageObject","inLanguage":"es","@id":"https:\/\/www.visitguarda.pt\/#\/schema\/logo\/image\/","url":"https:\/\/www.visitguarda.pt\/wp-content\/uploads\/2025\/01\/logo_mun_guarda.jpg","contentUrl":"https:\/\/www.visitguarda.pt\/wp-content\/uploads\/2025\/01\/logo_mun_guarda.jpg","width":1181,"height":1181,"caption":"Munic\u00edpio da Guarda"},"image":{"@id":"https:\/\/www.visitguarda.pt\/#\/schema\/logo\/image\/"},"sameAs":["https:\/\/fb.com\/MunicipioDaGuarda","https:\/\/www.instagram.com\/municipiodaguarda"]}]}},"_links":{"self":[{"href":"https:\/\/www.visitguarda.pt\/es\/wp-json\/wp\/v2\/evento\/20334","targetHints":{"allow":["GET"]}}],"collection":[{"href":"https:\/\/www.visitguarda.pt\/es\/wp-json\/wp\/v2\/evento"}],"about":[{"href":"https:\/\/www.visitguarda.pt\/es\/wp-json\/wp\/v2\/types\/evento"}],"wp:attachment":[{"href":"https:\/\/www.visitguarda.pt\/es\/wp-json\/wp\/v2\/media?parent=20334"}],"wp:term":[{"taxonomy":"categoria_evento","embeddable":true,"href":"https:\/\/www.visitguarda.pt\/es\/wp-json\/wp\/v2\/categoria_evento?post=20334"},{"taxonomy":"estacao_do_ano","embeddable":true,"href":"https:\/\/www.visitguarda.pt\/es\/wp-json\/wp\/v2\/estacao_do_ano?post=20334"}],"curies":[{"name":"wp","href":"https:\/\/api.w.org\/{rel}","templated":true}]}}

INAUGURAÇÃO EXPOSIÇÃO | António, o Santo do Povo!

<p>​O colecionador Mário Coelho apresenta uma seleção única de imagens de Santo António, oriundas do artesanato português. A mostra revela a diversidade de interpretações populares do santo, entre o humor e a devoção. Cada peça expressa a criatividade e o sentimento do povo português. Uma homenagem viva ao santo mais querido de Portugal. A mostra estará patente ao público até 7 de novembro de 2025. Itens da Coleção de imagens de Santo António no artesanato português de Mário Coelho</p>
<p>ExpoEcclesia | 15h30 | Público em geral</p>
<p>Org. CMG | MG | Diocese da Guarda</p>

<!-- This site is optimized with the Yoast SEO plugin v25.1 - https://yoast.com/wordpress/plugins/seo/ -->
<title>INAUGURAÇÃO EXPOSIÇÃO | António, o Santo do Povo! - VisitGuarda</title>
<meta name="robots" content="index, follow, max-snippet:-1, max-image-preview:large, max-video-preview:-1" />
<link rel="canonical" href="https://www.visitguarda.pt/evento/inauguracao-exposicao-antonio-o-santo-do-povo/" />
<meta property="og:locale" content="es_ES" />
<meta property="og:type" content="article" />
<meta property="og:title" content="INAUGURAÇÃO EXPOSIÇÃO | António, o Santo do Povo! - VisitGuarda" />
<meta property="og:description" content="​O colecionador Mário Coelho apresenta uma seleção única de imagens de Santo António, oriundas do artesanato português. A mostra revela a diversidade de interpretações populares do santo, entre o humor e a devoção. Cada peça expressa a criatividade e o sentimento do povo português. Uma homenagem viva ao santo mais querido de Portugal. A mostra [&hellip;]" />
<meta property="og:url" content="https://www.visitguarda.pt/evento/inauguracao-exposicao-antonio-o-santo-do-povo/" />
<meta property="og:site_name" content="VisitGuarda" />
<meta property="article:publisher" content="https://fb.com/MunicipioDaGuarda" />
<meta property="article:modified_time" content="2025-09-06T14:00:02+00:00" />
<meta name="twitter:card" content="summary_large_image" />
<meta name="twitter:label1" content="Tiempo de lectura" />
	<meta name="twitter:data1" content="1 minuto" />
<script type="application/ld+json" class="yoast-schema-graph">{"@context":"https://schema.org","@graph":[{"@type":"WebPage","@id":"https://www.visitguarda.pt/evento/inauguracao-exposicao-antonio-o-santo-do-povo/","url":"https://www.visitguarda.pt/evento/inauguracao-exposicao-antonio-o-santo-do-povo/","name":"INAUGURAÇÃO EXPOSIÇÃO | António, o Santo do Povo! - VisitGuarda","isPartOf":{"@id":"https://www.visitguarda.pt/#website"},"datePublished":"2025-07-18T11:30:21+00:00","dateModified":"2025-09-06T14:00:02+00:00","breadcrumb":{"@id":"https://www.visitguarda.pt/evento/inauguracao-exposicao-antonio-o-santo-do-povo/#breadcrumb"},"inLanguage":"es","potentialAction":[{"@type":"ReadAction","target":["https://www.visitguarda.pt/evento/inauguracao-exposicao-antonio-o-santo-do-povo/"]}]},{"@type":"BreadcrumbList","@id":"https://www.visitguarda.pt/evento/inauguracao-exposicao-antonio-o-santo-do-povo/#breadcrumb","itemListElement":[{"@type":"ListItem","position":1,"name":"Início","item":"https://www.visitguarda.pt/es/"},{"@type":"ListItem","position":2,"name":"INAUGURAÇÃO EXPOSIÇÃO | António, o Santo do Povo!"}]},{"@type":"WebSite","@id":"https://www.visitguarda.pt/#website","url":"https://www.visitguarda.pt/","name":"VisitGuarda","description":"","publisher":{"@id":"https://www.visitguarda.pt/#organization"},"potentialAction":[{"@type":"SearchAction","target":{"@type":"EntryPoint","urlTemplate":"https://www.visitguarda.pt/?s={search_term_string}"},"query-input":{"@type":"PropertyValueSpecification","valueRequired":true,"valueName":"search_term_string"}}],"inLanguage":"es"},{"@type":"Organization","@id":"https://www.visitguarda.pt/#organization","name":"Município da Guarda","url":"https://www.visitguarda.pt/","logo":{"@type":"ImageObject","inLanguage":"es","@id":"https://www.visitguarda.pt/#/schema/logo/image/","url":"https://www.visitguarda.pt/wp-content/uploads/2025/01/logo_mun_guarda.jpg","contentUrl":"https://www.visitguarda.pt/wp-content/uploads/2025/01/logo_mun_guarda.jpg","width":1181,"height":1181,"caption":"Município da Guarda"},"image":{"@id":"https://www.visitguarda.pt/#/schema/logo/image/"},"sameAs":["https://fb.com/MunicipioDaGuarda","https://www.instagram.com/municipiodaguarda"]}]}</script>
<!-- / Yoast SEO plugin. -->

INAUGURAÇÃO EXPOSIÇÃO | António, o Santo do Povo! - VisitGuarda

​O colecionador Mário Coelho apresenta uma seleção única de imagens de Santo António, oriundas do artesanato português. A mostra revela a diversidade de interpretações populares do santo, entre o humor e a devoção. Cada peça expressa a criatividade e o sentimento do povo português. Uma homenagem viva ao santo mais querido de Portugal. A mostra [&hellip;]

Início

Município da Guarda
