{"id":20335,"date":"2025-07-18T13:19:26","date_gmt":"2025-07-18T13:19:26","guid":{"rendered":"https:\/\/www.visitguarda.pt\/evento\/teatro-criancas-ao-poder-gambozinos-peobardos-grupo-de-teatro-da-vela\/"},"modified":"2025-09-10T20:00:02","modified_gmt":"2025-09-10T20:00:02","slug":"teatro-criancas-ao-poder-gambozinos-peobardos-grupo-de-teatro-da-vela","status":"publish","type":"evento","link":"https:\/\/www.visitguarda.pt\/es\/evento\/teatro-criancas-ao-poder-gambozinos-peobardos-grupo-de-teatro-da-vela\/","title":{"rendered":"TEATRO | Crian\u00e7as ao Poder | Gambozinos &amp; Peobardos | Grupo de Teatro da Vela"},"content":{"rendered":"<p>\u200b&quot;Crian\u00e7as ao Poder!&quot; \u00e9 um manifesto que d\u00e1 voz \u00e0s crian\u00e7as e real\u00e7a a import\u00e2ncia de serem ouvidas. \u00c9 uma pe\u00e7a que nos lembra a inoc\u00eancia e simplicidade com que imagin\u00e1mos o mundo e constru\u00edmos sonhos. Baseada no livro &quot;Cruzada das Crian\u00e7as&quot;, de Afonso Cruz, que relembrou a Cruzada das Crian\u00e7as que aconteceu em 1212, formada por uma multid\u00e3o composta essencialmente por crian\u00e7as. O autor inspirou-se neste epis\u00f3dio do passado para escrever uma hist\u00f3ria do presente, em que d\u00e1 voz \u00e0s reivindica\u00e7\u00f5es das crian\u00e7as por um mundo melhor.<\/p>\n<p>Caf\u00e9 Concerto | 18h | quarta | Entrada gratuita I M6<\/p>\n<p>Org&#058; Gambozinos &amp; Peobardos \u2013 Grupo de Teatro da Vela I TMG<\/p>\n","protected":false},"featured_media":0,"template":"","meta":{"_acf_changed":false},"categoria_evento":[63,71],"estacao_do_ano":[],"class_list":["post-20335","evento","type-evento","status-publish","hentry","categoria_evento-teatro","categoria_evento-visitguarda"],"acf":[],"yoast_head":"<!-- This site is optimized with the Yoast SEO plugin v25.1 - https:\/\/yoast.com\/wordpress\/plugins\/seo\/ -->\n<title>TEATRO | Crian\u00e7as ao Poder | Gambozinos &amp; Peobardos | Grupo de Teatro da Vela - VisitGuarda<\/title>\n<meta name=\"robots\" content=\"index, follow, max-snippet:-1, max-image-preview:large, max-video-preview:-1\" \/>\n<link rel=\"canonical\" href=\"https:\/\/www.visitguarda.pt\/evento\/teatro-criancas-ao-poder-gambozinos-peobardos-grupo-de-teatro-da-vela\/\" \/>\n<meta property=\"og:locale\" content=\"es_ES\" \/>\n<meta property=\"og:type\" content=\"article\" \/>\n<meta property=\"og:title\" content=\"TEATRO | Crian\u00e7as ao Poder | Gambozinos &amp; Peobardos | Grupo de Teatro da Vela - VisitGuarda\" \/>\n<meta property=\"og:description\" content=\"\u200b&quot;Crian\u00e7as ao Poder!&quot; \u00e9 um manifesto que d\u00e1 voz \u00e0s crian\u00e7as e real\u00e7a a import\u00e2ncia de serem ouvidas. \u00c9 uma pe\u00e7a que nos lembra a inoc\u00eancia e simplicidade com que imagin\u00e1mos o mundo e constru\u00edmos sonhos. Baseada no livro &quot;Cruzada das Crian\u00e7as&quot;, de Afonso Cruz, que relembrou a Cruzada das Crian\u00e7as que aconteceu em 1212, [&hellip;]\" \/>\n<meta property=\"og:url\" content=\"https:\/\/www.visitguarda.pt\/evento\/teatro-criancas-ao-poder-gambozinos-peobardos-grupo-de-teatro-da-vela\/\" \/>\n<meta property=\"og:site_name\" content=\"VisitGuarda\" \/>\n<meta property=\"article:publisher\" content=\"https:\/\/fb.com\/MunicipioDaGuarda\" \/>\n<meta property=\"article:modified_time\" content=\"2025-09-10T20:00:02+00:00\" \/>\n<meta name=\"twitter:card\" content=\"summary_large_image\" \/>\n<meta name=\"twitter:label1\" content=\"Tiempo de lectura\" \/>\n\t<meta name=\"twitter:data1\" content=\"1 minuto\" \/>\n<script type=\"application\/ld+json\" class=\"yoast-schema-graph\">{\"@context\":\"https:\/\/schema.org\",\"@graph\":[{\"@type\":\"WebPage\",\"@id\":\"https:\/\/www.visitguarda.pt\/evento\/teatro-criancas-ao-poder-gambozinos-peobardos-grupo-de-teatro-da-vela\/\",\"url\":\"https:\/\/www.visitguarda.pt\/evento\/teatro-criancas-ao-poder-gambozinos-peobardos-grupo-de-teatro-da-vela\/\",\"name\":\"TEATRO | Crian\u00e7as ao Poder | Gambozinos &amp; Peobardos | Grupo de Teatro da Vela - VisitGuarda\",\"isPartOf\":{\"@id\":\"https:\/\/www.visitguarda.pt\/#website\"},\"datePublished\":\"2025-07-18T13:19:26+00:00\",\"dateModified\":\"2025-09-10T20:00:02+00:00\",\"breadcrumb\":{\"@id\":\"https:\/\/www.visitguarda.pt\/evento\/teatro-criancas-ao-poder-gambozinos-peobardos-grupo-de-teatro-da-vela\/#breadcrumb\"},\"inLanguage\":\"es\",\"potentialAction\":[{\"@type\":\"ReadAction\",\"target\":[\"https:\/\/www.visitguarda.pt\/evento\/teatro-criancas-ao-poder-gambozinos-peobardos-grupo-de-teatro-da-vela\/\"]}]},{\"@type\":\"BreadcrumbList\",\"@id\":\"https:\/\/www.visitguarda.pt\/evento\/teatro-criancas-ao-poder-gambozinos-peobardos-grupo-de-teatro-da-vela\/#breadcrumb\",\"itemListElement\":[{\"@type\":\"ListItem\",\"position\":1,\"name\":\"In\u00edcio\",\"item\":\"https:\/\/www.visitguarda.pt\/es\/\"},{\"@type\":\"ListItem\",\"position\":2,\"name\":\"TEATRO | Crian\u00e7as ao Poder | Gambozinos &amp; Peobardos | Grupo de Teatro da Vela\"}]},{\"@type\":\"WebSite\",\"@id\":\"https:\/\/www.visitguarda.pt\/#website\",\"url\":\"https:\/\/www.visitguarda.pt\/\",\"name\":\"VisitGuarda\",\"description\":\"\",\"publisher\":{\"@id\":\"https:\/\/www.visitguarda.pt\/#organization\"},\"potentialAction\":[{\"@type\":\"SearchAction\",\"target\":{\"@type\":\"EntryPoint\",\"urlTemplate\":\"https:\/\/www.visitguarda.pt\/?s={search_term_string}\"},\"query-input\":{\"@type\":\"PropertyValueSpecification\",\"valueRequired\":true,\"valueName\":\"search_term_string\"}}],\"inLanguage\":\"es\"},{\"@type\":\"Organization\",\"@id\":\"https:\/\/www.visitguarda.pt\/#organization\",\"name\":\"Munic\u00edpio da Guarda\",\"url\":\"https:\/\/www.visitguarda.pt\/\",\"logo\":{\"@type\":\"ImageObject\",\"inLanguage\":\"es\",\"@id\":\"https:\/\/www.visitguarda.pt\/#\/schema\/logo\/image\/\",\"url\":\"https:\/\/www.visitguarda.pt\/wp-content\/uploads\/2025\/01\/logo_mun_guarda.jpg\",\"contentUrl\":\"https:\/\/www.visitguarda.pt\/wp-content\/uploads\/2025\/01\/logo_mun_guarda.jpg\",\"width\":1181,\"height\":1181,\"caption\":\"Munic\u00edpio da Guarda\"},\"image\":{\"@id\":\"https:\/\/www.visitguarda.pt\/#\/schema\/logo\/image\/\"},\"sameAs\":[\"https:\/\/fb.com\/MunicipioDaGuarda\",\"https:\/\/www.instagram.com\/municipiodaguarda\"]}]}<\/script>\n<!-- \/ Yoast SEO plugin. -->","yoast_head_json":{"title":"TEATRO | Crian\u00e7as ao Poder | Gambozinos &amp; Peobardos | Grupo de Teatro da Vela - VisitGuarda","robots":{"index":"index","follow":"follow","max-snippet":"max-snippet:-1","max-image-preview":"max-image-preview:large","max-video-preview":"max-video-preview:-1"},"canonical":"https:\/\/www.visitguarda.pt\/evento\/teatro-criancas-ao-poder-gambozinos-peobardos-grupo-de-teatro-da-vela\/","og_locale":"es_ES","og_type":"article","og_title":"TEATRO | Crian\u00e7as ao Poder | Gambozinos &amp; Peobardos | Grupo de Teatro da Vela - VisitGuarda","og_description":"\u200b&quot;Crian\u00e7as ao Poder!&quot; \u00e9 um manifesto que d\u00e1 voz \u00e0s crian\u00e7as e real\u00e7a a import\u00e2ncia de serem ouvidas. \u00c9 uma pe\u00e7a que nos lembra a inoc\u00eancia e simplicidade com que imagin\u00e1mos o mundo e constru\u00edmos sonhos. Baseada no livro &quot;Cruzada das Crian\u00e7as&quot;, de Afonso Cruz, que relembrou a Cruzada das Crian\u00e7as que aconteceu em 1212, [&hellip;]","og_url":"https:\/\/www.visitguarda.pt\/evento\/teatro-criancas-ao-poder-gambozinos-peobardos-grupo-de-teatro-da-vela\/","og_site_name":"VisitGuarda","article_publisher":"https:\/\/fb.com\/MunicipioDaGuarda","article_modified_time":"2025-09-10T20:00:02+00:00","twitter_card":"summary_large_image","twitter_misc":{"Tiempo de lectura":"1 minuto"},"schema":{"@context":"https:\/\/schema.org","@graph":[{"@type":"WebPage","@id":"https:\/\/www.visitguarda.pt\/evento\/teatro-criancas-ao-poder-gambozinos-peobardos-grupo-de-teatro-da-vela\/","url":"https:\/\/www.visitguarda.pt\/evento\/teatro-criancas-ao-poder-gambozinos-peobardos-grupo-de-teatro-da-vela\/","name":"TEATRO | Crian\u00e7as ao Poder | Gambozinos &amp; Peobardos | Grupo de Teatro da Vela - VisitGuarda","isPartOf":{"@id":"https:\/\/www.visitguarda.pt\/#website"},"datePublished":"2025-07-18T13:19:26+00:00","dateModified":"2025-09-10T20:00:02+00:00","breadcrumb":{"@id":"https:\/\/www.visitguarda.pt\/evento\/teatro-criancas-ao-poder-gambozinos-peobardos-grupo-de-teatro-da-vela\/#breadcrumb"},"inLanguage":"es","potentialAction":[{"@type":"ReadAction","target":["https:\/\/www.visitguarda.pt\/evento\/teatro-criancas-ao-poder-gambozinos-peobardos-grupo-de-teatro-da-vela\/"]}]},{"@type":"BreadcrumbList","@id":"https:\/\/www.visitguarda.pt\/evento\/teatro-criancas-ao-poder-gambozinos-peobardos-grupo-de-teatro-da-vela\/#breadcrumb","itemListElement":[{"@type":"ListItem","position":1,"name":"In\u00edcio","item":"https:\/\/www.visitguarda.pt\/es\/"},{"@type":"ListItem","position":2,"name":"TEATRO | Crian\u00e7as ao Poder | Gambozinos &amp; Peobardos | Grupo de Teatro da Vela"}]},{"@type":"WebSite","@id":"https:\/\/www.visitguarda.pt\/#website","url":"https:\/\/www.visitguarda.pt\/","name":"VisitGuarda","description":"","publisher":{"@id":"https:\/\/www.visitguarda.pt\/#organization"},"potentialAction":[{"@type":"SearchAction","target":{"@type":"EntryPoint","urlTemplate":"https:\/\/www.visitguarda.pt\/?s={search_term_string}"},"query-input":{"@type":"PropertyValueSpecification","valueRequired":true,"valueName":"search_term_string"}}],"inLanguage":"es"},{"@type":"Organization","@id":"https:\/\/www.visitguarda.pt\/#organization","name":"Munic\u00edpio da Guarda","url":"https:\/\/www.visitguarda.pt\/","logo":{"@type":"ImageObject","inLanguage":"es","@id":"https:\/\/www.visitguarda.pt\/#\/schema\/logo\/image\/","url":"https:\/\/www.visitguarda.pt\/wp-content\/uploads\/2025\/01\/logo_mun_guarda.jpg","contentUrl":"https:\/\/www.visitguarda.pt\/wp-content\/uploads\/2025\/01\/logo_mun_guarda.jpg","width":1181,"height":1181,"caption":"Munic\u00edpio da Guarda"},"image":{"@id":"https:\/\/www.visitguarda.pt\/#\/schema\/logo\/image\/"},"sameAs":["https:\/\/fb.com\/MunicipioDaGuarda","https:\/\/www.instagram.com\/municipiodaguarda"]}]}},"_links":{"self":[{"href":"https:\/\/www.visitguarda.pt\/es\/wp-json\/wp\/v2\/evento\/20335","targetHints":{"allow":["GET"]}}],"collection":[{"href":"https:\/\/www.visitguarda.pt\/es\/wp-json\/wp\/v2\/evento"}],"about":[{"href":"https:\/\/www.visitguarda.pt\/es\/wp-json\/wp\/v2\/types\/evento"}],"wp:attachment":[{"href":"https:\/\/www.visitguarda.pt\/es\/wp-json\/wp\/v2\/media?parent=20335"}],"wp:term":[{"taxonomy":"categoria_evento","embeddable":true,"href":"https:\/\/www.visitguarda.pt\/es\/wp-json\/wp\/v2\/categoria_evento?post=20335"},{"taxonomy":"estacao_do_ano","embeddable":true,"href":"https:\/\/www.visitguarda.pt\/es\/wp-json\/wp\/v2\/estacao_do_ano?post=20335"}],"curies":[{"name":"wp","href":"https:\/\/api.w.org\/{rel}","templated":true}]}}

TEATRO | Crianças ao Poder | Gambozinos &amp; Peobardos | Grupo de Teatro da Vela

<p>​&quot;Crianças ao Poder!&quot; é um manifesto que dá voz às crianças e realça a importância de serem ouvidas. É uma peça que nos lembra a inocência e simplicidade com que imaginámos o mundo e construímos sonhos. Baseada no livro &quot;Cruzada das Crianças&quot;, de Afonso Cruz, que relembrou a Cruzada das Crianças que aconteceu em 1212, formada por uma multidão composta essencialmente por crianças. O autor inspirou-se neste episódio do passado para escrever uma história do presente, em que dá voz às reivindicações das crianças por um mundo melhor.</p>
<p>Café Concerto | 18h | quarta | Entrada gratuita I M6</p>
<p>Org&#058; Gambozinos &amp; Peobardos – Grupo de Teatro da Vela I TMG</p>

<!-- This site is optimized with the Yoast SEO plugin v25.1 - https://yoast.com/wordpress/plugins/seo/ -->
<title>TEATRO | Crianças ao Poder | Gambozinos &amp; Peobardos | Grupo de Teatro da Vela - VisitGuarda</title>
<meta name="robots" content="index, follow, max-snippet:-1, max-image-preview:large, max-video-preview:-1" />
<link rel="canonical" href="https://www.visitguarda.pt/evento/teatro-criancas-ao-poder-gambozinos-peobardos-grupo-de-teatro-da-vela/" />
<meta property="og:locale" content="es_ES" />
<meta property="og:type" content="article" />
<meta property="og:title" content="TEATRO | Crianças ao Poder | Gambozinos &amp; Peobardos | Grupo de Teatro da Vela - VisitGuarda" />
<meta property="og:description" content="​&quot;Crianças ao Poder!&quot; é um manifesto que dá voz às crianças e realça a importância de serem ouvidas. É uma peça que nos lembra a inocência e simplicidade com que imaginámos o mundo e construímos sonhos. Baseada no livro &quot;Cruzada das Crianças&quot;, de Afonso Cruz, que relembrou a Cruzada das Crianças que aconteceu em 1212, [&hellip;]" />
<meta property="og:url" content="https://www.visitguarda.pt/evento/teatro-criancas-ao-poder-gambozinos-peobardos-grupo-de-teatro-da-vela/" />
<meta property="og:site_name" content="VisitGuarda" />
<meta property="article:publisher" content="https://fb.com/MunicipioDaGuarda" />
<meta property="article:modified_time" content="2025-09-10T20:00:02+00:00" />
<meta name="twitter:card" content="summary_large_image" />
<meta name="twitter:label1" content="Tiempo de lectura" />
	<meta name="twitter:data1" content="1 minuto" />
<script type="application/ld+json" class="yoast-schema-graph">{"@context":"https://schema.org","@graph":[{"@type":"WebPage","@id":"https://www.visitguarda.pt/evento/teatro-criancas-ao-poder-gambozinos-peobardos-grupo-de-teatro-da-vela/","url":"https://www.visitguarda.pt/evento/teatro-criancas-ao-poder-gambozinos-peobardos-grupo-de-teatro-da-vela/","name":"TEATRO | Crianças ao Poder | Gambozinos &amp; Peobardos | Grupo de Teatro da Vela - VisitGuarda","isPartOf":{"@id":"https://www.visitguarda.pt/#website"},"datePublished":"2025-07-18T13:19:26+00:00","dateModified":"2025-09-10T20:00:02+00:00","breadcrumb":{"@id":"https://www.visitguarda.pt/evento/teatro-criancas-ao-poder-gambozinos-peobardos-grupo-de-teatro-da-vela/#breadcrumb"},"inLanguage":"es","potentialAction":[{"@type":"ReadAction","target":["https://www.visitguarda.pt/evento/teatro-criancas-ao-poder-gambozinos-peobardos-grupo-de-teatro-da-vela/"]}]},{"@type":"BreadcrumbList","@id":"https://www.visitguarda.pt/evento/teatro-criancas-ao-poder-gambozinos-peobardos-grupo-de-teatro-da-vela/#breadcrumb","itemListElement":[{"@type":"ListItem","position":1,"name":"Início","item":"https://www.visitguarda.pt/es/"},{"@type":"ListItem","position":2,"name":"TEATRO | Crianças ao Poder | Gambozinos &amp; Peobardos | Grupo de Teatro da Vela"}]},{"@type":"WebSite","@id":"https://www.visitguarda.pt/#website","url":"https://www.visitguarda.pt/","name":"VisitGuarda","description":"","publisher":{"@id":"https://www.visitguarda.pt/#organization"},"potentialAction":[{"@type":"SearchAction","target":{"@type":"EntryPoint","urlTemplate":"https://www.visitguarda.pt/?s={search_term_string}"},"query-input":{"@type":"PropertyValueSpecification","valueRequired":true,"valueName":"search_term_string"}}],"inLanguage":"es"},{"@type":"Organization","@id":"https://www.visitguarda.pt/#organization","name":"Município da Guarda","url":"https://www.visitguarda.pt/","logo":{"@type":"ImageObject","inLanguage":"es","@id":"https://www.visitguarda.pt/#/schema/logo/image/","url":"https://www.visitguarda.pt/wp-content/uploads/2025/01/logo_mun_guarda.jpg","contentUrl":"https://www.visitguarda.pt/wp-content/uploads/2025/01/logo_mun_guarda.jpg","width":1181,"height":1181,"caption":"Município da Guarda"},"image":{"@id":"https://www.visitguarda.pt/#/schema/logo/image/"},"sameAs":["https://fb.com/MunicipioDaGuarda","https://www.instagram.com/municipiodaguarda"]}]}</script>
<!-- / Yoast SEO plugin. -->

TEATRO | Crianças ao Poder | Gambozinos &amp; Peobardos | Grupo de Teatro da Vela - VisitGuarda

​&quot;Crianças ao Poder!&quot; é um manifesto que dá voz às crianças e realça a importância de serem ouvidas. É uma peça que nos lembra a inocência e simplicidade com que imaginámos o mundo e construímos sonhos. Baseada no livro &quot;Cruzada das Crianças&quot;, de Afonso Cruz, que relembrou a Cruzada das Crianças que aconteceu em 1212, [&hellip;]

Início

Município da Guarda
