{"id":10122,"date":"2024-05-28T16:57:50","date_gmt":"2024-05-28T16:57:50","guid":{"rendered":"https:\/\/visitguarda.dev.loba.com\/ponto_de_interesse\/museu-de-tecelagem-dos-meios\/"},"modified":"2026-03-12T13:00:59","modified_gmt":"2026-03-12T13:00:59","slug":"museu-de-tecelagem-dos-meios","status":"publish","type":"ponto_de_interesse","link":"https:\/\/www.visitguarda.pt\/es\/ponto_de_interesse\/museu-de-tecelagem-dos-meios\/","title":{"rendered":"Museo de Tejedura de Meios"},"content":{"rendered":"<p>Instalado en una antigua f\u00e1brica de \u201cmantas de papa\u201d, hay un tejedor que muestra c\u00f3mo nacen estas piezas de nombre peculiar, en lana, que tanto serv\u00edan de enxoval como eran usadas por los pastores para proteger a los pastores de los rigores del invierno.&nbsp;Su acervo es, principalmente, compuesto por art\u00edculos ligados a la tem\u00e1tica de la pastoricia, transumancia y aprovechamiento de la lana de oveja.&nbsp;Uno de los pisos del Museo est\u00e1 totalmente ocupado por teares necesarios a la fabricaci\u00f3n de las \u201cmantas de papa\u201d.Horario de apertura: lunes a s\u00e1bado: 09:00-12:30 | 13:30-17:00 (hora local)Cerrado: domingos, 1 de enero, domingo de Pascua y 25 de diciembre.Visitas de grupo con cita previa.Direcci\u00f3n: Rua Direita, Meios, 6300-135 GuardaTel\u00e9fono: (+351) 271591046Correo electr\u00f3nico: museu.meios@mun-guarda.pt&nbsp;<\/p>\n","protected":false},"featured_media":0,"template":"","meta":{"_acf_changed":false},"categoria_ponto_interesse":[263],"duracao":[],"estacao_do_ano":[],"grupo_de_viagem":[],"tipo_de_experiencia":[264,222],"class_list":["post-10122","ponto_de_interesse","type-ponto_de_interesse","status-publish","hentry","categoria_ponto_interesse-museus-casas-museu-es","tipo_de_experiencia-cultura-es","tipo_de_experiencia-herencia"],"acf":[],"yoast_head":"<!-- This site is optimized with the Yoast SEO plugin v25.1 - https:\/\/yoast.com\/wordpress\/plugins\/seo\/ -->\n<title>Museo de Tejedura de Meios - VisitGuarda<\/title>\n<meta name=\"robots\" content=\"index, follow, max-snippet:-1, max-image-preview:large, max-video-preview:-1\" \/>\n<link rel=\"canonical\" href=\"https:\/\/www.visitguarda.pt\/ponto_de_interesse\/museu-de-tecelagem-dos-meios\/\" \/>\n<meta property=\"og:locale\" content=\"es_ES\" \/>\n<meta property=\"og:type\" content=\"article\" \/>\n<meta property=\"og:title\" content=\"Museo de Tejedura de Meios - VisitGuarda\" \/>\n<meta property=\"og:description\" content=\"Instalado en una antigua f\u00e1brica de \u201cmantas de papa\u201d, hay un tejedor que muestra c\u00f3mo nacen estas piezas de nombre peculiar, en lana, que tanto serv\u00edan de enxoval como eran usadas por los pastores para proteger a los pastores de los rigores del invierno.&nbsp;Su acervo es, principalmente, compuesto por art\u00edculos ligados a la tem\u00e1tica de [&hellip;]\" \/>\n<meta property=\"og:url\" content=\"https:\/\/www.visitguarda.pt\/ponto_de_interesse\/museu-de-tecelagem-dos-meios\/\" \/>\n<meta property=\"og:site_name\" content=\"VisitGuarda\" \/>\n<meta property=\"article:publisher\" content=\"https:\/\/fb.com\/MunicipioDaGuarda\" \/>\n<meta property=\"article:modified_time\" content=\"2026-03-12T13:00:59+00:00\" \/>\n<meta name=\"twitter:card\" content=\"summary_large_image\" \/>\n<meta name=\"twitter:label1\" content=\"Tiempo de lectura\" \/>\n\t<meta name=\"twitter:data1\" content=\"1 minuto\" \/>\n<script type=\"application\/ld+json\" class=\"yoast-schema-graph\">{\"@context\":\"https:\/\/schema.org\",\"@graph\":[{\"@type\":\"WebPage\",\"@id\":\"https:\/\/www.visitguarda.pt\/ponto_de_interesse\/museu-de-tecelagem-dos-meios\/\",\"url\":\"https:\/\/www.visitguarda.pt\/ponto_de_interesse\/museu-de-tecelagem-dos-meios\/\",\"name\":\"Museo de Tejedura de Meios - VisitGuarda\",\"isPartOf\":{\"@id\":\"https:\/\/www.visitguarda.pt\/#website\"},\"datePublished\":\"2024-05-28T16:57:50+00:00\",\"dateModified\":\"2026-03-12T13:00:59+00:00\",\"breadcrumb\":{\"@id\":\"https:\/\/www.visitguarda.pt\/ponto_de_interesse\/museu-de-tecelagem-dos-meios\/#breadcrumb\"},\"inLanguage\":\"es\",\"potentialAction\":[{\"@type\":\"ReadAction\",\"target\":[\"https:\/\/www.visitguarda.pt\/ponto_de_interesse\/museu-de-tecelagem-dos-meios\/\"]}]},{\"@type\":\"BreadcrumbList\",\"@id\":\"https:\/\/www.visitguarda.pt\/ponto_de_interesse\/museu-de-tecelagem-dos-meios\/#breadcrumb\",\"itemListElement\":[{\"@type\":\"ListItem\",\"position\":1,\"name\":\"In\u00edcio\",\"item\":\"https:\/\/www.visitguarda.pt\/es\/\"},{\"@type\":\"ListItem\",\"position\":2,\"name\":\"Museo de Tejedura de Meios\"}]},{\"@type\":\"WebSite\",\"@id\":\"https:\/\/www.visitguarda.pt\/#website\",\"url\":\"https:\/\/www.visitguarda.pt\/\",\"name\":\"VisitGuarda\",\"description\":\"\",\"publisher\":{\"@id\":\"https:\/\/www.visitguarda.pt\/#organization\"},\"potentialAction\":[{\"@type\":\"SearchAction\",\"target\":{\"@type\":\"EntryPoint\",\"urlTemplate\":\"https:\/\/www.visitguarda.pt\/?s={search_term_string}\"},\"query-input\":{\"@type\":\"PropertyValueSpecification\",\"valueRequired\":true,\"valueName\":\"search_term_string\"}}],\"inLanguage\":\"es\"},{\"@type\":\"Organization\",\"@id\":\"https:\/\/www.visitguarda.pt\/#organization\",\"name\":\"Munic\u00edpio da Guarda\",\"url\":\"https:\/\/www.visitguarda.pt\/\",\"logo\":{\"@type\":\"ImageObject\",\"inLanguage\":\"es\",\"@id\":\"https:\/\/www.visitguarda.pt\/#\/schema\/logo\/image\/\",\"url\":\"https:\/\/www.visitguarda.pt\/wp-content\/uploads\/2025\/01\/logo_mun_guarda.jpg\",\"contentUrl\":\"https:\/\/www.visitguarda.pt\/wp-content\/uploads\/2025\/01\/logo_mun_guarda.jpg\",\"width\":1181,\"height\":1181,\"caption\":\"Munic\u00edpio da Guarda\"},\"image\":{\"@id\":\"https:\/\/www.visitguarda.pt\/#\/schema\/logo\/image\/\"},\"sameAs\":[\"https:\/\/fb.com\/MunicipioDaGuarda\",\"https:\/\/www.instagram.com\/municipiodaguarda\"]}]}<\/script>\n<!-- \/ Yoast SEO plugin. -->","yoast_head_json":{"title":"Museo de Tejedura de Meios - VisitGuarda","robots":{"index":"index","follow":"follow","max-snippet":"max-snippet:-1","max-image-preview":"max-image-preview:large","max-video-preview":"max-video-preview:-1"},"canonical":"https:\/\/www.visitguarda.pt\/ponto_de_interesse\/museu-de-tecelagem-dos-meios\/","og_locale":"es_ES","og_type":"article","og_title":"Museo de Tejedura de Meios - VisitGuarda","og_description":"Instalado en una antigua f\u00e1brica de \u201cmantas de papa\u201d, hay un tejedor que muestra c\u00f3mo nacen estas piezas de nombre peculiar, en lana, que tanto serv\u00edan de enxoval como eran usadas por los pastores para proteger a los pastores de los rigores del invierno.&nbsp;Su acervo es, principalmente, compuesto por art\u00edculos ligados a la tem\u00e1tica de [&hellip;]","og_url":"https:\/\/www.visitguarda.pt\/ponto_de_interesse\/museu-de-tecelagem-dos-meios\/","og_site_name":"VisitGuarda","article_publisher":"https:\/\/fb.com\/MunicipioDaGuarda","article_modified_time":"2026-03-12T13:00:59+00:00","twitter_card":"summary_large_image","twitter_misc":{"Tiempo de lectura":"1 minuto"},"schema":{"@context":"https:\/\/schema.org","@graph":[{"@type":"WebPage","@id":"https:\/\/www.visitguarda.pt\/ponto_de_interesse\/museu-de-tecelagem-dos-meios\/","url":"https:\/\/www.visitguarda.pt\/ponto_de_interesse\/museu-de-tecelagem-dos-meios\/","name":"Museo de Tejedura de Meios - VisitGuarda","isPartOf":{"@id":"https:\/\/www.visitguarda.pt\/#website"},"datePublished":"2024-05-28T16:57:50+00:00","dateModified":"2026-03-12T13:00:59+00:00","breadcrumb":{"@id":"https:\/\/www.visitguarda.pt\/ponto_de_interesse\/museu-de-tecelagem-dos-meios\/#breadcrumb"},"inLanguage":"es","potentialAction":[{"@type":"ReadAction","target":["https:\/\/www.visitguarda.pt\/ponto_de_interesse\/museu-de-tecelagem-dos-meios\/"]}]},{"@type":"BreadcrumbList","@id":"https:\/\/www.visitguarda.pt\/ponto_de_interesse\/museu-de-tecelagem-dos-meios\/#breadcrumb","itemListElement":[{"@type":"ListItem","position":1,"name":"In\u00edcio","item":"https:\/\/www.visitguarda.pt\/es\/"},{"@type":"ListItem","position":2,"name":"Museo de Tejedura de Meios"}]},{"@type":"WebSite","@id":"https:\/\/www.visitguarda.pt\/#website","url":"https:\/\/www.visitguarda.pt\/","name":"VisitGuarda","description":"","publisher":{"@id":"https:\/\/www.visitguarda.pt\/#organization"},"potentialAction":[{"@type":"SearchAction","target":{"@type":"EntryPoint","urlTemplate":"https:\/\/www.visitguarda.pt\/?s={search_term_string}"},"query-input":{"@type":"PropertyValueSpecification","valueRequired":true,"valueName":"search_term_string"}}],"inLanguage":"es"},{"@type":"Organization","@id":"https:\/\/www.visitguarda.pt\/#organization","name":"Munic\u00edpio da Guarda","url":"https:\/\/www.visitguarda.pt\/","logo":{"@type":"ImageObject","inLanguage":"es","@id":"https:\/\/www.visitguarda.pt\/#\/schema\/logo\/image\/","url":"https:\/\/www.visitguarda.pt\/wp-content\/uploads\/2025\/01\/logo_mun_guarda.jpg","contentUrl":"https:\/\/www.visitguarda.pt\/wp-content\/uploads\/2025\/01\/logo_mun_guarda.jpg","width":1181,"height":1181,"caption":"Munic\u00edpio da Guarda"},"image":{"@id":"https:\/\/www.visitguarda.pt\/#\/schema\/logo\/image\/"},"sameAs":["https:\/\/fb.com\/MunicipioDaGuarda","https:\/\/www.instagram.com\/municipiodaguarda"]}]}},"_links":{"self":[{"href":"https:\/\/www.visitguarda.pt\/es\/wp-json\/wp\/v2\/ponto_de_interesse\/10122","targetHints":{"allow":["GET"]}}],"collection":[{"href":"https:\/\/www.visitguarda.pt\/es\/wp-json\/wp\/v2\/ponto_de_interesse"}],"about":[{"href":"https:\/\/www.visitguarda.pt\/es\/wp-json\/wp\/v2\/types\/ponto_de_interesse"}],"wp:attachment":[{"href":"https:\/\/www.visitguarda.pt\/es\/wp-json\/wp\/v2\/media?parent=10122"}],"wp:term":[{"taxonomy":"categoria_ponto_interesse","embeddable":true,"href":"https:\/\/www.visitguarda.pt\/es\/wp-json\/wp\/v2\/categoria_ponto_interesse?post=10122"},{"taxonomy":"duracao","embeddable":true,"href":"https:\/\/www.visitguarda.pt\/es\/wp-json\/wp\/v2\/duracao?post=10122"},{"taxonomy":"estacao_do_ano","embeddable":true,"href":"https:\/\/www.visitguarda.pt\/es\/wp-json\/wp\/v2\/estacao_do_ano?post=10122"},{"taxonomy":"grupo_de_viagem","embeddable":true,"href":"https:\/\/www.visitguarda.pt\/es\/wp-json\/wp\/v2\/grupo_de_viagem?post=10122"},{"taxonomy":"tipo_de_experiencia","embeddable":true,"href":"https:\/\/www.visitguarda.pt\/es\/wp-json\/wp\/v2\/tipo_de_experiencia?post=10122"}],"curies":[{"name":"wp","href":"https:\/\/api.w.org\/{rel}","templated":true}]}}

<p>Instalado en una antigua fábrica de “mantas de papa”, hay un tejedor que muestra cómo nacen estas piezas de nombre peculiar, en lana, que tanto servían de enxoval como eran usadas por los pastores para proteger a los pastores de los rigores del invierno.&nbsp;Su acervo es, principalmente, compuesto por artículos ligados a la temática de la pastoricia, transumancia y aprovechamiento de la lana de oveja.&nbsp;Uno de los pisos del Museo está totalmente ocupado por teares necesarios a la fabricación de las “mantas de papa”.Horario de apertura: lunes a sábado: 09:00-12:30 | 13:30-17:00 (hora local)Cerrado: domingos, 1 de enero, domingo de Pascua y 25 de diciembre.Visitas de grupo con cita previa.Dirección: Rua Direita, Meios, 6300-135 GuardaTeléfono: (+351) 271591046Correo electrónico: museu.meios@mun-guarda.pt&nbsp;</p>

<!-- This site is optimized with the Yoast SEO plugin v25.1 - https://yoast.com/wordpress/plugins/seo/ -->
<title>Museo de Tejedura de Meios - VisitGuarda</title>
<meta name="robots" content="index, follow, max-snippet:-1, max-image-preview:large, max-video-preview:-1" />
<link rel="canonical" href="https://www.visitguarda.pt/ponto_de_interesse/museu-de-tecelagem-dos-meios/" />
<meta property="og:locale" content="es_ES" />
<meta property="og:type" content="article" />
<meta property="og:title" content="Museo de Tejedura de Meios - VisitGuarda" />
<meta property="og:description" content="Instalado en una antigua fábrica de “mantas de papa”, hay un tejedor que muestra cómo nacen estas piezas de nombre peculiar, en lana, que tanto servían de enxoval como eran usadas por los pastores para proteger a los pastores de los rigores del invierno.&nbsp;Su acervo es, principalmente, compuesto por artículos ligados a la temática de [&hellip;]" />
<meta property="og:url" content="https://www.visitguarda.pt/ponto_de_interesse/museu-de-tecelagem-dos-meios/" />
<meta property="og:site_name" content="VisitGuarda" />
<meta property="article:publisher" content="https://fb.com/MunicipioDaGuarda" />
<meta property="article:modified_time" content="2026-03-12T13:00:59+00:00" />
<meta name="twitter:card" content="summary_large_image" />
<meta name="twitter:label1" content="Tiempo de lectura" />
	<meta name="twitter:data1" content="1 minuto" />
<script type="application/ld+json" class="yoast-schema-graph">{"@context":"https://schema.org","@graph":[{"@type":"WebPage","@id":"https://www.visitguarda.pt/ponto_de_interesse/museu-de-tecelagem-dos-meios/","url":"https://www.visitguarda.pt/ponto_de_interesse/museu-de-tecelagem-dos-meios/","name":"Museo de Tejedura de Meios - VisitGuarda","isPartOf":{"@id":"https://www.visitguarda.pt/#website"},"datePublished":"2024-05-28T16:57:50+00:00","dateModified":"2026-03-12T13:00:59+00:00","breadcrumb":{"@id":"https://www.visitguarda.pt/ponto_de_interesse/museu-de-tecelagem-dos-meios/#breadcrumb"},"inLanguage":"es","potentialAction":[{"@type":"ReadAction","target":["https://www.visitguarda.pt/ponto_de_interesse/museu-de-tecelagem-dos-meios/"]}]},{"@type":"BreadcrumbList","@id":"https://www.visitguarda.pt/ponto_de_interesse/museu-de-tecelagem-dos-meios/#breadcrumb","itemListElement":[{"@type":"ListItem","position":1,"name":"Início","item":"https://www.visitguarda.pt/es/"},{"@type":"ListItem","position":2,"name":"Museo de Tejedura de Meios"}]},{"@type":"WebSite","@id":"https://www.visitguarda.pt/#website","url":"https://www.visitguarda.pt/","name":"VisitGuarda","description":"","publisher":{"@id":"https://www.visitguarda.pt/#organization"},"potentialAction":[{"@type":"SearchAction","target":{"@type":"EntryPoint","urlTemplate":"https://www.visitguarda.pt/?s={search_term_string}"},"query-input":{"@type":"PropertyValueSpecification","valueRequired":true,"valueName":"search_term_string"}}],"inLanguage":"es"},{"@type":"Organization","@id":"https://www.visitguarda.pt/#organization","name":"Município da Guarda","url":"https://www.visitguarda.pt/","logo":{"@type":"ImageObject","inLanguage":"es","@id":"https://www.visitguarda.pt/#/schema/logo/image/","url":"https://www.visitguarda.pt/wp-content/uploads/2025/01/logo_mun_guarda.jpg","contentUrl":"https://www.visitguarda.pt/wp-content/uploads/2025/01/logo_mun_guarda.jpg","width":1181,"height":1181,"caption":"Município da Guarda"},"image":{"@id":"https://www.visitguarda.pt/#/schema/logo/image/"},"sameAs":["https://fb.com/MunicipioDaGuarda","https://www.instagram.com/municipiodaguarda"]}]}</script>
<!-- / Yoast SEO plugin. -->

Instalado en una antigua fábrica de “mantas de papa”, hay un tejedor que muestra cómo nacen estas piezas de nombre peculiar, en lana, que tanto servían de enxoval como eran usadas por los pastores para proteger a los pastores de los rigores del invierno.&nbsp;Su acervo es, principalmente, compuesto por artículos ligados a la temática de [&hellip;]

Início

Município da Guarda
