{"id":10206,"date":"2024-05-28T16:58:08","date_gmt":"2024-05-28T16:58:08","guid":{"rendered":"https:\/\/visitguarda.dev.loba.com\/ponto_de_interesse\/rota-da-viagem-do-elefante\/"},"modified":"2026-03-12T13:01:55","modified_gmt":"2026-03-12T13:01:55","slug":"rota-da-viagem-do-elefante","status":"publish","type":"ponto_de_interesse","link":"https:\/\/www.visitguarda.pt\/es\/ponto_de_interesse\/rota-da-viagem-do-elefante\/","title":{"rendered":"Ruta del viaje del elefante"},"content":{"rendered":"<p>Adem\u00e1s de ser una de las obras m\u00e1s llamativas de Saramago, la obra retrata el largo y sufrido viaje del paquidermo que, antes de cruzar las fronteras hacia Austria, realiz\u00f3 un largo viaje al interior, por el interior portugu\u00e9s. Con el lema, acomp\u00e1\u00f1anos en un recorrido por el coraz\u00f3n de Portugal pasando por Guarda, Figueira de Castelo Rodrigo, Pinhel, Sabugal, Belmonte y Fund\u00e3o.M\u00e1s informaci\u00f3n en: https:\/\/www.rotaviagemdoelefante. pt\/pt\/<\/p>\n","protected":false},"featured_media":0,"template":"","meta":{"_acf_changed":false},"categoria_ponto_interesse":[311],"duracao":[],"estacao_do_ano":[],"grupo_de_viagem":[],"tipo_de_experiencia":[264,304],"class_list":["post-10206","ponto_de_interesse","type-ponto_de_interesse","status-publish","hentry","categoria_ponto_interesse-rutas-literarias","tipo_de_experiencia-cultura-es","tipo_de_experiencia-rutas"],"acf":[],"yoast_head":"<!-- This site is optimized with the Yoast SEO plugin v25.1 - https:\/\/yoast.com\/wordpress\/plugins\/seo\/ -->\n<title>Ruta del viaje del elefante - VisitGuarda<\/title>\n<meta name=\"robots\" content=\"index, follow, max-snippet:-1, max-image-preview:large, max-video-preview:-1\" \/>\n<link rel=\"canonical\" href=\"https:\/\/www.visitguarda.pt\/ponto_de_interesse\/rota-da-viagem-do-elefante\/\" \/>\n<meta property=\"og:locale\" content=\"es_ES\" \/>\n<meta property=\"og:type\" content=\"article\" \/>\n<meta property=\"og:title\" content=\"Ruta del viaje del elefante - VisitGuarda\" \/>\n<meta property=\"og:description\" content=\"Adem\u00e1s de ser una de las obras m\u00e1s llamativas de Saramago, la obra retrata el largo y sufrido viaje del paquidermo que, antes de cruzar las fronteras hacia Austria, realiz\u00f3 un largo viaje al interior, por el interior portugu\u00e9s. Con el lema, acomp\u00e1\u00f1anos en un recorrido por el coraz\u00f3n de Portugal pasando por Guarda, Figueira [&hellip;]\" \/>\n<meta property=\"og:url\" content=\"https:\/\/www.visitguarda.pt\/ponto_de_interesse\/rota-da-viagem-do-elefante\/\" \/>\n<meta property=\"og:site_name\" content=\"VisitGuarda\" \/>\n<meta property=\"article:publisher\" content=\"https:\/\/fb.com\/MunicipioDaGuarda\" \/>\n<meta property=\"article:modified_time\" content=\"2026-03-12T13:01:55+00:00\" \/>\n<meta name=\"twitter:card\" content=\"summary_large_image\" \/>\n<script type=\"application\/ld+json\" class=\"yoast-schema-graph\">{\"@context\":\"https:\/\/schema.org\",\"@graph\":[{\"@type\":\"WebPage\",\"@id\":\"https:\/\/www.visitguarda.pt\/ponto_de_interesse\/rota-da-viagem-do-elefante\/\",\"url\":\"https:\/\/www.visitguarda.pt\/ponto_de_interesse\/rota-da-viagem-do-elefante\/\",\"name\":\"Ruta del viaje del elefante - VisitGuarda\",\"isPartOf\":{\"@id\":\"https:\/\/www.visitguarda.pt\/#website\"},\"datePublished\":\"2024-05-28T16:58:08+00:00\",\"dateModified\":\"2026-03-12T13:01:55+00:00\",\"breadcrumb\":{\"@id\":\"https:\/\/www.visitguarda.pt\/ponto_de_interesse\/rota-da-viagem-do-elefante\/#breadcrumb\"},\"inLanguage\":\"es\",\"potentialAction\":[{\"@type\":\"ReadAction\",\"target\":[\"https:\/\/www.visitguarda.pt\/ponto_de_interesse\/rota-da-viagem-do-elefante\/\"]}]},{\"@type\":\"BreadcrumbList\",\"@id\":\"https:\/\/www.visitguarda.pt\/ponto_de_interesse\/rota-da-viagem-do-elefante\/#breadcrumb\",\"itemListElement\":[{\"@type\":\"ListItem\",\"position\":1,\"name\":\"In\u00edcio\",\"item\":\"https:\/\/www.visitguarda.pt\/es\/\"},{\"@type\":\"ListItem\",\"position\":2,\"name\":\"Ruta del viaje del elefante\"}]},{\"@type\":\"WebSite\",\"@id\":\"https:\/\/www.visitguarda.pt\/#website\",\"url\":\"https:\/\/www.visitguarda.pt\/\",\"name\":\"VisitGuarda\",\"description\":\"\",\"publisher\":{\"@id\":\"https:\/\/www.visitguarda.pt\/#organization\"},\"potentialAction\":[{\"@type\":\"SearchAction\",\"target\":{\"@type\":\"EntryPoint\",\"urlTemplate\":\"https:\/\/www.visitguarda.pt\/?s={search_term_string}\"},\"query-input\":{\"@type\":\"PropertyValueSpecification\",\"valueRequired\":true,\"valueName\":\"search_term_string\"}}],\"inLanguage\":\"es\"},{\"@type\":\"Organization\",\"@id\":\"https:\/\/www.visitguarda.pt\/#organization\",\"name\":\"Munic\u00edpio da Guarda\",\"url\":\"https:\/\/www.visitguarda.pt\/\",\"logo\":{\"@type\":\"ImageObject\",\"inLanguage\":\"es\",\"@id\":\"https:\/\/www.visitguarda.pt\/#\/schema\/logo\/image\/\",\"url\":\"https:\/\/www.visitguarda.pt\/wp-content\/uploads\/2025\/01\/logo_mun_guarda.jpg\",\"contentUrl\":\"https:\/\/www.visitguarda.pt\/wp-content\/uploads\/2025\/01\/logo_mun_guarda.jpg\",\"width\":1181,\"height\":1181,\"caption\":\"Munic\u00edpio da Guarda\"},\"image\":{\"@id\":\"https:\/\/www.visitguarda.pt\/#\/schema\/logo\/image\/\"},\"sameAs\":[\"https:\/\/fb.com\/MunicipioDaGuarda\",\"https:\/\/www.instagram.com\/municipiodaguarda\"]}]}<\/script>\n<!-- \/ Yoast SEO plugin. -->","yoast_head_json":{"title":"Ruta del viaje del elefante - VisitGuarda","robots":{"index":"index","follow":"follow","max-snippet":"max-snippet:-1","max-image-preview":"max-image-preview:large","max-video-preview":"max-video-preview:-1"},"canonical":"https:\/\/www.visitguarda.pt\/ponto_de_interesse\/rota-da-viagem-do-elefante\/","og_locale":"es_ES","og_type":"article","og_title":"Ruta del viaje del elefante - VisitGuarda","og_description":"Adem\u00e1s de ser una de las obras m\u00e1s llamativas de Saramago, la obra retrata el largo y sufrido viaje del paquidermo que, antes de cruzar las fronteras hacia Austria, realiz\u00f3 un largo viaje al interior, por el interior portugu\u00e9s. Con el lema, acomp\u00e1\u00f1anos en un recorrido por el coraz\u00f3n de Portugal pasando por Guarda, Figueira [&hellip;]","og_url":"https:\/\/www.visitguarda.pt\/ponto_de_interesse\/rota-da-viagem-do-elefante\/","og_site_name":"VisitGuarda","article_publisher":"https:\/\/fb.com\/MunicipioDaGuarda","article_modified_time":"2026-03-12T13:01:55+00:00","twitter_card":"summary_large_image","schema":{"@context":"https:\/\/schema.org","@graph":[{"@type":"WebPage","@id":"https:\/\/www.visitguarda.pt\/ponto_de_interesse\/rota-da-viagem-do-elefante\/","url":"https:\/\/www.visitguarda.pt\/ponto_de_interesse\/rota-da-viagem-do-elefante\/","name":"Ruta del viaje del elefante - VisitGuarda","isPartOf":{"@id":"https:\/\/www.visitguarda.pt\/#website"},"datePublished":"2024-05-28T16:58:08+00:00","dateModified":"2026-03-12T13:01:55+00:00","breadcrumb":{"@id":"https:\/\/www.visitguarda.pt\/ponto_de_interesse\/rota-da-viagem-do-elefante\/#breadcrumb"},"inLanguage":"es","potentialAction":[{"@type":"ReadAction","target":["https:\/\/www.visitguarda.pt\/ponto_de_interesse\/rota-da-viagem-do-elefante\/"]}]},{"@type":"BreadcrumbList","@id":"https:\/\/www.visitguarda.pt\/ponto_de_interesse\/rota-da-viagem-do-elefante\/#breadcrumb","itemListElement":[{"@type":"ListItem","position":1,"name":"In\u00edcio","item":"https:\/\/www.visitguarda.pt\/es\/"},{"@type":"ListItem","position":2,"name":"Ruta del viaje del elefante"}]},{"@type":"WebSite","@id":"https:\/\/www.visitguarda.pt\/#website","url":"https:\/\/www.visitguarda.pt\/","name":"VisitGuarda","description":"","publisher":{"@id":"https:\/\/www.visitguarda.pt\/#organization"},"potentialAction":[{"@type":"SearchAction","target":{"@type":"EntryPoint","urlTemplate":"https:\/\/www.visitguarda.pt\/?s={search_term_string}"},"query-input":{"@type":"PropertyValueSpecification","valueRequired":true,"valueName":"search_term_string"}}],"inLanguage":"es"},{"@type":"Organization","@id":"https:\/\/www.visitguarda.pt\/#organization","name":"Munic\u00edpio da Guarda","url":"https:\/\/www.visitguarda.pt\/","logo":{"@type":"ImageObject","inLanguage":"es","@id":"https:\/\/www.visitguarda.pt\/#\/schema\/logo\/image\/","url":"https:\/\/www.visitguarda.pt\/wp-content\/uploads\/2025\/01\/logo_mun_guarda.jpg","contentUrl":"https:\/\/www.visitguarda.pt\/wp-content\/uploads\/2025\/01\/logo_mun_guarda.jpg","width":1181,"height":1181,"caption":"Munic\u00edpio da Guarda"},"image":{"@id":"https:\/\/www.visitguarda.pt\/#\/schema\/logo\/image\/"},"sameAs":["https:\/\/fb.com\/MunicipioDaGuarda","https:\/\/www.instagram.com\/municipiodaguarda"]}]}},"_links":{"self":[{"href":"https:\/\/www.visitguarda.pt\/es\/wp-json\/wp\/v2\/ponto_de_interesse\/10206","targetHints":{"allow":["GET"]}}],"collection":[{"href":"https:\/\/www.visitguarda.pt\/es\/wp-json\/wp\/v2\/ponto_de_interesse"}],"about":[{"href":"https:\/\/www.visitguarda.pt\/es\/wp-json\/wp\/v2\/types\/ponto_de_interesse"}],"wp:attachment":[{"href":"https:\/\/www.visitguarda.pt\/es\/wp-json\/wp\/v2\/media?parent=10206"}],"wp:term":[{"taxonomy":"categoria_ponto_interesse","embeddable":true,"href":"https:\/\/www.visitguarda.pt\/es\/wp-json\/wp\/v2\/categoria_ponto_interesse?post=10206"},{"taxonomy":"duracao","embeddable":true,"href":"https:\/\/www.visitguarda.pt\/es\/wp-json\/wp\/v2\/duracao?post=10206"},{"taxonomy":"estacao_do_ano","embeddable":true,"href":"https:\/\/www.visitguarda.pt\/es\/wp-json\/wp\/v2\/estacao_do_ano?post=10206"},{"taxonomy":"grupo_de_viagem","embeddable":true,"href":"https:\/\/www.visitguarda.pt\/es\/wp-json\/wp\/v2\/grupo_de_viagem?post=10206"},{"taxonomy":"tipo_de_experiencia","embeddable":true,"href":"https:\/\/www.visitguarda.pt\/es\/wp-json\/wp\/v2\/tipo_de_experiencia?post=10206"}],"curies":[{"name":"wp","href":"https:\/\/api.w.org\/{rel}","templated":true}]}}

<p>Además de ser una de las obras más llamativas de Saramago, la obra retrata el largo y sufrido viaje del paquidermo que, antes de cruzar las fronteras hacia Austria, realizó un largo viaje al interior, por el interior portugués. Con el lema, acompáñanos en un recorrido por el corazón de Portugal pasando por Guarda, Figueira de Castelo Rodrigo, Pinhel, Sabugal, Belmonte y Fundão.Más información en: https://www.rotaviagemdoelefante. pt/pt/</p>

<!-- This site is optimized with the Yoast SEO plugin v25.1 - https://yoast.com/wordpress/plugins/seo/ -->
<title>Ruta del viaje del elefante - VisitGuarda</title>
<meta name="robots" content="index, follow, max-snippet:-1, max-image-preview:large, max-video-preview:-1" />
<link rel="canonical" href="https://www.visitguarda.pt/ponto_de_interesse/rota-da-viagem-do-elefante/" />
<meta property="og:locale" content="es_ES" />
<meta property="og:type" content="article" />
<meta property="og:title" content="Ruta del viaje del elefante - VisitGuarda" />
<meta property="og:description" content="Además de ser una de las obras más llamativas de Saramago, la obra retrata el largo y sufrido viaje del paquidermo que, antes de cruzar las fronteras hacia Austria, realizó un largo viaje al interior, por el interior portugués. Con el lema, acompáñanos en un recorrido por el corazón de Portugal pasando por Guarda, Figueira [&hellip;]" />
<meta property="og:url" content="https://www.visitguarda.pt/ponto_de_interesse/rota-da-viagem-do-elefante/" />
<meta property="og:site_name" content="VisitGuarda" />
<meta property="article:publisher" content="https://fb.com/MunicipioDaGuarda" />
<meta property="article:modified_time" content="2026-03-12T13:01:55+00:00" />
<meta name="twitter:card" content="summary_large_image" />
<script type="application/ld+json" class="yoast-schema-graph">{"@context":"https://schema.org","@graph":[{"@type":"WebPage","@id":"https://www.visitguarda.pt/ponto_de_interesse/rota-da-viagem-do-elefante/","url":"https://www.visitguarda.pt/ponto_de_interesse/rota-da-viagem-do-elefante/","name":"Ruta del viaje del elefante - VisitGuarda","isPartOf":{"@id":"https://www.visitguarda.pt/#website"},"datePublished":"2024-05-28T16:58:08+00:00","dateModified":"2026-03-12T13:01:55+00:00","breadcrumb":{"@id":"https://www.visitguarda.pt/ponto_de_interesse/rota-da-viagem-do-elefante/#breadcrumb"},"inLanguage":"es","potentialAction":[{"@type":"ReadAction","target":["https://www.visitguarda.pt/ponto_de_interesse/rota-da-viagem-do-elefante/"]}]},{"@type":"BreadcrumbList","@id":"https://www.visitguarda.pt/ponto_de_interesse/rota-da-viagem-do-elefante/#breadcrumb","itemListElement":[{"@type":"ListItem","position":1,"name":"Início","item":"https://www.visitguarda.pt/es/"},{"@type":"ListItem","position":2,"name":"Ruta del viaje del elefante"}]},{"@type":"WebSite","@id":"https://www.visitguarda.pt/#website","url":"https://www.visitguarda.pt/","name":"VisitGuarda","description":"","publisher":{"@id":"https://www.visitguarda.pt/#organization"},"potentialAction":[{"@type":"SearchAction","target":{"@type":"EntryPoint","urlTemplate":"https://www.visitguarda.pt/?s={search_term_string}"},"query-input":{"@type":"PropertyValueSpecification","valueRequired":true,"valueName":"search_term_string"}}],"inLanguage":"es"},{"@type":"Organization","@id":"https://www.visitguarda.pt/#organization","name":"Município da Guarda","url":"https://www.visitguarda.pt/","logo":{"@type":"ImageObject","inLanguage":"es","@id":"https://www.visitguarda.pt/#/schema/logo/image/","url":"https://www.visitguarda.pt/wp-content/uploads/2025/01/logo_mun_guarda.jpg","contentUrl":"https://www.visitguarda.pt/wp-content/uploads/2025/01/logo_mun_guarda.jpg","width":1181,"height":1181,"caption":"Município da Guarda"},"image":{"@id":"https://www.visitguarda.pt/#/schema/logo/image/"},"sameAs":["https://fb.com/MunicipioDaGuarda","https://www.instagram.com/municipiodaguarda"]}]}</script>
<!-- / Yoast SEO plugin. -->

Además de ser una de las obras más llamativas de Saramago, la obra retrata el largo y sufrido viaje del paquidermo que, antes de cruzar las fronteras hacia Austria, realizó un largo viaje al interior, por el interior portugués. Con el lema, acompáñanos en un recorrido por el corazón de Portugal pasando por Guarda, Figueira [&hellip;]

Início

Município da Guarda
