{"id":10218,"date":"2024-05-28T16:58:10","date_gmt":"2024-05-28T16:58:10","guid":{"rendered":"https:\/\/visitguarda.dev.loba.com\/ponto_de_interesse\/rota-da-cabeca-alta-videmonte-pr2-gdr\/"},"modified":"2026-03-12T13:02:05","modified_gmt":"2026-03-12T13:02:05","slug":"rota-da-cabeca-alta-videmonte-pr2-gdr","status":"publish","type":"ponto_de_interesse","link":"https:\/\/www.visitguarda.pt\/es\/ponto_de_interesse\/rota-da-cabeca-alta-videmonte-pr2-gdr\/","title":{"rendered":"Ruta de la cabeza alta &#8211; Videmonte | PR2 GDR"},"content":{"rendered":"<p>En el paisaje predominan los campos de centeno y el valle del r\u00edo Mondego, siendo el macizo central de la Sierra de la Estrella una presencia constante en el horizonte visual. Al tener un grado de dificultad medio con una duraci\u00f3n aproximada de 5h50m y un total de 19,1km, requiere de una preparaci\u00f3n f\u00edsica razonable.&nbsp;<\/p>\n","protected":false},"featured_media":0,"template":"","meta":{"_acf_changed":false},"categoria_ponto_interesse":[493,314],"duracao":[],"estacao_do_ano":[],"grupo_de_viagem":[],"tipo_de_experiencia":[],"class_list":["post-10218","ponto_de_interesse","type-ponto_de_interesse","status-publish","hentry","categoria_ponto_interesse-aventura-es","categoria_ponto_interesse-senderos-y-rutas"],"acf":[],"yoast_head":"<!-- This site is optimized with the Yoast SEO plugin v25.1 - https:\/\/yoast.com\/wordpress\/plugins\/seo\/ -->\n<title>Ruta de la cabeza alta - Videmonte | PR2 GDR - VisitGuarda<\/title>\n<meta name=\"robots\" content=\"index, follow, max-snippet:-1, max-image-preview:large, max-video-preview:-1\" \/>\n<link rel=\"canonical\" href=\"https:\/\/www.visitguarda.pt\/ponto_de_interesse\/rota-da-cabeca-alta-videmonte-pr2-gdr\/\" \/>\n<meta property=\"og:locale\" content=\"es_ES\" \/>\n<meta property=\"og:type\" content=\"article\" \/>\n<meta property=\"og:title\" content=\"Ruta de la cabeza alta - Videmonte | PR2 GDR - VisitGuarda\" \/>\n<meta property=\"og:description\" content=\"En el paisaje predominan los campos de centeno y el valle del r\u00edo Mondego, siendo el macizo central de la Sierra de la Estrella una presencia constante en el horizonte visual. Al tener un grado de dificultad medio con una duraci\u00f3n aproximada de 5h50m y un total de 19,1km, requiere de una preparaci\u00f3n f\u00edsica razonable.&nbsp;\" \/>\n<meta property=\"og:url\" content=\"https:\/\/www.visitguarda.pt\/ponto_de_interesse\/rota-da-cabeca-alta-videmonte-pr2-gdr\/\" \/>\n<meta property=\"og:site_name\" content=\"VisitGuarda\" \/>\n<meta property=\"article:publisher\" content=\"https:\/\/fb.com\/MunicipioDaGuarda\" \/>\n<meta property=\"article:modified_time\" content=\"2026-03-12T13:02:05+00:00\" \/>\n<meta name=\"twitter:card\" content=\"summary_large_image\" \/>\n<meta name=\"twitter:label1\" content=\"Tiempo de lectura\" \/>\n\t<meta name=\"twitter:data1\" content=\"1 minuto\" \/>\n<script type=\"application\/ld+json\" class=\"yoast-schema-graph\">{\"@context\":\"https:\/\/schema.org\",\"@graph\":[{\"@type\":\"WebPage\",\"@id\":\"https:\/\/www.visitguarda.pt\/ponto_de_interesse\/rota-da-cabeca-alta-videmonte-pr2-gdr\/\",\"url\":\"https:\/\/www.visitguarda.pt\/ponto_de_interesse\/rota-da-cabeca-alta-videmonte-pr2-gdr\/\",\"name\":\"Ruta de la cabeza alta - Videmonte | PR2 GDR - VisitGuarda\",\"isPartOf\":{\"@id\":\"https:\/\/www.visitguarda.pt\/#website\"},\"datePublished\":\"2024-05-28T16:58:10+00:00\",\"dateModified\":\"2026-03-12T13:02:05+00:00\",\"breadcrumb\":{\"@id\":\"https:\/\/www.visitguarda.pt\/ponto_de_interesse\/rota-da-cabeca-alta-videmonte-pr2-gdr\/#breadcrumb\"},\"inLanguage\":\"es\",\"potentialAction\":[{\"@type\":\"ReadAction\",\"target\":[\"https:\/\/www.visitguarda.pt\/ponto_de_interesse\/rota-da-cabeca-alta-videmonte-pr2-gdr\/\"]}]},{\"@type\":\"BreadcrumbList\",\"@id\":\"https:\/\/www.visitguarda.pt\/ponto_de_interesse\/rota-da-cabeca-alta-videmonte-pr2-gdr\/#breadcrumb\",\"itemListElement\":[{\"@type\":\"ListItem\",\"position\":1,\"name\":\"In\u00edcio\",\"item\":\"https:\/\/www.visitguarda.pt\/es\/\"},{\"@type\":\"ListItem\",\"position\":2,\"name\":\"Ruta de la cabeza alta &#8211; Videmonte | PR2 GDR\"}]},{\"@type\":\"WebSite\",\"@id\":\"https:\/\/www.visitguarda.pt\/#website\",\"url\":\"https:\/\/www.visitguarda.pt\/\",\"name\":\"VisitGuarda\",\"description\":\"\",\"publisher\":{\"@id\":\"https:\/\/www.visitguarda.pt\/#organization\"},\"potentialAction\":[{\"@type\":\"SearchAction\",\"target\":{\"@type\":\"EntryPoint\",\"urlTemplate\":\"https:\/\/www.visitguarda.pt\/?s={search_term_string}\"},\"query-input\":{\"@type\":\"PropertyValueSpecification\",\"valueRequired\":true,\"valueName\":\"search_term_string\"}}],\"inLanguage\":\"es\"},{\"@type\":\"Organization\",\"@id\":\"https:\/\/www.visitguarda.pt\/#organization\",\"name\":\"Munic\u00edpio da Guarda\",\"url\":\"https:\/\/www.visitguarda.pt\/\",\"logo\":{\"@type\":\"ImageObject\",\"inLanguage\":\"es\",\"@id\":\"https:\/\/www.visitguarda.pt\/#\/schema\/logo\/image\/\",\"url\":\"https:\/\/www.visitguarda.pt\/wp-content\/uploads\/2025\/01\/logo_mun_guarda.jpg\",\"contentUrl\":\"https:\/\/www.visitguarda.pt\/wp-content\/uploads\/2025\/01\/logo_mun_guarda.jpg\",\"width\":1181,\"height\":1181,\"caption\":\"Munic\u00edpio da Guarda\"},\"image\":{\"@id\":\"https:\/\/www.visitguarda.pt\/#\/schema\/logo\/image\/\"},\"sameAs\":[\"https:\/\/fb.com\/MunicipioDaGuarda\",\"https:\/\/www.instagram.com\/municipiodaguarda\"]}]}<\/script>\n<!-- \/ Yoast SEO plugin. -->","yoast_head_json":{"title":"Ruta de la cabeza alta - Videmonte | PR2 GDR - VisitGuarda","robots":{"index":"index","follow":"follow","max-snippet":"max-snippet:-1","max-image-preview":"max-image-preview:large","max-video-preview":"max-video-preview:-1"},"canonical":"https:\/\/www.visitguarda.pt\/ponto_de_interesse\/rota-da-cabeca-alta-videmonte-pr2-gdr\/","og_locale":"es_ES","og_type":"article","og_title":"Ruta de la cabeza alta - Videmonte | PR2 GDR - VisitGuarda","og_description":"En el paisaje predominan los campos de centeno y el valle del r\u00edo Mondego, siendo el macizo central de la Sierra de la Estrella una presencia constante en el horizonte visual. Al tener un grado de dificultad medio con una duraci\u00f3n aproximada de 5h50m y un total de 19,1km, requiere de una preparaci\u00f3n f\u00edsica razonable.&nbsp;","og_url":"https:\/\/www.visitguarda.pt\/ponto_de_interesse\/rota-da-cabeca-alta-videmonte-pr2-gdr\/","og_site_name":"VisitGuarda","article_publisher":"https:\/\/fb.com\/MunicipioDaGuarda","article_modified_time":"2026-03-12T13:02:05+00:00","twitter_card":"summary_large_image","twitter_misc":{"Tiempo de lectura":"1 minuto"},"schema":{"@context":"https:\/\/schema.org","@graph":[{"@type":"WebPage","@id":"https:\/\/www.visitguarda.pt\/ponto_de_interesse\/rota-da-cabeca-alta-videmonte-pr2-gdr\/","url":"https:\/\/www.visitguarda.pt\/ponto_de_interesse\/rota-da-cabeca-alta-videmonte-pr2-gdr\/","name":"Ruta de la cabeza alta - Videmonte | PR2 GDR - VisitGuarda","isPartOf":{"@id":"https:\/\/www.visitguarda.pt\/#website"},"datePublished":"2024-05-28T16:58:10+00:00","dateModified":"2026-03-12T13:02:05+00:00","breadcrumb":{"@id":"https:\/\/www.visitguarda.pt\/ponto_de_interesse\/rota-da-cabeca-alta-videmonte-pr2-gdr\/#breadcrumb"},"inLanguage":"es","potentialAction":[{"@type":"ReadAction","target":["https:\/\/www.visitguarda.pt\/ponto_de_interesse\/rota-da-cabeca-alta-videmonte-pr2-gdr\/"]}]},{"@type":"BreadcrumbList","@id":"https:\/\/www.visitguarda.pt\/ponto_de_interesse\/rota-da-cabeca-alta-videmonte-pr2-gdr\/#breadcrumb","itemListElement":[{"@type":"ListItem","position":1,"name":"In\u00edcio","item":"https:\/\/www.visitguarda.pt\/es\/"},{"@type":"ListItem","position":2,"name":"Ruta de la cabeza alta &#8211; Videmonte | PR2 GDR"}]},{"@type":"WebSite","@id":"https:\/\/www.visitguarda.pt\/#website","url":"https:\/\/www.visitguarda.pt\/","name":"VisitGuarda","description":"","publisher":{"@id":"https:\/\/www.visitguarda.pt\/#organization"},"potentialAction":[{"@type":"SearchAction","target":{"@type":"EntryPoint","urlTemplate":"https:\/\/www.visitguarda.pt\/?s={search_term_string}"},"query-input":{"@type":"PropertyValueSpecification","valueRequired":true,"valueName":"search_term_string"}}],"inLanguage":"es"},{"@type":"Organization","@id":"https:\/\/www.visitguarda.pt\/#organization","name":"Munic\u00edpio da Guarda","url":"https:\/\/www.visitguarda.pt\/","logo":{"@type":"ImageObject","inLanguage":"es","@id":"https:\/\/www.visitguarda.pt\/#\/schema\/logo\/image\/","url":"https:\/\/www.visitguarda.pt\/wp-content\/uploads\/2025\/01\/logo_mun_guarda.jpg","contentUrl":"https:\/\/www.visitguarda.pt\/wp-content\/uploads\/2025\/01\/logo_mun_guarda.jpg","width":1181,"height":1181,"caption":"Munic\u00edpio da Guarda"},"image":{"@id":"https:\/\/www.visitguarda.pt\/#\/schema\/logo\/image\/"},"sameAs":["https:\/\/fb.com\/MunicipioDaGuarda","https:\/\/www.instagram.com\/municipiodaguarda"]}]}},"_links":{"self":[{"href":"https:\/\/www.visitguarda.pt\/es\/wp-json\/wp\/v2\/ponto_de_interesse\/10218","targetHints":{"allow":["GET"]}}],"collection":[{"href":"https:\/\/www.visitguarda.pt\/es\/wp-json\/wp\/v2\/ponto_de_interesse"}],"about":[{"href":"https:\/\/www.visitguarda.pt\/es\/wp-json\/wp\/v2\/types\/ponto_de_interesse"}],"wp:attachment":[{"href":"https:\/\/www.visitguarda.pt\/es\/wp-json\/wp\/v2\/media?parent=10218"}],"wp:term":[{"taxonomy":"categoria_ponto_interesse","embeddable":true,"href":"https:\/\/www.visitguarda.pt\/es\/wp-json\/wp\/v2\/categoria_ponto_interesse?post=10218"},{"taxonomy":"duracao","embeddable":true,"href":"https:\/\/www.visitguarda.pt\/es\/wp-json\/wp\/v2\/duracao?post=10218"},{"taxonomy":"estacao_do_ano","embeddable":true,"href":"https:\/\/www.visitguarda.pt\/es\/wp-json\/wp\/v2\/estacao_do_ano?post=10218"},{"taxonomy":"grupo_de_viagem","embeddable":true,"href":"https:\/\/www.visitguarda.pt\/es\/wp-json\/wp\/v2\/grupo_de_viagem?post=10218"},{"taxonomy":"tipo_de_experiencia","embeddable":true,"href":"https:\/\/www.visitguarda.pt\/es\/wp-json\/wp\/v2\/tipo_de_experiencia?post=10218"}],"curies":[{"name":"wp","href":"https:\/\/api.w.org\/{rel}","templated":true}]}}

<p>En el paisaje predominan los campos de centeno y el valle del río Mondego, siendo el macizo central de la Sierra de la Estrella una presencia constante en el horizonte visual. Al tener un grado de dificultad medio con una duración aproximada de 5h50m y un total de 19,1km, requiere de una preparación física razonable.&nbsp;</p>

<!-- This site is optimized with the Yoast SEO plugin v25.1 - https://yoast.com/wordpress/plugins/seo/ -->
<title>Ruta de la cabeza alta - Videmonte | PR2 GDR - VisitGuarda</title>
<meta name="robots" content="index, follow, max-snippet:-1, max-image-preview:large, max-video-preview:-1" />
<link rel="canonical" href="https://www.visitguarda.pt/ponto_de_interesse/rota-da-cabeca-alta-videmonte-pr2-gdr/" />
<meta property="og:locale" content="es_ES" />
<meta property="og:type" content="article" />
<meta property="og:title" content="Ruta de la cabeza alta - Videmonte | PR2 GDR - VisitGuarda" />
<meta property="og:description" content="En el paisaje predominan los campos de centeno y el valle del río Mondego, siendo el macizo central de la Sierra de la Estrella una presencia constante en el horizonte visual. Al tener un grado de dificultad medio con una duración aproximada de 5h50m y un total de 19,1km, requiere de una preparación física razonable.&nbsp;" />
<meta property="og:url" content="https://www.visitguarda.pt/ponto_de_interesse/rota-da-cabeca-alta-videmonte-pr2-gdr/" />
<meta property="og:site_name" content="VisitGuarda" />
<meta property="article:publisher" content="https://fb.com/MunicipioDaGuarda" />
<meta property="article:modified_time" content="2026-03-12T13:02:05+00:00" />
<meta name="twitter:card" content="summary_large_image" />
<meta name="twitter:label1" content="Tiempo de lectura" />
	<meta name="twitter:data1" content="1 minuto" />
<script type="application/ld+json" class="yoast-schema-graph">{"@context":"https://schema.org","@graph":[{"@type":"WebPage","@id":"https://www.visitguarda.pt/ponto_de_interesse/rota-da-cabeca-alta-videmonte-pr2-gdr/","url":"https://www.visitguarda.pt/ponto_de_interesse/rota-da-cabeca-alta-videmonte-pr2-gdr/","name":"Ruta de la cabeza alta - Videmonte | PR2 GDR - VisitGuarda","isPartOf":{"@id":"https://www.visitguarda.pt/#website"},"datePublished":"2024-05-28T16:58:10+00:00","dateModified":"2026-03-12T13:02:05+00:00","breadcrumb":{"@id":"https://www.visitguarda.pt/ponto_de_interesse/rota-da-cabeca-alta-videmonte-pr2-gdr/#breadcrumb"},"inLanguage":"es","potentialAction":[{"@type":"ReadAction","target":["https://www.visitguarda.pt/ponto_de_interesse/rota-da-cabeca-alta-videmonte-pr2-gdr/"]}]},{"@type":"BreadcrumbList","@id":"https://www.visitguarda.pt/ponto_de_interesse/rota-da-cabeca-alta-videmonte-pr2-gdr/#breadcrumb","itemListElement":[{"@type":"ListItem","position":1,"name":"Início","item":"https://www.visitguarda.pt/es/"},{"@type":"ListItem","position":2,"name":"Ruta de la cabeza alta &#8211; Videmonte | PR2 GDR"}]},{"@type":"WebSite","@id":"https://www.visitguarda.pt/#website","url":"https://www.visitguarda.pt/","name":"VisitGuarda","description":"","publisher":{"@id":"https://www.visitguarda.pt/#organization"},"potentialAction":[{"@type":"SearchAction","target":{"@type":"EntryPoint","urlTemplate":"https://www.visitguarda.pt/?s={search_term_string}"},"query-input":{"@type":"PropertyValueSpecification","valueRequired":true,"valueName":"search_term_string"}}],"inLanguage":"es"},{"@type":"Organization","@id":"https://www.visitguarda.pt/#organization","name":"Município da Guarda","url":"https://www.visitguarda.pt/","logo":{"@type":"ImageObject","inLanguage":"es","@id":"https://www.visitguarda.pt/#/schema/logo/image/","url":"https://www.visitguarda.pt/wp-content/uploads/2025/01/logo_mun_guarda.jpg","contentUrl":"https://www.visitguarda.pt/wp-content/uploads/2025/01/logo_mun_guarda.jpg","width":1181,"height":1181,"caption":"Município da Guarda"},"image":{"@id":"https://www.visitguarda.pt/#/schema/logo/image/"},"sameAs":["https://fb.com/MunicipioDaGuarda","https://www.instagram.com/municipiodaguarda"]}]}</script>
<!-- / Yoast SEO plugin. -->

En el paisaje predominan los campos de centeno y el valle del río Mondego, siendo el macizo central de la Sierra de la Estrella una presencia constante en el horizonte visual. Al tener un grado de dificultad medio con una duración aproximada de 5h50m y un total de 19,1km, requiere de una preparación física razonable.&nbsp;

Início

Município da Guarda
