{"id":10246,"date":"2024-05-28T16:58:17","date_gmt":"2024-05-28T16:58:17","guid":{"rendered":"https:\/\/visitguarda.dev.loba.com\/ponto_de_interesse\/trilho-das-canadas\/"},"modified":"2026-03-12T13:02:31","modified_gmt":"2026-03-12T13:02:31","slug":"trilho-das-canadas","status":"publish","type":"ponto_de_interesse","link":"https:\/\/www.visitguarda.pt\/es\/ponto_de_interesse\/trilho-das-canadas\/","title":{"rendered":"Camino de las Canadas"},"content":{"rendered":"<p>Esta ruta se encuentra en el coraz\u00f3n del Parque Natural de la Sierra de la Estrella, abarcando el territorio de los pueblos de Meios y Fern\u00e3o Joanes. Comenzando junto al Museo de la Tejedura de la aldea de Meios, se pasa por caminos que alguna vez fueron utilizados por los pastores durante la trashumancia, que se llamaban Canadas. En Fern\u00e3o Joanes encontrar\u00e1s un conjunto de casas con arquitectura tradicional, \u00fanicas y raras en la Pen\u00ednsula Ib\u00e9rica. A lo largo del camino se puede disfrutar de un merendero, con varias zonas verdes, un complejo deportivo y un parque de aventuras en el Parque de Lazer de Nossa Senhora do Soito.Despu\u00e9s de pasar por la Capilla de Nossa Senhora do Soito, un monumento que debe datar de los siglos XV\/XVI, el camino es algo sinuoso, con una fuerte pendiente, entre rodales de casta\u00f1os y robles melojos, en direcci\u00f3n suroeste, pasando por Cortelha do Andr\u00e9. A lo lejos se puede ver el macizo central de la Sierra de la Estrella.<\/p>\n","protected":false},"featured_media":0,"template":"","meta":{"_acf_changed":false},"categoria_ponto_interesse":[314],"duracao":[],"estacao_do_ano":[],"grupo_de_viagem":[],"tipo_de_experiencia":[304],"class_list":["post-10246","ponto_de_interesse","type-ponto_de_interesse","status-publish","hentry","categoria_ponto_interesse-senderos-y-rutas","tipo_de_experiencia-rutas"],"acf":[],"yoast_head":"<!-- This site is optimized with the Yoast SEO plugin v25.1 - https:\/\/yoast.com\/wordpress\/plugins\/seo\/ -->\n<title>Camino de las Canadas - VisitGuarda<\/title>\n<meta name=\"robots\" content=\"index, follow, max-snippet:-1, max-image-preview:large, max-video-preview:-1\" \/>\n<link rel=\"canonical\" href=\"https:\/\/www.visitguarda.pt\/ponto_de_interesse\/trilho-das-canadas\/\" \/>\n<meta property=\"og:locale\" content=\"es_ES\" \/>\n<meta property=\"og:type\" content=\"article\" \/>\n<meta property=\"og:title\" content=\"Camino de las Canadas - VisitGuarda\" \/>\n<meta property=\"og:description\" content=\"Esta ruta se encuentra en el coraz\u00f3n del Parque Natural de la Sierra de la Estrella, abarcando el territorio de los pueblos de Meios y Fern\u00e3o Joanes. Comenzando junto al Museo de la Tejedura de la aldea de Meios, se pasa por caminos que alguna vez fueron utilizados por los pastores durante la trashumancia, que [&hellip;]\" \/>\n<meta property=\"og:url\" content=\"https:\/\/www.visitguarda.pt\/ponto_de_interesse\/trilho-das-canadas\/\" \/>\n<meta property=\"og:site_name\" content=\"VisitGuarda\" \/>\n<meta property=\"article:publisher\" content=\"https:\/\/fb.com\/MunicipioDaGuarda\" \/>\n<meta property=\"article:modified_time\" content=\"2026-03-12T13:02:31+00:00\" \/>\n<meta name=\"twitter:card\" content=\"summary_large_image\" \/>\n<meta name=\"twitter:label1\" content=\"Tiempo de lectura\" \/>\n\t<meta name=\"twitter:data1\" content=\"1 minuto\" \/>\n<script type=\"application\/ld+json\" class=\"yoast-schema-graph\">{\"@context\":\"https:\/\/schema.org\",\"@graph\":[{\"@type\":\"WebPage\",\"@id\":\"https:\/\/www.visitguarda.pt\/ponto_de_interesse\/trilho-das-canadas\/\",\"url\":\"https:\/\/www.visitguarda.pt\/ponto_de_interesse\/trilho-das-canadas\/\",\"name\":\"Camino de las Canadas - VisitGuarda\",\"isPartOf\":{\"@id\":\"https:\/\/www.visitguarda.pt\/#website\"},\"datePublished\":\"2024-05-28T16:58:17+00:00\",\"dateModified\":\"2026-03-12T13:02:31+00:00\",\"breadcrumb\":{\"@id\":\"https:\/\/www.visitguarda.pt\/ponto_de_interesse\/trilho-das-canadas\/#breadcrumb\"},\"inLanguage\":\"es\",\"potentialAction\":[{\"@type\":\"ReadAction\",\"target\":[\"https:\/\/www.visitguarda.pt\/ponto_de_interesse\/trilho-das-canadas\/\"]}]},{\"@type\":\"BreadcrumbList\",\"@id\":\"https:\/\/www.visitguarda.pt\/ponto_de_interesse\/trilho-das-canadas\/#breadcrumb\",\"itemListElement\":[{\"@type\":\"ListItem\",\"position\":1,\"name\":\"In\u00edcio\",\"item\":\"https:\/\/www.visitguarda.pt\/es\/\"},{\"@type\":\"ListItem\",\"position\":2,\"name\":\"Camino de las Canadas\"}]},{\"@type\":\"WebSite\",\"@id\":\"https:\/\/www.visitguarda.pt\/#website\",\"url\":\"https:\/\/www.visitguarda.pt\/\",\"name\":\"VisitGuarda\",\"description\":\"\",\"publisher\":{\"@id\":\"https:\/\/www.visitguarda.pt\/#organization\"},\"potentialAction\":[{\"@type\":\"SearchAction\",\"target\":{\"@type\":\"EntryPoint\",\"urlTemplate\":\"https:\/\/www.visitguarda.pt\/?s={search_term_string}\"},\"query-input\":{\"@type\":\"PropertyValueSpecification\",\"valueRequired\":true,\"valueName\":\"search_term_string\"}}],\"inLanguage\":\"es\"},{\"@type\":\"Organization\",\"@id\":\"https:\/\/www.visitguarda.pt\/#organization\",\"name\":\"Munic\u00edpio da Guarda\",\"url\":\"https:\/\/www.visitguarda.pt\/\",\"logo\":{\"@type\":\"ImageObject\",\"inLanguage\":\"es\",\"@id\":\"https:\/\/www.visitguarda.pt\/#\/schema\/logo\/image\/\",\"url\":\"https:\/\/www.visitguarda.pt\/wp-content\/uploads\/2025\/01\/logo_mun_guarda.jpg\",\"contentUrl\":\"https:\/\/www.visitguarda.pt\/wp-content\/uploads\/2025\/01\/logo_mun_guarda.jpg\",\"width\":1181,\"height\":1181,\"caption\":\"Munic\u00edpio da Guarda\"},\"image\":{\"@id\":\"https:\/\/www.visitguarda.pt\/#\/schema\/logo\/image\/\"},\"sameAs\":[\"https:\/\/fb.com\/MunicipioDaGuarda\",\"https:\/\/www.instagram.com\/municipiodaguarda\"]}]}<\/script>\n<!-- \/ Yoast SEO plugin. -->","yoast_head_json":{"title":"Camino de las Canadas - VisitGuarda","robots":{"index":"index","follow":"follow","max-snippet":"max-snippet:-1","max-image-preview":"max-image-preview:large","max-video-preview":"max-video-preview:-1"},"canonical":"https:\/\/www.visitguarda.pt\/ponto_de_interesse\/trilho-das-canadas\/","og_locale":"es_ES","og_type":"article","og_title":"Camino de las Canadas - VisitGuarda","og_description":"Esta ruta se encuentra en el coraz\u00f3n del Parque Natural de la Sierra de la Estrella, abarcando el territorio de los pueblos de Meios y Fern\u00e3o Joanes. Comenzando junto al Museo de la Tejedura de la aldea de Meios, se pasa por caminos que alguna vez fueron utilizados por los pastores durante la trashumancia, que [&hellip;]","og_url":"https:\/\/www.visitguarda.pt\/ponto_de_interesse\/trilho-das-canadas\/","og_site_name":"VisitGuarda","article_publisher":"https:\/\/fb.com\/MunicipioDaGuarda","article_modified_time":"2026-03-12T13:02:31+00:00","twitter_card":"summary_large_image","twitter_misc":{"Tiempo de lectura":"1 minuto"},"schema":{"@context":"https:\/\/schema.org","@graph":[{"@type":"WebPage","@id":"https:\/\/www.visitguarda.pt\/ponto_de_interesse\/trilho-das-canadas\/","url":"https:\/\/www.visitguarda.pt\/ponto_de_interesse\/trilho-das-canadas\/","name":"Camino de las Canadas - VisitGuarda","isPartOf":{"@id":"https:\/\/www.visitguarda.pt\/#website"},"datePublished":"2024-05-28T16:58:17+00:00","dateModified":"2026-03-12T13:02:31+00:00","breadcrumb":{"@id":"https:\/\/www.visitguarda.pt\/ponto_de_interesse\/trilho-das-canadas\/#breadcrumb"},"inLanguage":"es","potentialAction":[{"@type":"ReadAction","target":["https:\/\/www.visitguarda.pt\/ponto_de_interesse\/trilho-das-canadas\/"]}]},{"@type":"BreadcrumbList","@id":"https:\/\/www.visitguarda.pt\/ponto_de_interesse\/trilho-das-canadas\/#breadcrumb","itemListElement":[{"@type":"ListItem","position":1,"name":"In\u00edcio","item":"https:\/\/www.visitguarda.pt\/es\/"},{"@type":"ListItem","position":2,"name":"Camino de las Canadas"}]},{"@type":"WebSite","@id":"https:\/\/www.visitguarda.pt\/#website","url":"https:\/\/www.visitguarda.pt\/","name":"VisitGuarda","description":"","publisher":{"@id":"https:\/\/www.visitguarda.pt\/#organization"},"potentialAction":[{"@type":"SearchAction","target":{"@type":"EntryPoint","urlTemplate":"https:\/\/www.visitguarda.pt\/?s={search_term_string}"},"query-input":{"@type":"PropertyValueSpecification","valueRequired":true,"valueName":"search_term_string"}}],"inLanguage":"es"},{"@type":"Organization","@id":"https:\/\/www.visitguarda.pt\/#organization","name":"Munic\u00edpio da Guarda","url":"https:\/\/www.visitguarda.pt\/","logo":{"@type":"ImageObject","inLanguage":"es","@id":"https:\/\/www.visitguarda.pt\/#\/schema\/logo\/image\/","url":"https:\/\/www.visitguarda.pt\/wp-content\/uploads\/2025\/01\/logo_mun_guarda.jpg","contentUrl":"https:\/\/www.visitguarda.pt\/wp-content\/uploads\/2025\/01\/logo_mun_guarda.jpg","width":1181,"height":1181,"caption":"Munic\u00edpio da Guarda"},"image":{"@id":"https:\/\/www.visitguarda.pt\/#\/schema\/logo\/image\/"},"sameAs":["https:\/\/fb.com\/MunicipioDaGuarda","https:\/\/www.instagram.com\/municipiodaguarda"]}]}},"_links":{"self":[{"href":"https:\/\/www.visitguarda.pt\/es\/wp-json\/wp\/v2\/ponto_de_interesse\/10246","targetHints":{"allow":["GET"]}}],"collection":[{"href":"https:\/\/www.visitguarda.pt\/es\/wp-json\/wp\/v2\/ponto_de_interesse"}],"about":[{"href":"https:\/\/www.visitguarda.pt\/es\/wp-json\/wp\/v2\/types\/ponto_de_interesse"}],"wp:attachment":[{"href":"https:\/\/www.visitguarda.pt\/es\/wp-json\/wp\/v2\/media?parent=10246"}],"wp:term":[{"taxonomy":"categoria_ponto_interesse","embeddable":true,"href":"https:\/\/www.visitguarda.pt\/es\/wp-json\/wp\/v2\/categoria_ponto_interesse?post=10246"},{"taxonomy":"duracao","embeddable":true,"href":"https:\/\/www.visitguarda.pt\/es\/wp-json\/wp\/v2\/duracao?post=10246"},{"taxonomy":"estacao_do_ano","embeddable":true,"href":"https:\/\/www.visitguarda.pt\/es\/wp-json\/wp\/v2\/estacao_do_ano?post=10246"},{"taxonomy":"grupo_de_viagem","embeddable":true,"href":"https:\/\/www.visitguarda.pt\/es\/wp-json\/wp\/v2\/grupo_de_viagem?post=10246"},{"taxonomy":"tipo_de_experiencia","embeddable":true,"href":"https:\/\/www.visitguarda.pt\/es\/wp-json\/wp\/v2\/tipo_de_experiencia?post=10246"}],"curies":[{"name":"wp","href":"https:\/\/api.w.org\/{rel}","templated":true}]}}

<p>Esta ruta se encuentra en el corazón del Parque Natural de la Sierra de la Estrella, abarcando el territorio de los pueblos de Meios y Fernão Joanes. Comenzando junto al Museo de la Tejedura de la aldea de Meios, se pasa por caminos que alguna vez fueron utilizados por los pastores durante la trashumancia, que se llamaban Canadas. En Fernão Joanes encontrarás un conjunto de casas con arquitectura tradicional, únicas y raras en la Península Ibérica. A lo largo del camino se puede disfrutar de un merendero, con varias zonas verdes, un complejo deportivo y un parque de aventuras en el Parque de Lazer de Nossa Senhora do Soito.Después de pasar por la Capilla de Nossa Senhora do Soito, un monumento que debe datar de los siglos XV/XVI, el camino es algo sinuoso, con una fuerte pendiente, entre rodales de castaños y robles melojos, en dirección suroeste, pasando por Cortelha do André. A lo lejos se puede ver el macizo central de la Sierra de la Estrella.</p>

<!-- This site is optimized with the Yoast SEO plugin v25.1 - https://yoast.com/wordpress/plugins/seo/ -->
<title>Camino de las Canadas - VisitGuarda</title>
<meta name="robots" content="index, follow, max-snippet:-1, max-image-preview:large, max-video-preview:-1" />
<link rel="canonical" href="https://www.visitguarda.pt/ponto_de_interesse/trilho-das-canadas/" />
<meta property="og:locale" content="es_ES" />
<meta property="og:type" content="article" />
<meta property="og:title" content="Camino de las Canadas - VisitGuarda" />
<meta property="og:description" content="Esta ruta se encuentra en el corazón del Parque Natural de la Sierra de la Estrella, abarcando el territorio de los pueblos de Meios y Fernão Joanes. Comenzando junto al Museo de la Tejedura de la aldea de Meios, se pasa por caminos que alguna vez fueron utilizados por los pastores durante la trashumancia, que [&hellip;]" />
<meta property="og:url" content="https://www.visitguarda.pt/ponto_de_interesse/trilho-das-canadas/" />
<meta property="og:site_name" content="VisitGuarda" />
<meta property="article:publisher" content="https://fb.com/MunicipioDaGuarda" />
<meta property="article:modified_time" content="2026-03-12T13:02:31+00:00" />
<meta name="twitter:card" content="summary_large_image" />
<meta name="twitter:label1" content="Tiempo de lectura" />
	<meta name="twitter:data1" content="1 minuto" />
<script type="application/ld+json" class="yoast-schema-graph">{"@context":"https://schema.org","@graph":[{"@type":"WebPage","@id":"https://www.visitguarda.pt/ponto_de_interesse/trilho-das-canadas/","url":"https://www.visitguarda.pt/ponto_de_interesse/trilho-das-canadas/","name":"Camino de las Canadas - VisitGuarda","isPartOf":{"@id":"https://www.visitguarda.pt/#website"},"datePublished":"2024-05-28T16:58:17+00:00","dateModified":"2026-03-12T13:02:31+00:00","breadcrumb":{"@id":"https://www.visitguarda.pt/ponto_de_interesse/trilho-das-canadas/#breadcrumb"},"inLanguage":"es","potentialAction":[{"@type":"ReadAction","target":["https://www.visitguarda.pt/ponto_de_interesse/trilho-das-canadas/"]}]},{"@type":"BreadcrumbList","@id":"https://www.visitguarda.pt/ponto_de_interesse/trilho-das-canadas/#breadcrumb","itemListElement":[{"@type":"ListItem","position":1,"name":"Início","item":"https://www.visitguarda.pt/es/"},{"@type":"ListItem","position":2,"name":"Camino de las Canadas"}]},{"@type":"WebSite","@id":"https://www.visitguarda.pt/#website","url":"https://www.visitguarda.pt/","name":"VisitGuarda","description":"","publisher":{"@id":"https://www.visitguarda.pt/#organization"},"potentialAction":[{"@type":"SearchAction","target":{"@type":"EntryPoint","urlTemplate":"https://www.visitguarda.pt/?s={search_term_string}"},"query-input":{"@type":"PropertyValueSpecification","valueRequired":true,"valueName":"search_term_string"}}],"inLanguage":"es"},{"@type":"Organization","@id":"https://www.visitguarda.pt/#organization","name":"Município da Guarda","url":"https://www.visitguarda.pt/","logo":{"@type":"ImageObject","inLanguage":"es","@id":"https://www.visitguarda.pt/#/schema/logo/image/","url":"https://www.visitguarda.pt/wp-content/uploads/2025/01/logo_mun_guarda.jpg","contentUrl":"https://www.visitguarda.pt/wp-content/uploads/2025/01/logo_mun_guarda.jpg","width":1181,"height":1181,"caption":"Município da Guarda"},"image":{"@id":"https://www.visitguarda.pt/#/schema/logo/image/"},"sameAs":["https://fb.com/MunicipioDaGuarda","https://www.instagram.com/municipiodaguarda"]}]}</script>
<!-- / Yoast SEO plugin. -->

Esta ruta se encuentra en el corazón del Parque Natural de la Sierra de la Estrella, abarcando el territorio de los pueblos de Meios y Fernão Joanes. Comenzando junto al Museo de la Tejedura de la aldea de Meios, se pasa por caminos que alguna vez fueron utilizados por los pastores durante la trashumancia, que [&hellip;]

Início

Município da Guarda
