{"id":10905,"date":"2024-05-28T17:01:22","date_gmt":"2024-05-28T17:01:22","guid":{"rendered":"https:\/\/visitguarda.dev.loba.com\/ponto_de_interesse\/miradouro-da-torre-dos-ferreiros\/"},"modified":"2026-03-12T13:08:45","modified_gmt":"2026-03-12T13:08:45","slug":"miradouro-da-torre-dos-ferreiros","status":"publish","type":"ponto_de_interesse","link":"https:\/\/www.visitguarda.pt\/es\/ponto_de_interesse\/miradouro-da-torre-dos-ferreiros\/","title":{"rendered":"Mirador de la Torre de los Ferreiros"},"content":{"rendered":"<p>Al sur, la grandeza de la Serra da Estrela domina el paisaje. Desde aqu\u00ed se puede ver el Antiguo Sanatorio Sousa Martins, un hito en la historia de la ciudad de Guarda, que le dio el ep\u00edteto de \u201cCiudad de la Salud\u201d. Al norte se destaca en el paisaje el Castro del Tintinolho y la estaci\u00f3n arqueol\u00f3gica de P\u00f3voa do.Mileu.&nbsp;Del per\u00edmetro amurallado se destacan la Torre del Homenaje y la Iglesia de San Vicente.&nbsp;Al este, el yacimiento arqueol\u00f3gico de Cabe\u00e7o das Fr\u00e1guas es uno de los asentamientos protohist\u00f3ricos m\u00e1s emblem\u00e1ticos de toda la Pen\u00ednsula Ib\u00e9rica. En esta direcci\u00f3n se observa el Castro do Jarmelo, situado en lo alto del Cerro do Jarmelo, con vista para el vasto territorio que va desde la vertiente oriental de la Serra da Estrela hasta los territorios fronterizos espa\u00f1oles. Al oeste se destacan, por su belleza y magnitud, la Torre del Homenaje y la Catedral (S\u00e9) de Guarda.&nbsp;&nbsp;&nbsp;<\/p>\n","protected":false},"featured_media":0,"template":"","meta":{"_acf_changed":false},"categoria_ponto_interesse":[302],"duracao":[],"estacao_do_ano":[],"grupo_de_viagem":[],"tipo_de_experiencia":[222],"class_list":["post-10905","ponto_de_interesse","type-ponto_de_interesse","status-publish","hentry","categoria_ponto_interesse-miradores","tipo_de_experiencia-herencia"],"acf":[],"yoast_head":"<!-- This site is optimized with the Yoast SEO plugin v25.1 - https:\/\/yoast.com\/wordpress\/plugins\/seo\/ -->\n<title>Mirador de la Torre de los Ferreiros - VisitGuarda<\/title>\n<meta name=\"robots\" content=\"index, follow, max-snippet:-1, max-image-preview:large, max-video-preview:-1\" \/>\n<link rel=\"canonical\" href=\"https:\/\/www.visitguarda.pt\/ponto_de_interesse\/miradouro-da-torre-dos-ferreiros\/\" \/>\n<meta property=\"og:locale\" content=\"es_ES\" \/>\n<meta property=\"og:type\" content=\"article\" \/>\n<meta property=\"og:title\" content=\"Mirador de la Torre de los Ferreiros - VisitGuarda\" \/>\n<meta property=\"og:description\" content=\"Al sur, la grandeza de la Serra da Estrela domina el paisaje. Desde aqu\u00ed se puede ver el Antiguo Sanatorio Sousa Martins, un hito en la historia de la ciudad de Guarda, que le dio el ep\u00edteto de \u201cCiudad de la Salud\u201d. Al norte se destaca en el paisaje el Castro del Tintinolho y la [&hellip;]\" \/>\n<meta property=\"og:url\" content=\"https:\/\/www.visitguarda.pt\/ponto_de_interesse\/miradouro-da-torre-dos-ferreiros\/\" \/>\n<meta property=\"og:site_name\" content=\"VisitGuarda\" \/>\n<meta property=\"article:publisher\" content=\"https:\/\/fb.com\/MunicipioDaGuarda\" \/>\n<meta property=\"article:modified_time\" content=\"2026-03-12T13:08:45+00:00\" \/>\n<meta name=\"twitter:card\" content=\"summary_large_image\" \/>\n<meta name=\"twitter:label1\" content=\"Tiempo de lectura\" \/>\n\t<meta name=\"twitter:data1\" content=\"1 minuto\" \/>\n<script type=\"application\/ld+json\" class=\"yoast-schema-graph\">{\"@context\":\"https:\/\/schema.org\",\"@graph\":[{\"@type\":\"WebPage\",\"@id\":\"https:\/\/www.visitguarda.pt\/ponto_de_interesse\/miradouro-da-torre-dos-ferreiros\/\",\"url\":\"https:\/\/www.visitguarda.pt\/ponto_de_interesse\/miradouro-da-torre-dos-ferreiros\/\",\"name\":\"Mirador de la Torre de los Ferreiros - VisitGuarda\",\"isPartOf\":{\"@id\":\"https:\/\/www.visitguarda.pt\/#website\"},\"datePublished\":\"2024-05-28T17:01:22+00:00\",\"dateModified\":\"2026-03-12T13:08:45+00:00\",\"breadcrumb\":{\"@id\":\"https:\/\/www.visitguarda.pt\/ponto_de_interesse\/miradouro-da-torre-dos-ferreiros\/#breadcrumb\"},\"inLanguage\":\"es\",\"potentialAction\":[{\"@type\":\"ReadAction\",\"target\":[\"https:\/\/www.visitguarda.pt\/ponto_de_interesse\/miradouro-da-torre-dos-ferreiros\/\"]}]},{\"@type\":\"BreadcrumbList\",\"@id\":\"https:\/\/www.visitguarda.pt\/ponto_de_interesse\/miradouro-da-torre-dos-ferreiros\/#breadcrumb\",\"itemListElement\":[{\"@type\":\"ListItem\",\"position\":1,\"name\":\"In\u00edcio\",\"item\":\"https:\/\/www.visitguarda.pt\/es\/\"},{\"@type\":\"ListItem\",\"position\":2,\"name\":\"Mirador de la Torre de los Ferreiros\"}]},{\"@type\":\"WebSite\",\"@id\":\"https:\/\/www.visitguarda.pt\/#website\",\"url\":\"https:\/\/www.visitguarda.pt\/\",\"name\":\"VisitGuarda\",\"description\":\"\",\"publisher\":{\"@id\":\"https:\/\/www.visitguarda.pt\/#organization\"},\"potentialAction\":[{\"@type\":\"SearchAction\",\"target\":{\"@type\":\"EntryPoint\",\"urlTemplate\":\"https:\/\/www.visitguarda.pt\/?s={search_term_string}\"},\"query-input\":{\"@type\":\"PropertyValueSpecification\",\"valueRequired\":true,\"valueName\":\"search_term_string\"}}],\"inLanguage\":\"es\"},{\"@type\":\"Organization\",\"@id\":\"https:\/\/www.visitguarda.pt\/#organization\",\"name\":\"Munic\u00edpio da Guarda\",\"url\":\"https:\/\/www.visitguarda.pt\/\",\"logo\":{\"@type\":\"ImageObject\",\"inLanguage\":\"es\",\"@id\":\"https:\/\/www.visitguarda.pt\/#\/schema\/logo\/image\/\",\"url\":\"https:\/\/www.visitguarda.pt\/wp-content\/uploads\/2025\/01\/logo_mun_guarda.jpg\",\"contentUrl\":\"https:\/\/www.visitguarda.pt\/wp-content\/uploads\/2025\/01\/logo_mun_guarda.jpg\",\"width\":1181,\"height\":1181,\"caption\":\"Munic\u00edpio da Guarda\"},\"image\":{\"@id\":\"https:\/\/www.visitguarda.pt\/#\/schema\/logo\/image\/\"},\"sameAs\":[\"https:\/\/fb.com\/MunicipioDaGuarda\",\"https:\/\/www.instagram.com\/municipiodaguarda\"]}]}<\/script>\n<!-- \/ Yoast SEO plugin. -->","yoast_head_json":{"title":"Mirador de la Torre de los Ferreiros - VisitGuarda","robots":{"index":"index","follow":"follow","max-snippet":"max-snippet:-1","max-image-preview":"max-image-preview:large","max-video-preview":"max-video-preview:-1"},"canonical":"https:\/\/www.visitguarda.pt\/ponto_de_interesse\/miradouro-da-torre-dos-ferreiros\/","og_locale":"es_ES","og_type":"article","og_title":"Mirador de la Torre de los Ferreiros - VisitGuarda","og_description":"Al sur, la grandeza de la Serra da Estrela domina el paisaje. Desde aqu\u00ed se puede ver el Antiguo Sanatorio Sousa Martins, un hito en la historia de la ciudad de Guarda, que le dio el ep\u00edteto de \u201cCiudad de la Salud\u201d. Al norte se destaca en el paisaje el Castro del Tintinolho y la [&hellip;]","og_url":"https:\/\/www.visitguarda.pt\/ponto_de_interesse\/miradouro-da-torre-dos-ferreiros\/","og_site_name":"VisitGuarda","article_publisher":"https:\/\/fb.com\/MunicipioDaGuarda","article_modified_time":"2026-03-12T13:08:45+00:00","twitter_card":"summary_large_image","twitter_misc":{"Tiempo de lectura":"1 minuto"},"schema":{"@context":"https:\/\/schema.org","@graph":[{"@type":"WebPage","@id":"https:\/\/www.visitguarda.pt\/ponto_de_interesse\/miradouro-da-torre-dos-ferreiros\/","url":"https:\/\/www.visitguarda.pt\/ponto_de_interesse\/miradouro-da-torre-dos-ferreiros\/","name":"Mirador de la Torre de los Ferreiros - VisitGuarda","isPartOf":{"@id":"https:\/\/www.visitguarda.pt\/#website"},"datePublished":"2024-05-28T17:01:22+00:00","dateModified":"2026-03-12T13:08:45+00:00","breadcrumb":{"@id":"https:\/\/www.visitguarda.pt\/ponto_de_interesse\/miradouro-da-torre-dos-ferreiros\/#breadcrumb"},"inLanguage":"es","potentialAction":[{"@type":"ReadAction","target":["https:\/\/www.visitguarda.pt\/ponto_de_interesse\/miradouro-da-torre-dos-ferreiros\/"]}]},{"@type":"BreadcrumbList","@id":"https:\/\/www.visitguarda.pt\/ponto_de_interesse\/miradouro-da-torre-dos-ferreiros\/#breadcrumb","itemListElement":[{"@type":"ListItem","position":1,"name":"In\u00edcio","item":"https:\/\/www.visitguarda.pt\/es\/"},{"@type":"ListItem","position":2,"name":"Mirador de la Torre de los Ferreiros"}]},{"@type":"WebSite","@id":"https:\/\/www.visitguarda.pt\/#website","url":"https:\/\/www.visitguarda.pt\/","name":"VisitGuarda","description":"","publisher":{"@id":"https:\/\/www.visitguarda.pt\/#organization"},"potentialAction":[{"@type":"SearchAction","target":{"@type":"EntryPoint","urlTemplate":"https:\/\/www.visitguarda.pt\/?s={search_term_string}"},"query-input":{"@type":"PropertyValueSpecification","valueRequired":true,"valueName":"search_term_string"}}],"inLanguage":"es"},{"@type":"Organization","@id":"https:\/\/www.visitguarda.pt\/#organization","name":"Munic\u00edpio da Guarda","url":"https:\/\/www.visitguarda.pt\/","logo":{"@type":"ImageObject","inLanguage":"es","@id":"https:\/\/www.visitguarda.pt\/#\/schema\/logo\/image\/","url":"https:\/\/www.visitguarda.pt\/wp-content\/uploads\/2025\/01\/logo_mun_guarda.jpg","contentUrl":"https:\/\/www.visitguarda.pt\/wp-content\/uploads\/2025\/01\/logo_mun_guarda.jpg","width":1181,"height":1181,"caption":"Munic\u00edpio da Guarda"},"image":{"@id":"https:\/\/www.visitguarda.pt\/#\/schema\/logo\/image\/"},"sameAs":["https:\/\/fb.com\/MunicipioDaGuarda","https:\/\/www.instagram.com\/municipiodaguarda"]}]}},"_links":{"self":[{"href":"https:\/\/www.visitguarda.pt\/es\/wp-json\/wp\/v2\/ponto_de_interesse\/10905","targetHints":{"allow":["GET"]}}],"collection":[{"href":"https:\/\/www.visitguarda.pt\/es\/wp-json\/wp\/v2\/ponto_de_interesse"}],"about":[{"href":"https:\/\/www.visitguarda.pt\/es\/wp-json\/wp\/v2\/types\/ponto_de_interesse"}],"wp:attachment":[{"href":"https:\/\/www.visitguarda.pt\/es\/wp-json\/wp\/v2\/media?parent=10905"}],"wp:term":[{"taxonomy":"categoria_ponto_interesse","embeddable":true,"href":"https:\/\/www.visitguarda.pt\/es\/wp-json\/wp\/v2\/categoria_ponto_interesse?post=10905"},{"taxonomy":"duracao","embeddable":true,"href":"https:\/\/www.visitguarda.pt\/es\/wp-json\/wp\/v2\/duracao?post=10905"},{"taxonomy":"estacao_do_ano","embeddable":true,"href":"https:\/\/www.visitguarda.pt\/es\/wp-json\/wp\/v2\/estacao_do_ano?post=10905"},{"taxonomy":"grupo_de_viagem","embeddable":true,"href":"https:\/\/www.visitguarda.pt\/es\/wp-json\/wp\/v2\/grupo_de_viagem?post=10905"},{"taxonomy":"tipo_de_experiencia","embeddable":true,"href":"https:\/\/www.visitguarda.pt\/es\/wp-json\/wp\/v2\/tipo_de_experiencia?post=10905"}],"curies":[{"name":"wp","href":"https:\/\/api.w.org\/{rel}","templated":true}]}}

<p>Al sur, la grandeza de la Serra da Estrela domina el paisaje. Desde aquí se puede ver el Antiguo Sanatorio Sousa Martins, un hito en la historia de la ciudad de Guarda, que le dio el epíteto de “Ciudad de la Salud”. Al norte se destaca en el paisaje el Castro del Tintinolho y la estación arqueológica de Póvoa do.Mileu.&nbsp;Del perímetro amurallado se destacan la Torre del Homenaje y la Iglesia de San Vicente.&nbsp;Al este, el yacimiento arqueológico de Cabeço das Fráguas es uno de los asentamientos protohistóricos más emblemáticos de toda la Península Ibérica. En esta dirección se observa el Castro do Jarmelo, situado en lo alto del Cerro do Jarmelo, con vista para el vasto territorio que va desde la vertiente oriental de la Serra da Estrela hasta los territorios fronterizos españoles. Al oeste se destacan, por su belleza y magnitud, la Torre del Homenaje y la Catedral (Sé) de Guarda.&nbsp;&nbsp;&nbsp;</p>

<!-- This site is optimized with the Yoast SEO plugin v25.1 - https://yoast.com/wordpress/plugins/seo/ -->
<title>Mirador de la Torre de los Ferreiros - VisitGuarda</title>
<meta name="robots" content="index, follow, max-snippet:-1, max-image-preview:large, max-video-preview:-1" />
<link rel="canonical" href="https://www.visitguarda.pt/ponto_de_interesse/miradouro-da-torre-dos-ferreiros/" />
<meta property="og:locale" content="es_ES" />
<meta property="og:type" content="article" />
<meta property="og:title" content="Mirador de la Torre de los Ferreiros - VisitGuarda" />
<meta property="og:description" content="Al sur, la grandeza de la Serra da Estrela domina el paisaje. Desde aquí se puede ver el Antiguo Sanatorio Sousa Martins, un hito en la historia de la ciudad de Guarda, que le dio el epíteto de “Ciudad de la Salud”. Al norte se destaca en el paisaje el Castro del Tintinolho y la [&hellip;]" />
<meta property="og:url" content="https://www.visitguarda.pt/ponto_de_interesse/miradouro-da-torre-dos-ferreiros/" />
<meta property="og:site_name" content="VisitGuarda" />
<meta property="article:publisher" content="https://fb.com/MunicipioDaGuarda" />
<meta property="article:modified_time" content="2026-03-12T13:08:45+00:00" />
<meta name="twitter:card" content="summary_large_image" />
<meta name="twitter:label1" content="Tiempo de lectura" />
	<meta name="twitter:data1" content="1 minuto" />
<script type="application/ld+json" class="yoast-schema-graph">{"@context":"https://schema.org","@graph":[{"@type":"WebPage","@id":"https://www.visitguarda.pt/ponto_de_interesse/miradouro-da-torre-dos-ferreiros/","url":"https://www.visitguarda.pt/ponto_de_interesse/miradouro-da-torre-dos-ferreiros/","name":"Mirador de la Torre de los Ferreiros - VisitGuarda","isPartOf":{"@id":"https://www.visitguarda.pt/#website"},"datePublished":"2024-05-28T17:01:22+00:00","dateModified":"2026-03-12T13:08:45+00:00","breadcrumb":{"@id":"https://www.visitguarda.pt/ponto_de_interesse/miradouro-da-torre-dos-ferreiros/#breadcrumb"},"inLanguage":"es","potentialAction":[{"@type":"ReadAction","target":["https://www.visitguarda.pt/ponto_de_interesse/miradouro-da-torre-dos-ferreiros/"]}]},{"@type":"BreadcrumbList","@id":"https://www.visitguarda.pt/ponto_de_interesse/miradouro-da-torre-dos-ferreiros/#breadcrumb","itemListElement":[{"@type":"ListItem","position":1,"name":"Início","item":"https://www.visitguarda.pt/es/"},{"@type":"ListItem","position":2,"name":"Mirador de la Torre de los Ferreiros"}]},{"@type":"WebSite","@id":"https://www.visitguarda.pt/#website","url":"https://www.visitguarda.pt/","name":"VisitGuarda","description":"","publisher":{"@id":"https://www.visitguarda.pt/#organization"},"potentialAction":[{"@type":"SearchAction","target":{"@type":"EntryPoint","urlTemplate":"https://www.visitguarda.pt/?s={search_term_string}"},"query-input":{"@type":"PropertyValueSpecification","valueRequired":true,"valueName":"search_term_string"}}],"inLanguage":"es"},{"@type":"Organization","@id":"https://www.visitguarda.pt/#organization","name":"Município da Guarda","url":"https://www.visitguarda.pt/","logo":{"@type":"ImageObject","inLanguage":"es","@id":"https://www.visitguarda.pt/#/schema/logo/image/","url":"https://www.visitguarda.pt/wp-content/uploads/2025/01/logo_mun_guarda.jpg","contentUrl":"https://www.visitguarda.pt/wp-content/uploads/2025/01/logo_mun_guarda.jpg","width":1181,"height":1181,"caption":"Município da Guarda"},"image":{"@id":"https://www.visitguarda.pt/#/schema/logo/image/"},"sameAs":["https://fb.com/MunicipioDaGuarda","https://www.instagram.com/municipiodaguarda"]}]}</script>
<!-- / Yoast SEO plugin. -->

Al sur, la grandeza de la Serra da Estrela domina el paisaje. Desde aquí se puede ver el Antiguo Sanatorio Sousa Martins, un hito en la historia de la ciudad de Guarda, que le dio el epíteto de “Ciudad de la Salud”. Al norte se destaca en el paisaje el Castro del Tintinolho y la [&hellip;]

Início

Município da Guarda
