{"id":11069,"date":"2024-05-29T15:27:56","date_gmt":"2024-05-29T15:27:56","guid":{"rendered":"https:\/\/visitguarda.dev.loba.com\/ponto_de_interesse\/antigo-paco-episcopal-e-seminario\/"},"modified":"2026-03-12T13:10:17","modified_gmt":"2026-03-12T13:10:17","slug":"antigo-paco-episcopal-e-seminario","status":"publish","type":"ponto_de_interesse","link":"https:\/\/www.visitguarda.pt\/es\/ponto_de_interesse\/antigo-paco-episcopal-e-seminario\/","title":{"rendered":"Antiguo Palacio Episcopal y Seminario"},"content":{"rendered":"<p>Insertado en el llamado estilo filipino, o mejor dicho, en el llamado \u201cEstilo Ch\u00e3o\u201d (estilo suelo), muestra fachadas de gran austeridad, despojadas de cualquier elemento decorativo, a excepci\u00f3n de la cornisa, donde se insertan las t\u00edpicas g\u00e1rgolas de ca\u00f1\u00f3n.&nbsp;Es un gran conjunto arquitect\u00f3nico, con planta en forma de U: en el centro se construy\u00f3 la Capilla del Palacio Episcopal, flanqueada por dos patios interiores, con acceso tanto al cuerpo donde funcionaba el Palacio Episcopal (al Norte), como al cuerpo del Seminario, al sur, donde, actualmente, funciona el Museo de Guarda.<\/p>\n","protected":false},"featured_media":0,"template":"","meta":{"_acf_changed":false},"categoria_ponto_interesse":[221],"duracao":[],"estacao_do_ano":[],"grupo_de_viagem":[],"tipo_de_experiencia":[264,222],"class_list":["post-11069","ponto_de_interesse","type-ponto_de_interesse","status-publish","hentry","categoria_ponto_interesse-monumentos-patrimonio-es-2","tipo_de_experiencia-cultura-es","tipo_de_experiencia-herencia"],"acf":[],"yoast_head":"<!-- This site is optimized with the Yoast SEO plugin v25.1 - https:\/\/yoast.com\/wordpress\/plugins\/seo\/ -->\n<title>Antiguo Palacio Episcopal y Seminario - VisitGuarda<\/title>\n<meta name=\"robots\" content=\"index, follow, max-snippet:-1, max-image-preview:large, max-video-preview:-1\" \/>\n<link rel=\"canonical\" href=\"https:\/\/www.visitguarda.pt\/ponto_de_interesse\/antigo-paco-episcopal-e-seminario\/\" \/>\n<meta property=\"og:locale\" content=\"es_ES\" \/>\n<meta property=\"og:type\" content=\"article\" \/>\n<meta property=\"og:title\" content=\"Antiguo Palacio Episcopal y Seminario - VisitGuarda\" \/>\n<meta property=\"og:description\" content=\"Insertado en el llamado estilo filipino, o mejor dicho, en el llamado \u201cEstilo Ch\u00e3o\u201d (estilo suelo), muestra fachadas de gran austeridad, despojadas de cualquier elemento decorativo, a excepci\u00f3n de la cornisa, donde se insertan las t\u00edpicas g\u00e1rgolas de ca\u00f1\u00f3n.&nbsp;Es un gran conjunto arquitect\u00f3nico, con planta en forma de U: en el centro se construy\u00f3 la [&hellip;]\" \/>\n<meta property=\"og:url\" content=\"https:\/\/www.visitguarda.pt\/ponto_de_interesse\/antigo-paco-episcopal-e-seminario\/\" \/>\n<meta property=\"og:site_name\" content=\"VisitGuarda\" \/>\n<meta property=\"article:publisher\" content=\"https:\/\/fb.com\/MunicipioDaGuarda\" \/>\n<meta property=\"article:modified_time\" content=\"2026-03-12T13:10:17+00:00\" \/>\n<meta name=\"twitter:card\" content=\"summary_large_image\" \/>\n<script type=\"application\/ld+json\" class=\"yoast-schema-graph\">{\"@context\":\"https:\/\/schema.org\",\"@graph\":[{\"@type\":\"WebPage\",\"@id\":\"https:\/\/www.visitguarda.pt\/ponto_de_interesse\/antigo-paco-episcopal-e-seminario\/\",\"url\":\"https:\/\/www.visitguarda.pt\/ponto_de_interesse\/antigo-paco-episcopal-e-seminario\/\",\"name\":\"Antiguo Palacio Episcopal y Seminario - VisitGuarda\",\"isPartOf\":{\"@id\":\"https:\/\/www.visitguarda.pt\/#website\"},\"datePublished\":\"2024-05-29T15:27:56+00:00\",\"dateModified\":\"2026-03-12T13:10:17+00:00\",\"breadcrumb\":{\"@id\":\"https:\/\/www.visitguarda.pt\/ponto_de_interesse\/antigo-paco-episcopal-e-seminario\/#breadcrumb\"},\"inLanguage\":\"es\",\"potentialAction\":[{\"@type\":\"ReadAction\",\"target\":[\"https:\/\/www.visitguarda.pt\/ponto_de_interesse\/antigo-paco-episcopal-e-seminario\/\"]}]},{\"@type\":\"BreadcrumbList\",\"@id\":\"https:\/\/www.visitguarda.pt\/ponto_de_interesse\/antigo-paco-episcopal-e-seminario\/#breadcrumb\",\"itemListElement\":[{\"@type\":\"ListItem\",\"position\":1,\"name\":\"In\u00edcio\",\"item\":\"https:\/\/www.visitguarda.pt\/es\/\"},{\"@type\":\"ListItem\",\"position\":2,\"name\":\"Antiguo Palacio Episcopal y Seminario\"}]},{\"@type\":\"WebSite\",\"@id\":\"https:\/\/www.visitguarda.pt\/#website\",\"url\":\"https:\/\/www.visitguarda.pt\/\",\"name\":\"VisitGuarda\",\"description\":\"\",\"publisher\":{\"@id\":\"https:\/\/www.visitguarda.pt\/#organization\"},\"potentialAction\":[{\"@type\":\"SearchAction\",\"target\":{\"@type\":\"EntryPoint\",\"urlTemplate\":\"https:\/\/www.visitguarda.pt\/?s={search_term_string}\"},\"query-input\":{\"@type\":\"PropertyValueSpecification\",\"valueRequired\":true,\"valueName\":\"search_term_string\"}}],\"inLanguage\":\"es\"},{\"@type\":\"Organization\",\"@id\":\"https:\/\/www.visitguarda.pt\/#organization\",\"name\":\"Munic\u00edpio da Guarda\",\"url\":\"https:\/\/www.visitguarda.pt\/\",\"logo\":{\"@type\":\"ImageObject\",\"inLanguage\":\"es\",\"@id\":\"https:\/\/www.visitguarda.pt\/#\/schema\/logo\/image\/\",\"url\":\"https:\/\/www.visitguarda.pt\/wp-content\/uploads\/2025\/01\/logo_mun_guarda.jpg\",\"contentUrl\":\"https:\/\/www.visitguarda.pt\/wp-content\/uploads\/2025\/01\/logo_mun_guarda.jpg\",\"width\":1181,\"height\":1181,\"caption\":\"Munic\u00edpio da Guarda\"},\"image\":{\"@id\":\"https:\/\/www.visitguarda.pt\/#\/schema\/logo\/image\/\"},\"sameAs\":[\"https:\/\/fb.com\/MunicipioDaGuarda\",\"https:\/\/www.instagram.com\/municipiodaguarda\"]}]}<\/script>\n<!-- \/ Yoast SEO plugin. -->","yoast_head_json":{"title":"Antiguo Palacio Episcopal y Seminario - VisitGuarda","robots":{"index":"index","follow":"follow","max-snippet":"max-snippet:-1","max-image-preview":"max-image-preview:large","max-video-preview":"max-video-preview:-1"},"canonical":"https:\/\/www.visitguarda.pt\/ponto_de_interesse\/antigo-paco-episcopal-e-seminario\/","og_locale":"es_ES","og_type":"article","og_title":"Antiguo Palacio Episcopal y Seminario - VisitGuarda","og_description":"Insertado en el llamado estilo filipino, o mejor dicho, en el llamado \u201cEstilo Ch\u00e3o\u201d (estilo suelo), muestra fachadas de gran austeridad, despojadas de cualquier elemento decorativo, a excepci\u00f3n de la cornisa, donde se insertan las t\u00edpicas g\u00e1rgolas de ca\u00f1\u00f3n.&nbsp;Es un gran conjunto arquitect\u00f3nico, con planta en forma de U: en el centro se construy\u00f3 la [&hellip;]","og_url":"https:\/\/www.visitguarda.pt\/ponto_de_interesse\/antigo-paco-episcopal-e-seminario\/","og_site_name":"VisitGuarda","article_publisher":"https:\/\/fb.com\/MunicipioDaGuarda","article_modified_time":"2026-03-12T13:10:17+00:00","twitter_card":"summary_large_image","schema":{"@context":"https:\/\/schema.org","@graph":[{"@type":"WebPage","@id":"https:\/\/www.visitguarda.pt\/ponto_de_interesse\/antigo-paco-episcopal-e-seminario\/","url":"https:\/\/www.visitguarda.pt\/ponto_de_interesse\/antigo-paco-episcopal-e-seminario\/","name":"Antiguo Palacio Episcopal y Seminario - VisitGuarda","isPartOf":{"@id":"https:\/\/www.visitguarda.pt\/#website"},"datePublished":"2024-05-29T15:27:56+00:00","dateModified":"2026-03-12T13:10:17+00:00","breadcrumb":{"@id":"https:\/\/www.visitguarda.pt\/ponto_de_interesse\/antigo-paco-episcopal-e-seminario\/#breadcrumb"},"inLanguage":"es","potentialAction":[{"@type":"ReadAction","target":["https:\/\/www.visitguarda.pt\/ponto_de_interesse\/antigo-paco-episcopal-e-seminario\/"]}]},{"@type":"BreadcrumbList","@id":"https:\/\/www.visitguarda.pt\/ponto_de_interesse\/antigo-paco-episcopal-e-seminario\/#breadcrumb","itemListElement":[{"@type":"ListItem","position":1,"name":"In\u00edcio","item":"https:\/\/www.visitguarda.pt\/es\/"},{"@type":"ListItem","position":2,"name":"Antiguo Palacio Episcopal y Seminario"}]},{"@type":"WebSite","@id":"https:\/\/www.visitguarda.pt\/#website","url":"https:\/\/www.visitguarda.pt\/","name":"VisitGuarda","description":"","publisher":{"@id":"https:\/\/www.visitguarda.pt\/#organization"},"potentialAction":[{"@type":"SearchAction","target":{"@type":"EntryPoint","urlTemplate":"https:\/\/www.visitguarda.pt\/?s={search_term_string}"},"query-input":{"@type":"PropertyValueSpecification","valueRequired":true,"valueName":"search_term_string"}}],"inLanguage":"es"},{"@type":"Organization","@id":"https:\/\/www.visitguarda.pt\/#organization","name":"Munic\u00edpio da Guarda","url":"https:\/\/www.visitguarda.pt\/","logo":{"@type":"ImageObject","inLanguage":"es","@id":"https:\/\/www.visitguarda.pt\/#\/schema\/logo\/image\/","url":"https:\/\/www.visitguarda.pt\/wp-content\/uploads\/2025\/01\/logo_mun_guarda.jpg","contentUrl":"https:\/\/www.visitguarda.pt\/wp-content\/uploads\/2025\/01\/logo_mun_guarda.jpg","width":1181,"height":1181,"caption":"Munic\u00edpio da Guarda"},"image":{"@id":"https:\/\/www.visitguarda.pt\/#\/schema\/logo\/image\/"},"sameAs":["https:\/\/fb.com\/MunicipioDaGuarda","https:\/\/www.instagram.com\/municipiodaguarda"]}]}},"_links":{"self":[{"href":"https:\/\/www.visitguarda.pt\/es\/wp-json\/wp\/v2\/ponto_de_interesse\/11069","targetHints":{"allow":["GET"]}}],"collection":[{"href":"https:\/\/www.visitguarda.pt\/es\/wp-json\/wp\/v2\/ponto_de_interesse"}],"about":[{"href":"https:\/\/www.visitguarda.pt\/es\/wp-json\/wp\/v2\/types\/ponto_de_interesse"}],"wp:attachment":[{"href":"https:\/\/www.visitguarda.pt\/es\/wp-json\/wp\/v2\/media?parent=11069"}],"wp:term":[{"taxonomy":"categoria_ponto_interesse","embeddable":true,"href":"https:\/\/www.visitguarda.pt\/es\/wp-json\/wp\/v2\/categoria_ponto_interesse?post=11069"},{"taxonomy":"duracao","embeddable":true,"href":"https:\/\/www.visitguarda.pt\/es\/wp-json\/wp\/v2\/duracao?post=11069"},{"taxonomy":"estacao_do_ano","embeddable":true,"href":"https:\/\/www.visitguarda.pt\/es\/wp-json\/wp\/v2\/estacao_do_ano?post=11069"},{"taxonomy":"grupo_de_viagem","embeddable":true,"href":"https:\/\/www.visitguarda.pt\/es\/wp-json\/wp\/v2\/grupo_de_viagem?post=11069"},{"taxonomy":"tipo_de_experiencia","embeddable":true,"href":"https:\/\/www.visitguarda.pt\/es\/wp-json\/wp\/v2\/tipo_de_experiencia?post=11069"}],"curies":[{"name":"wp","href":"https:\/\/api.w.org\/{rel}","templated":true}]}}

<p>Insertado en el llamado estilo filipino, o mejor dicho, en el llamado “Estilo Chão” (estilo suelo), muestra fachadas de gran austeridad, despojadas de cualquier elemento decorativo, a excepción de la cornisa, donde se insertan las típicas gárgolas de cañón.&nbsp;Es un gran conjunto arquitectónico, con planta en forma de U: en el centro se construyó la Capilla del Palacio Episcopal, flanqueada por dos patios interiores, con acceso tanto al cuerpo donde funcionaba el Palacio Episcopal (al Norte), como al cuerpo del Seminario, al sur, donde, actualmente, funciona el Museo de Guarda.</p>

<!-- This site is optimized with the Yoast SEO plugin v25.1 - https://yoast.com/wordpress/plugins/seo/ -->
<title>Antiguo Palacio Episcopal y Seminario - VisitGuarda</title>
<meta name="robots" content="index, follow, max-snippet:-1, max-image-preview:large, max-video-preview:-1" />
<link rel="canonical" href="https://www.visitguarda.pt/ponto_de_interesse/antigo-paco-episcopal-e-seminario/" />
<meta property="og:locale" content="es_ES" />
<meta property="og:type" content="article" />
<meta property="og:title" content="Antiguo Palacio Episcopal y Seminario - VisitGuarda" />
<meta property="og:description" content="Insertado en el llamado estilo filipino, o mejor dicho, en el llamado “Estilo Chão” (estilo suelo), muestra fachadas de gran austeridad, despojadas de cualquier elemento decorativo, a excepción de la cornisa, donde se insertan las típicas gárgolas de cañón.&nbsp;Es un gran conjunto arquitectónico, con planta en forma de U: en el centro se construyó la [&hellip;]" />
<meta property="og:url" content="https://www.visitguarda.pt/ponto_de_interesse/antigo-paco-episcopal-e-seminario/" />
<meta property="og:site_name" content="VisitGuarda" />
<meta property="article:publisher" content="https://fb.com/MunicipioDaGuarda" />
<meta property="article:modified_time" content="2026-03-12T13:10:17+00:00" />
<meta name="twitter:card" content="summary_large_image" />
<script type="application/ld+json" class="yoast-schema-graph">{"@context":"https://schema.org","@graph":[{"@type":"WebPage","@id":"https://www.visitguarda.pt/ponto_de_interesse/antigo-paco-episcopal-e-seminario/","url":"https://www.visitguarda.pt/ponto_de_interesse/antigo-paco-episcopal-e-seminario/","name":"Antiguo Palacio Episcopal y Seminario - VisitGuarda","isPartOf":{"@id":"https://www.visitguarda.pt/#website"},"datePublished":"2024-05-29T15:27:56+00:00","dateModified":"2026-03-12T13:10:17+00:00","breadcrumb":{"@id":"https://www.visitguarda.pt/ponto_de_interesse/antigo-paco-episcopal-e-seminario/#breadcrumb"},"inLanguage":"es","potentialAction":[{"@type":"ReadAction","target":["https://www.visitguarda.pt/ponto_de_interesse/antigo-paco-episcopal-e-seminario/"]}]},{"@type":"BreadcrumbList","@id":"https://www.visitguarda.pt/ponto_de_interesse/antigo-paco-episcopal-e-seminario/#breadcrumb","itemListElement":[{"@type":"ListItem","position":1,"name":"Início","item":"https://www.visitguarda.pt/es/"},{"@type":"ListItem","position":2,"name":"Antiguo Palacio Episcopal y Seminario"}]},{"@type":"WebSite","@id":"https://www.visitguarda.pt/#website","url":"https://www.visitguarda.pt/","name":"VisitGuarda","description":"","publisher":{"@id":"https://www.visitguarda.pt/#organization"},"potentialAction":[{"@type":"SearchAction","target":{"@type":"EntryPoint","urlTemplate":"https://www.visitguarda.pt/?s={search_term_string}"},"query-input":{"@type":"PropertyValueSpecification","valueRequired":true,"valueName":"search_term_string"}}],"inLanguage":"es"},{"@type":"Organization","@id":"https://www.visitguarda.pt/#organization","name":"Município da Guarda","url":"https://www.visitguarda.pt/","logo":{"@type":"ImageObject","inLanguage":"es","@id":"https://www.visitguarda.pt/#/schema/logo/image/","url":"https://www.visitguarda.pt/wp-content/uploads/2025/01/logo_mun_guarda.jpg","contentUrl":"https://www.visitguarda.pt/wp-content/uploads/2025/01/logo_mun_guarda.jpg","width":1181,"height":1181,"caption":"Município da Guarda"},"image":{"@id":"https://www.visitguarda.pt/#/schema/logo/image/"},"sameAs":["https://fb.com/MunicipioDaGuarda","https://www.instagram.com/municipiodaguarda"]}]}</script>
<!-- / Yoast SEO plugin. -->

Insertado en el llamado estilo filipino, o mejor dicho, en el llamado “Estilo Chão” (estilo suelo), muestra fachadas de gran austeridad, despojadas de cualquier elemento decorativo, a excepción de la cornisa, donde se insertan las típicas gárgolas de cañón.&nbsp;Es un gran conjunto arquitectónico, con planta en forma de U: en el centro se construyó la [&hellip;]

Início

Município da Guarda
