{"id":18588,"date":"2024-10-25T12:13:37","date_gmt":"2024-10-25T12:13:37","guid":{"rendered":"https:\/\/www.visiteguarda.pt\/ponto_de_interesse\/quinta-da-portela\/"},"modified":"2026-03-12T13:12:34","modified_gmt":"2026-03-12T13:12:34","slug":"quinta-da-portela","status":"publish","type":"ponto_de_interesse","link":"https:\/\/www.visitguarda.pt\/es\/ponto_de_interesse\/quinta-da-portela\/","title":{"rendered":"Quinta da Portela"},"content":{"rendered":"<p>Alquilamos nuestros estudios por 143\u20ac por noche, en temporada baja son 110\u20ac por noche.Todos los estudios est\u00e1n equipados para dos personas, con ropa de cama y toallas, y disponen de un amplio ba\u00f1o privado. Se pueden a\u00f1adir una o dos camas supletorias bajo petici\u00f3n: 25\u20ac por noche (la colocaci\u00f3n de la cuna es gratuita). La casa familiar puede alquilarse por 252\u20ac por noche. En temporada baja cuesta 220\u20ac por noche. Todos los precios incluyen desayuno. En temporada alta se alquila por un m\u00ednimo de 7 noches, en temporada baja 3 noches. Las reservas se pueden hacer a trav\u00e9s del sistema de reservas de esta p\u00e1gina web. Preferencias y dietas especiales pueden ser comunicadas por e-mail.&nbsp;<\/p>\n","protected":false},"featured_media":0,"template":"","meta":{"_acf_changed":false},"categoria_ponto_interesse":[335],"duracao":[],"estacao_do_ano":[],"grupo_de_viagem":[],"tipo_de_experiencia":[],"class_list":["post-18588","ponto_de_interesse","type-ponto_de_interesse","status-publish","hentry","categoria_ponto_interesse-alojamiento-local"],"acf":[],"yoast_head":"<!-- This site is optimized with the Yoast SEO plugin v25.1 - https:\/\/yoast.com\/wordpress\/plugins\/seo\/ -->\n<title>Quinta da Portela - VisitGuarda<\/title>\n<meta name=\"robots\" content=\"index, follow, max-snippet:-1, max-image-preview:large, max-video-preview:-1\" \/>\n<link rel=\"canonical\" href=\"https:\/\/www.visitguarda.pt\/ponto_de_interesse\/quinta-da-portela\/\" \/>\n<meta property=\"og:locale\" content=\"es_ES\" \/>\n<meta property=\"og:type\" content=\"article\" \/>\n<meta property=\"og:title\" content=\"Quinta da Portela - VisitGuarda\" \/>\n<meta property=\"og:description\" content=\"Alquilamos nuestros estudios por 143\u20ac por noche, en temporada baja son 110\u20ac por noche.Todos los estudios est\u00e1n equipados para dos personas, con ropa de cama y toallas, y disponen de un amplio ba\u00f1o privado. Se pueden a\u00f1adir una o dos camas supletorias bajo petici\u00f3n: 25\u20ac por noche (la colocaci\u00f3n de la cuna es gratuita). La [&hellip;]\" \/>\n<meta property=\"og:url\" content=\"https:\/\/www.visitguarda.pt\/ponto_de_interesse\/quinta-da-portela\/\" \/>\n<meta property=\"og:site_name\" content=\"VisitGuarda\" \/>\n<meta property=\"article:publisher\" content=\"https:\/\/fb.com\/MunicipioDaGuarda\" \/>\n<meta property=\"article:modified_time\" content=\"2026-03-12T13:12:34+00:00\" \/>\n<meta name=\"twitter:card\" content=\"summary_large_image\" \/>\n<meta name=\"twitter:label1\" content=\"Tiempo de lectura\" \/>\n\t<meta name=\"twitter:data1\" content=\"1 minuto\" \/>\n<script type=\"application\/ld+json\" class=\"yoast-schema-graph\">{\"@context\":\"https:\/\/schema.org\",\"@graph\":[{\"@type\":\"WebPage\",\"@id\":\"https:\/\/www.visitguarda.pt\/ponto_de_interesse\/quinta-da-portela\/\",\"url\":\"https:\/\/www.visitguarda.pt\/ponto_de_interesse\/quinta-da-portela\/\",\"name\":\"Quinta da Portela - VisitGuarda\",\"isPartOf\":{\"@id\":\"https:\/\/www.visitguarda.pt\/#website\"},\"datePublished\":\"2024-10-25T12:13:37+00:00\",\"dateModified\":\"2026-03-12T13:12:34+00:00\",\"breadcrumb\":{\"@id\":\"https:\/\/www.visitguarda.pt\/ponto_de_interesse\/quinta-da-portela\/#breadcrumb\"},\"inLanguage\":\"es\",\"potentialAction\":[{\"@type\":\"ReadAction\",\"target\":[\"https:\/\/www.visitguarda.pt\/ponto_de_interesse\/quinta-da-portela\/\"]}]},{\"@type\":\"BreadcrumbList\",\"@id\":\"https:\/\/www.visitguarda.pt\/ponto_de_interesse\/quinta-da-portela\/#breadcrumb\",\"itemListElement\":[{\"@type\":\"ListItem\",\"position\":1,\"name\":\"In\u00edcio\",\"item\":\"https:\/\/www.visitguarda.pt\/es\/\"},{\"@type\":\"ListItem\",\"position\":2,\"name\":\"Quinta da Portela\"}]},{\"@type\":\"WebSite\",\"@id\":\"https:\/\/www.visitguarda.pt\/#website\",\"url\":\"https:\/\/www.visitguarda.pt\/\",\"name\":\"VisitGuarda\",\"description\":\"\",\"publisher\":{\"@id\":\"https:\/\/www.visitguarda.pt\/#organization\"},\"potentialAction\":[{\"@type\":\"SearchAction\",\"target\":{\"@type\":\"EntryPoint\",\"urlTemplate\":\"https:\/\/www.visitguarda.pt\/?s={search_term_string}\"},\"query-input\":{\"@type\":\"PropertyValueSpecification\",\"valueRequired\":true,\"valueName\":\"search_term_string\"}}],\"inLanguage\":\"es\"},{\"@type\":\"Organization\",\"@id\":\"https:\/\/www.visitguarda.pt\/#organization\",\"name\":\"Munic\u00edpio da Guarda\",\"url\":\"https:\/\/www.visitguarda.pt\/\",\"logo\":{\"@type\":\"ImageObject\",\"inLanguage\":\"es\",\"@id\":\"https:\/\/www.visitguarda.pt\/#\/schema\/logo\/image\/\",\"url\":\"https:\/\/www.visitguarda.pt\/wp-content\/uploads\/2025\/01\/logo_mun_guarda.jpg\",\"contentUrl\":\"https:\/\/www.visitguarda.pt\/wp-content\/uploads\/2025\/01\/logo_mun_guarda.jpg\",\"width\":1181,\"height\":1181,\"caption\":\"Munic\u00edpio da Guarda\"},\"image\":{\"@id\":\"https:\/\/www.visitguarda.pt\/#\/schema\/logo\/image\/\"},\"sameAs\":[\"https:\/\/fb.com\/MunicipioDaGuarda\",\"https:\/\/www.instagram.com\/municipiodaguarda\"]}]}<\/script>\n<!-- \/ Yoast SEO plugin. -->","yoast_head_json":{"title":"Quinta da Portela - VisitGuarda","robots":{"index":"index","follow":"follow","max-snippet":"max-snippet:-1","max-image-preview":"max-image-preview:large","max-video-preview":"max-video-preview:-1"},"canonical":"https:\/\/www.visitguarda.pt\/ponto_de_interesse\/quinta-da-portela\/","og_locale":"es_ES","og_type":"article","og_title":"Quinta da Portela - VisitGuarda","og_description":"Alquilamos nuestros estudios por 143\u20ac por noche, en temporada baja son 110\u20ac por noche.Todos los estudios est\u00e1n equipados para dos personas, con ropa de cama y toallas, y disponen de un amplio ba\u00f1o privado. Se pueden a\u00f1adir una o dos camas supletorias bajo petici\u00f3n: 25\u20ac por noche (la colocaci\u00f3n de la cuna es gratuita). La [&hellip;]","og_url":"https:\/\/www.visitguarda.pt\/ponto_de_interesse\/quinta-da-portela\/","og_site_name":"VisitGuarda","article_publisher":"https:\/\/fb.com\/MunicipioDaGuarda","article_modified_time":"2026-03-12T13:12:34+00:00","twitter_card":"summary_large_image","twitter_misc":{"Tiempo de lectura":"1 minuto"},"schema":{"@context":"https:\/\/schema.org","@graph":[{"@type":"WebPage","@id":"https:\/\/www.visitguarda.pt\/ponto_de_interesse\/quinta-da-portela\/","url":"https:\/\/www.visitguarda.pt\/ponto_de_interesse\/quinta-da-portela\/","name":"Quinta da Portela - VisitGuarda","isPartOf":{"@id":"https:\/\/www.visitguarda.pt\/#website"},"datePublished":"2024-10-25T12:13:37+00:00","dateModified":"2026-03-12T13:12:34+00:00","breadcrumb":{"@id":"https:\/\/www.visitguarda.pt\/ponto_de_interesse\/quinta-da-portela\/#breadcrumb"},"inLanguage":"es","potentialAction":[{"@type":"ReadAction","target":["https:\/\/www.visitguarda.pt\/ponto_de_interesse\/quinta-da-portela\/"]}]},{"@type":"BreadcrumbList","@id":"https:\/\/www.visitguarda.pt\/ponto_de_interesse\/quinta-da-portela\/#breadcrumb","itemListElement":[{"@type":"ListItem","position":1,"name":"In\u00edcio","item":"https:\/\/www.visitguarda.pt\/es\/"},{"@type":"ListItem","position":2,"name":"Quinta da Portela"}]},{"@type":"WebSite","@id":"https:\/\/www.visitguarda.pt\/#website","url":"https:\/\/www.visitguarda.pt\/","name":"VisitGuarda","description":"","publisher":{"@id":"https:\/\/www.visitguarda.pt\/#organization"},"potentialAction":[{"@type":"SearchAction","target":{"@type":"EntryPoint","urlTemplate":"https:\/\/www.visitguarda.pt\/?s={search_term_string}"},"query-input":{"@type":"PropertyValueSpecification","valueRequired":true,"valueName":"search_term_string"}}],"inLanguage":"es"},{"@type":"Organization","@id":"https:\/\/www.visitguarda.pt\/#organization","name":"Munic\u00edpio da Guarda","url":"https:\/\/www.visitguarda.pt\/","logo":{"@type":"ImageObject","inLanguage":"es","@id":"https:\/\/www.visitguarda.pt\/#\/schema\/logo\/image\/","url":"https:\/\/www.visitguarda.pt\/wp-content\/uploads\/2025\/01\/logo_mun_guarda.jpg","contentUrl":"https:\/\/www.visitguarda.pt\/wp-content\/uploads\/2025\/01\/logo_mun_guarda.jpg","width":1181,"height":1181,"caption":"Munic\u00edpio da Guarda"},"image":{"@id":"https:\/\/www.visitguarda.pt\/#\/schema\/logo\/image\/"},"sameAs":["https:\/\/fb.com\/MunicipioDaGuarda","https:\/\/www.instagram.com\/municipiodaguarda"]}]}},"_links":{"self":[{"href":"https:\/\/www.visitguarda.pt\/es\/wp-json\/wp\/v2\/ponto_de_interesse\/18588","targetHints":{"allow":["GET"]}}],"collection":[{"href":"https:\/\/www.visitguarda.pt\/es\/wp-json\/wp\/v2\/ponto_de_interesse"}],"about":[{"href":"https:\/\/www.visitguarda.pt\/es\/wp-json\/wp\/v2\/types\/ponto_de_interesse"}],"wp:attachment":[{"href":"https:\/\/www.visitguarda.pt\/es\/wp-json\/wp\/v2\/media?parent=18588"}],"wp:term":[{"taxonomy":"categoria_ponto_interesse","embeddable":true,"href":"https:\/\/www.visitguarda.pt\/es\/wp-json\/wp\/v2\/categoria_ponto_interesse?post=18588"},{"taxonomy":"duracao","embeddable":true,"href":"https:\/\/www.visitguarda.pt\/es\/wp-json\/wp\/v2\/duracao?post=18588"},{"taxonomy":"estacao_do_ano","embeddable":true,"href":"https:\/\/www.visitguarda.pt\/es\/wp-json\/wp\/v2\/estacao_do_ano?post=18588"},{"taxonomy":"grupo_de_viagem","embeddable":true,"href":"https:\/\/www.visitguarda.pt\/es\/wp-json\/wp\/v2\/grupo_de_viagem?post=18588"},{"taxonomy":"tipo_de_experiencia","embeddable":true,"href":"https:\/\/www.visitguarda.pt\/es\/wp-json\/wp\/v2\/tipo_de_experiencia?post=18588"}],"curies":[{"name":"wp","href":"https:\/\/api.w.org\/{rel}","templated":true}]}}

<p>Alquilamos nuestros estudios por 143€ por noche, en temporada baja son 110€ por noche.Todos los estudios están equipados para dos personas, con ropa de cama y toallas, y disponen de un amplio baño privado. Se pueden añadir una o dos camas supletorias bajo petición: 25€ por noche (la colocación de la cuna es gratuita). La casa familiar puede alquilarse por 252€ por noche. En temporada baja cuesta 220€ por noche. Todos los precios incluyen desayuno. En temporada alta se alquila por un mínimo de 7 noches, en temporada baja 3 noches. Las reservas se pueden hacer a través del sistema de reservas de esta página web. Preferencias y dietas especiales pueden ser comunicadas por e-mail.&nbsp;</p>

<!-- This site is optimized with the Yoast SEO plugin v25.1 - https://yoast.com/wordpress/plugins/seo/ -->
<title>Quinta da Portela - VisitGuarda</title>
<meta name="robots" content="index, follow, max-snippet:-1, max-image-preview:large, max-video-preview:-1" />
<link rel="canonical" href="https://www.visitguarda.pt/ponto_de_interesse/quinta-da-portela/" />
<meta property="og:locale" content="es_ES" />
<meta property="og:type" content="article" />
<meta property="og:title" content="Quinta da Portela - VisitGuarda" />
<meta property="og:description" content="Alquilamos nuestros estudios por 143€ por noche, en temporada baja son 110€ por noche.Todos los estudios están equipados para dos personas, con ropa de cama y toallas, y disponen de un amplio baño privado. Se pueden añadir una o dos camas supletorias bajo petición: 25€ por noche (la colocación de la cuna es gratuita). La [&hellip;]" />
<meta property="og:url" content="https://www.visitguarda.pt/ponto_de_interesse/quinta-da-portela/" />
<meta property="og:site_name" content="VisitGuarda" />
<meta property="article:publisher" content="https://fb.com/MunicipioDaGuarda" />
<meta property="article:modified_time" content="2026-03-12T13:12:34+00:00" />
<meta name="twitter:card" content="summary_large_image" />
<meta name="twitter:label1" content="Tiempo de lectura" />
	<meta name="twitter:data1" content="1 minuto" />
<script type="application/ld+json" class="yoast-schema-graph">{"@context":"https://schema.org","@graph":[{"@type":"WebPage","@id":"https://www.visitguarda.pt/ponto_de_interesse/quinta-da-portela/","url":"https://www.visitguarda.pt/ponto_de_interesse/quinta-da-portela/","name":"Quinta da Portela - VisitGuarda","isPartOf":{"@id":"https://www.visitguarda.pt/#website"},"datePublished":"2024-10-25T12:13:37+00:00","dateModified":"2026-03-12T13:12:34+00:00","breadcrumb":{"@id":"https://www.visitguarda.pt/ponto_de_interesse/quinta-da-portela/#breadcrumb"},"inLanguage":"es","potentialAction":[{"@type":"ReadAction","target":["https://www.visitguarda.pt/ponto_de_interesse/quinta-da-portela/"]}]},{"@type":"BreadcrumbList","@id":"https://www.visitguarda.pt/ponto_de_interesse/quinta-da-portela/#breadcrumb","itemListElement":[{"@type":"ListItem","position":1,"name":"Início","item":"https://www.visitguarda.pt/es/"},{"@type":"ListItem","position":2,"name":"Quinta da Portela"}]},{"@type":"WebSite","@id":"https://www.visitguarda.pt/#website","url":"https://www.visitguarda.pt/","name":"VisitGuarda","description":"","publisher":{"@id":"https://www.visitguarda.pt/#organization"},"potentialAction":[{"@type":"SearchAction","target":{"@type":"EntryPoint","urlTemplate":"https://www.visitguarda.pt/?s={search_term_string}"},"query-input":{"@type":"PropertyValueSpecification","valueRequired":true,"valueName":"search_term_string"}}],"inLanguage":"es"},{"@type":"Organization","@id":"https://www.visitguarda.pt/#organization","name":"Município da Guarda","url":"https://www.visitguarda.pt/","logo":{"@type":"ImageObject","inLanguage":"es","@id":"https://www.visitguarda.pt/#/schema/logo/image/","url":"https://www.visitguarda.pt/wp-content/uploads/2025/01/logo_mun_guarda.jpg","contentUrl":"https://www.visitguarda.pt/wp-content/uploads/2025/01/logo_mun_guarda.jpg","width":1181,"height":1181,"caption":"Município da Guarda"},"image":{"@id":"https://www.visitguarda.pt/#/schema/logo/image/"},"sameAs":["https://fb.com/MunicipioDaGuarda","https://www.instagram.com/municipiodaguarda"]}]}</script>
<!-- / Yoast SEO plugin. -->

Alquilamos nuestros estudios por 143€ por noche, en temporada baja son 110€ por noche.Todos los estudios están equipados para dos personas, con ropa de cama y toallas, y disponen de un amplio baño privado. Se pueden añadir una o dos camas supletorias bajo petición: 25€ por noche (la colocación de la cuna es gratuita). La [&hellip;]

Início

Município da Guarda
