{"version":"1.0","provider_name":"VisitGuarda","provider_url":"https:\/\/www.visitguarda.pt\/fr\/","title":"Dolmen de P\u00eara do Mo\u00e7o - VisitGuarda","type":"rich","width":600,"height":338,"html":"<blockquote class=\"wp-embedded-content\" data-secret=\"W5OaaX2evL\"><a href=\"https:\/\/www.visitguarda.pt\/fr\/ponto_de_interesse\/anta-de-pera-do-moco\/\">Dolmen de P\u00eara do Mo\u00e7o<\/a><\/blockquote><iframe sandbox=\"allow-scripts\" security=\"restricted\" src=\"https:\/\/www.visitguarda.pt\/fr\/ponto_de_interesse\/anta-de-pera-do-moco\/embed\/#?secret=W5OaaX2evL\" width=\"600\" height=\"338\" title=\"\u00ab\u00a0Dolmen de P\u00eara do Mo\u00e7o\u00a0\u00bb &#8212; VisitGuarda\" data-secret=\"W5OaaX2evL\" frameborder=\"0\" marginwidth=\"0\" marginheight=\"0\" scrolling=\"no\" class=\"wp-embedded-content\"><\/iframe><script>\n\/*! This file is auto-generated *\/\n!function(d,l){\"use strict\";l.querySelector&&d.addEventListener&&\"undefined\"!=typeof URL&&(d.wp=d.wp||{},d.wp.receiveEmbedMessage||(d.wp.receiveEmbedMessage=function(e){var t=e.data;if((t||t.secret||t.message||t.value)&&!\/[^a-zA-Z0-9]\/.test(t.secret)){for(var s,r,n,a=l.querySelectorAll('iframe[data-secret=\"'+t.secret+'\"]'),o=l.querySelectorAll('blockquote[data-secret=\"'+t.secret+'\"]'),c=new RegExp(\"^https?:$\",\"i\"),i=0;i<o.length;i++)o[i].style.display=\"none\";for(i=0;i<a.length;i++)s=a[i],e.source===s.contentWindow&&(s.removeAttribute(\"style\"),\"height\"===t.message?(1e3<(r=parseInt(t.value,10))?r=1e3:~~r<200&&(r=200),s.height=r):\"link\"===t.message&&(r=new URL(s.getAttribute(\"src\")),n=new URL(t.value),c.test(n.protocol))&&n.host===r.host&&l.activeElement===s&&(d.top.location.href=t.value))}},d.addEventListener(\"message\",d.wp.receiveEmbedMessage,!1),l.addEventListener(\"DOMContentLoaded\",function(){for(var e,t,s=l.querySelectorAll(\"iframe.wp-embedded-content\"),r=0;r<s.length;r++)(t=(e=s[r]).getAttribute(\"data-secret\"))||(t=Math.random().toString(36).substring(2,12),e.src+=\"#?secret=\"+t,e.setAttribute(\"data-secret\",t)),e.contentWindow.postMessage({message:\"ready\",secret:t},\"*\")},!1)))}(window,document);\n<\/script>\n","description":"Constituant le monument pr\u00e9historique principal et le plus visible de la commune, le dolmen de Pera do Mo\u00e7o remonte \u00e0 la p\u00e9riode de transition du IVe au IIIe mill\u00e9naire avant JC, \u00e9poque o\u00f9 de grands monuments fun\u00e9raires individuels \u00e9taient construits. Il se compose d&rsquo;une chambre d\u00e9limit\u00e9e par cinq supports verticaux qui soutiennent une dalle de [&hellip;]"}

Dolmen de Pêra do Moço - VisitGuarda

<blockquote class="wp-embedded-content" data-secret="W5OaaX2evL"><a href="https://www.visitguarda.pt/fr/ponto_de_interesse/anta-de-pera-do-moco/">Dolmen de Pêra do Moço</a></blockquote><iframe sandbox="allow-scripts" security="restricted" src="https://www.visitguarda.pt/fr/ponto_de_interesse/anta-de-pera-do-moco/embed/#?secret=W5OaaX2evL" width="600" height="338" title="« Dolmen de Pêra do Moço » &#8212; VisitGuarda" data-secret="W5OaaX2evL" frameborder="0" marginwidth="0" marginheight="0" scrolling="no" class="wp-embedded-content"></iframe><script>
/*! This file is auto-generated */
!function(d,l){"use strict";l.querySelector&&d.addEventListener&&"undefined"!=typeof URL&&(d.wp=d.wp||{},d.wp.receiveEmbedMessage||(d.wp.receiveEmbedMessage=function(e){var t=e.data;if((t||t.secret||t.message||t.value)&&!/[^a-zA-Z0-9]/.test(t.secret)){for(var s,r,n,a=l.querySelectorAll('iframe[data-secret="'+t.secret+'"]'),o=l.querySelectorAll('blockquote[data-secret="'+t.secret+'"]'),c=new RegExp("^https?:$","i"),i=0;i<o.length;i++)o[i].style.display="none";for(i=0;i<a.length;i++)s=a[i],e.source===s.contentWindow&&(s.removeAttribute("style"),"height"===t.message?(1e3<(r=parseInt(t.value,10))?r=1e3:~~r<200&&(r=200),s.height=r):"link"===t.message&&(r=new URL(s.getAttribute("src")),n=new URL(t.value),c.test(n.protocol))&&n.host===r.host&&l.activeElement===s&&(d.top.location.href=t.value))}},d.addEventListener("message",d.wp.receiveEmbedMessage,!1),l.addEventListener("DOMContentLoaded",function(){for(var e,t,s=l.querySelectorAll("iframe.wp-embedded-content"),r=0;r<s.length;r++)(t=(e=s[r]).getAttribute("data-secret"))||(t=Math.random().toString(36).substring(2,12),e.src+="#?secret="+t,e.setAttribute("data-secret",t)),e.contentWindow.postMessage({message:"ready",secret:t},"*")},!1)))}(window,document);
</script>

Constituant le monument préhistorique principal et le plus visible de la commune, le dolmen de Pera do Moço remonte à la période de transition du IVe au IIIe millénaire avant JC, époque où de grands monuments funéraires individuels étaient construits. Il se compose d&rsquo;une chambre délimitée par cinq supports verticaux qui soutiennent une dalle de [&hellip;]
