{"id":10120,"date":"2024-05-28T16:57:47","date_gmt":"2024-05-28T16:57:47","guid":{"rendered":"https:\/\/visitguarda.dev.loba.com\/ponto_de_interesse\/museu-das-atividades-de-videmonte\/"},"modified":"2026-03-12T13:00:58","modified_gmt":"2026-03-12T13:00:58","slug":"museu-das-atividades-de-videmonte","status":"publish","type":"ponto_de_interesse","link":"https:\/\/www.visitguarda.pt\/fr\/ponto_de_interesse\/museu-das-atividades-de-videmonte\/","title":{"rendered":"Mus\u00e9e des Activit\u00e9s de Videmonte"},"content":{"rendered":"<p>L&rsquo;espace du mus\u00e9e occupe une maison typique de deux \u00e9tages, une cour et une annexe, l&rsquo;\u00e9tage sup\u00e9rieur comprend une cuisine traditionnelle, une salle d\u00e9di\u00e9e au berger, une autre pour la promotion et la vente des produits locaux, une chambre typique et une salle pour accueillir les visiteurs. Au rez-de-chauss\u00e9e du b\u00e2timent se trouvent un m\u00e9tier \u00e0 tisser, des mat\u00e9riaux li\u00e9s \u00e0 l&rsquo;exploitation mini\u00e8re, une grange, des objets li\u00e9s \u00e0 l&rsquo;abattage des porcs et aux m\u00e9tiers de ma\u00e7on, cordonnier et barbier, entre autres.<\/p>\n","protected":false},"featured_media":0,"template":"","meta":{"_acf_changed":false},"categoria_ponto_interesse":[267],"duracao":[],"estacao_do_ano":[],"grupo_de_viagem":[],"tipo_de_experiencia":[268,250],"class_list":["post-10120","ponto_de_interesse","type-ponto_de_interesse","status-publish","hentry","categoria_ponto_interesse-musees-maisons-musees","tipo_de_experiencia-culture-fr","tipo_de_experiencia-patrimoine"],"acf":[],"yoast_head":"<!-- This site is optimized with the Yoast SEO plugin v25.1 - https:\/\/yoast.com\/wordpress\/plugins\/seo\/ -->\n<title>Mus\u00e9e des Activit\u00e9s de Videmonte - VisitGuarda<\/title>\n<meta name=\"robots\" content=\"index, follow, max-snippet:-1, max-image-preview:large, max-video-preview:-1\" \/>\n<link rel=\"canonical\" href=\"https:\/\/www.visitguarda.pt\/ponto_de_interesse\/museu-das-atividades-de-videmonte\/\" \/>\n<meta property=\"og:locale\" content=\"fr_FR\" \/>\n<meta property=\"og:type\" content=\"article\" \/>\n<meta property=\"og:title\" content=\"Mus\u00e9e des Activit\u00e9s de Videmonte - VisitGuarda\" \/>\n<meta property=\"og:description\" content=\"L&rsquo;espace du mus\u00e9e occupe une maison typique de deux \u00e9tages, une cour et une annexe, l&rsquo;\u00e9tage sup\u00e9rieur comprend une cuisine traditionnelle, une salle d\u00e9di\u00e9e au berger, une autre pour la promotion et la vente des produits locaux, une chambre typique et une salle pour accueillir les visiteurs. Au rez-de-chauss\u00e9e du b\u00e2timent se trouvent un m\u00e9tier [&hellip;]\" \/>\n<meta property=\"og:url\" content=\"https:\/\/www.visitguarda.pt\/ponto_de_interesse\/museu-das-atividades-de-videmonte\/\" \/>\n<meta property=\"og:site_name\" content=\"VisitGuarda\" \/>\n<meta property=\"article:publisher\" content=\"https:\/\/fb.com\/MunicipioDaGuarda\" \/>\n<meta property=\"article:modified_time\" content=\"2026-03-12T13:00:58+00:00\" \/>\n<meta name=\"twitter:card\" content=\"summary_large_image\" \/>\n<script type=\"application\/ld+json\" class=\"yoast-schema-graph\">{\"@context\":\"https:\/\/schema.org\",\"@graph\":[{\"@type\":\"WebPage\",\"@id\":\"https:\/\/www.visitguarda.pt\/ponto_de_interesse\/museu-das-atividades-de-videmonte\/\",\"url\":\"https:\/\/www.visitguarda.pt\/ponto_de_interesse\/museu-das-atividades-de-videmonte\/\",\"name\":\"Mus\u00e9e des Activit\u00e9s de Videmonte - VisitGuarda\",\"isPartOf\":{\"@id\":\"https:\/\/www.visitguarda.pt\/#website\"},\"datePublished\":\"2024-05-28T16:57:47+00:00\",\"dateModified\":\"2026-03-12T13:00:58+00:00\",\"breadcrumb\":{\"@id\":\"https:\/\/www.visitguarda.pt\/ponto_de_interesse\/museu-das-atividades-de-videmonte\/#breadcrumb\"},\"inLanguage\":\"fr-FR\",\"potentialAction\":[{\"@type\":\"ReadAction\",\"target\":[\"https:\/\/www.visitguarda.pt\/ponto_de_interesse\/museu-das-atividades-de-videmonte\/\"]}]},{\"@type\":\"BreadcrumbList\",\"@id\":\"https:\/\/www.visitguarda.pt\/ponto_de_interesse\/museu-das-atividades-de-videmonte\/#breadcrumb\",\"itemListElement\":[{\"@type\":\"ListItem\",\"position\":1,\"name\":\"In\u00edcio\",\"item\":\"https:\/\/www.visitguarda.pt\/fr\/\"},{\"@type\":\"ListItem\",\"position\":2,\"name\":\"Mus\u00e9e des Activit\u00e9s de Videmonte\"}]},{\"@type\":\"WebSite\",\"@id\":\"https:\/\/www.visitguarda.pt\/#website\",\"url\":\"https:\/\/www.visitguarda.pt\/\",\"name\":\"VisitGuarda\",\"description\":\"\",\"publisher\":{\"@id\":\"https:\/\/www.visitguarda.pt\/#organization\"},\"potentialAction\":[{\"@type\":\"SearchAction\",\"target\":{\"@type\":\"EntryPoint\",\"urlTemplate\":\"https:\/\/www.visitguarda.pt\/?s={search_term_string}\"},\"query-input\":{\"@type\":\"PropertyValueSpecification\",\"valueRequired\":true,\"valueName\":\"search_term_string\"}}],\"inLanguage\":\"fr-FR\"},{\"@type\":\"Organization\",\"@id\":\"https:\/\/www.visitguarda.pt\/#organization\",\"name\":\"Munic\u00edpio da Guarda\",\"url\":\"https:\/\/www.visitguarda.pt\/\",\"logo\":{\"@type\":\"ImageObject\",\"inLanguage\":\"fr-FR\",\"@id\":\"https:\/\/www.visitguarda.pt\/#\/schema\/logo\/image\/\",\"url\":\"https:\/\/www.visitguarda.pt\/wp-content\/uploads\/2025\/01\/logo_mun_guarda.jpg\",\"contentUrl\":\"https:\/\/www.visitguarda.pt\/wp-content\/uploads\/2025\/01\/logo_mun_guarda.jpg\",\"width\":1181,\"height\":1181,\"caption\":\"Munic\u00edpio da Guarda\"},\"image\":{\"@id\":\"https:\/\/www.visitguarda.pt\/#\/schema\/logo\/image\/\"},\"sameAs\":[\"https:\/\/fb.com\/MunicipioDaGuarda\",\"https:\/\/www.instagram.com\/municipiodaguarda\"]}]}<\/script>\n<!-- \/ Yoast SEO plugin. -->","yoast_head_json":{"title":"Mus\u00e9e des Activit\u00e9s de Videmonte - VisitGuarda","robots":{"index":"index","follow":"follow","max-snippet":"max-snippet:-1","max-image-preview":"max-image-preview:large","max-video-preview":"max-video-preview:-1"},"canonical":"https:\/\/www.visitguarda.pt\/ponto_de_interesse\/museu-das-atividades-de-videmonte\/","og_locale":"fr_FR","og_type":"article","og_title":"Mus\u00e9e des Activit\u00e9s de Videmonte - VisitGuarda","og_description":"L&rsquo;espace du mus\u00e9e occupe une maison typique de deux \u00e9tages, une cour et une annexe, l&rsquo;\u00e9tage sup\u00e9rieur comprend une cuisine traditionnelle, une salle d\u00e9di\u00e9e au berger, une autre pour la promotion et la vente des produits locaux, une chambre typique et une salle pour accueillir les visiteurs. Au rez-de-chauss\u00e9e du b\u00e2timent se trouvent un m\u00e9tier [&hellip;]","og_url":"https:\/\/www.visitguarda.pt\/ponto_de_interesse\/museu-das-atividades-de-videmonte\/","og_site_name":"VisitGuarda","article_publisher":"https:\/\/fb.com\/MunicipioDaGuarda","article_modified_time":"2026-03-12T13:00:58+00:00","twitter_card":"summary_large_image","schema":{"@context":"https:\/\/schema.org","@graph":[{"@type":"WebPage","@id":"https:\/\/www.visitguarda.pt\/ponto_de_interesse\/museu-das-atividades-de-videmonte\/","url":"https:\/\/www.visitguarda.pt\/ponto_de_interesse\/museu-das-atividades-de-videmonte\/","name":"Mus\u00e9e des Activit\u00e9s de Videmonte - VisitGuarda","isPartOf":{"@id":"https:\/\/www.visitguarda.pt\/#website"},"datePublished":"2024-05-28T16:57:47+00:00","dateModified":"2026-03-12T13:00:58+00:00","breadcrumb":{"@id":"https:\/\/www.visitguarda.pt\/ponto_de_interesse\/museu-das-atividades-de-videmonte\/#breadcrumb"},"inLanguage":"fr-FR","potentialAction":[{"@type":"ReadAction","target":["https:\/\/www.visitguarda.pt\/ponto_de_interesse\/museu-das-atividades-de-videmonte\/"]}]},{"@type":"BreadcrumbList","@id":"https:\/\/www.visitguarda.pt\/ponto_de_interesse\/museu-das-atividades-de-videmonte\/#breadcrumb","itemListElement":[{"@type":"ListItem","position":1,"name":"In\u00edcio","item":"https:\/\/www.visitguarda.pt\/fr\/"},{"@type":"ListItem","position":2,"name":"Mus\u00e9e des Activit\u00e9s de Videmonte"}]},{"@type":"WebSite","@id":"https:\/\/www.visitguarda.pt\/#website","url":"https:\/\/www.visitguarda.pt\/","name":"VisitGuarda","description":"","publisher":{"@id":"https:\/\/www.visitguarda.pt\/#organization"},"potentialAction":[{"@type":"SearchAction","target":{"@type":"EntryPoint","urlTemplate":"https:\/\/www.visitguarda.pt\/?s={search_term_string}"},"query-input":{"@type":"PropertyValueSpecification","valueRequired":true,"valueName":"search_term_string"}}],"inLanguage":"fr-FR"},{"@type":"Organization","@id":"https:\/\/www.visitguarda.pt\/#organization","name":"Munic\u00edpio da Guarda","url":"https:\/\/www.visitguarda.pt\/","logo":{"@type":"ImageObject","inLanguage":"fr-FR","@id":"https:\/\/www.visitguarda.pt\/#\/schema\/logo\/image\/","url":"https:\/\/www.visitguarda.pt\/wp-content\/uploads\/2025\/01\/logo_mun_guarda.jpg","contentUrl":"https:\/\/www.visitguarda.pt\/wp-content\/uploads\/2025\/01\/logo_mun_guarda.jpg","width":1181,"height":1181,"caption":"Munic\u00edpio da Guarda"},"image":{"@id":"https:\/\/www.visitguarda.pt\/#\/schema\/logo\/image\/"},"sameAs":["https:\/\/fb.com\/MunicipioDaGuarda","https:\/\/www.instagram.com\/municipiodaguarda"]}]}},"_links":{"self":[{"href":"https:\/\/www.visitguarda.pt\/fr\/wp-json\/wp\/v2\/ponto_de_interesse\/10120","targetHints":{"allow":["GET"]}}],"collection":[{"href":"https:\/\/www.visitguarda.pt\/fr\/wp-json\/wp\/v2\/ponto_de_interesse"}],"about":[{"href":"https:\/\/www.visitguarda.pt\/fr\/wp-json\/wp\/v2\/types\/ponto_de_interesse"}],"wp:attachment":[{"href":"https:\/\/www.visitguarda.pt\/fr\/wp-json\/wp\/v2\/media?parent=10120"}],"wp:term":[{"taxonomy":"categoria_ponto_interesse","embeddable":true,"href":"https:\/\/www.visitguarda.pt\/fr\/wp-json\/wp\/v2\/categoria_ponto_interesse?post=10120"},{"taxonomy":"duracao","embeddable":true,"href":"https:\/\/www.visitguarda.pt\/fr\/wp-json\/wp\/v2\/duracao?post=10120"},{"taxonomy":"estacao_do_ano","embeddable":true,"href":"https:\/\/www.visitguarda.pt\/fr\/wp-json\/wp\/v2\/estacao_do_ano?post=10120"},{"taxonomy":"grupo_de_viagem","embeddable":true,"href":"https:\/\/www.visitguarda.pt\/fr\/wp-json\/wp\/v2\/grupo_de_viagem?post=10120"},{"taxonomy":"tipo_de_experiencia","embeddable":true,"href":"https:\/\/www.visitguarda.pt\/fr\/wp-json\/wp\/v2\/tipo_de_experiencia?post=10120"}],"curies":[{"name":"wp","href":"https:\/\/api.w.org\/{rel}","templated":true}]}}

Musée des Activités de Videmonte

<p>L&rsquo;espace du musée occupe une maison typique de deux étages, une cour et une annexe, l&rsquo;étage supérieur comprend une cuisine traditionnelle, une salle dédiée au berger, une autre pour la promotion et la vente des produits locaux, une chambre typique et une salle pour accueillir les visiteurs. Au rez-de-chaussée du bâtiment se trouvent un métier à tisser, des matériaux liés à l&rsquo;exploitation minière, une grange, des objets liés à l&rsquo;abattage des porcs et aux métiers de maçon, cordonnier et barbier, entre autres.</p>

<!-- This site is optimized with the Yoast SEO plugin v25.1 - https://yoast.com/wordpress/plugins/seo/ -->
<title>Musée des Activités de Videmonte - VisitGuarda</title>
<meta name="robots" content="index, follow, max-snippet:-1, max-image-preview:large, max-video-preview:-1" />
<link rel="canonical" href="https://www.visitguarda.pt/ponto_de_interesse/museu-das-atividades-de-videmonte/" />
<meta property="og:locale" content="fr_FR" />
<meta property="og:type" content="article" />
<meta property="og:title" content="Musée des Activités de Videmonte - VisitGuarda" />
<meta property="og:description" content="L&rsquo;espace du musée occupe une maison typique de deux étages, une cour et une annexe, l&rsquo;étage supérieur comprend une cuisine traditionnelle, une salle dédiée au berger, une autre pour la promotion et la vente des produits locaux, une chambre typique et une salle pour accueillir les visiteurs. Au rez-de-chaussée du bâtiment se trouvent un métier [&hellip;]" />
<meta property="og:url" content="https://www.visitguarda.pt/ponto_de_interesse/museu-das-atividades-de-videmonte/" />
<meta property="og:site_name" content="VisitGuarda" />
<meta property="article:publisher" content="https://fb.com/MunicipioDaGuarda" />
<meta property="article:modified_time" content="2026-03-12T13:00:58+00:00" />
<meta name="twitter:card" content="summary_large_image" />
<script type="application/ld+json" class="yoast-schema-graph">{"@context":"https://schema.org","@graph":[{"@type":"WebPage","@id":"https://www.visitguarda.pt/ponto_de_interesse/museu-das-atividades-de-videmonte/","url":"https://www.visitguarda.pt/ponto_de_interesse/museu-das-atividades-de-videmonte/","name":"Musée des Activités de Videmonte - VisitGuarda","isPartOf":{"@id":"https://www.visitguarda.pt/#website"},"datePublished":"2024-05-28T16:57:47+00:00","dateModified":"2026-03-12T13:00:58+00:00","breadcrumb":{"@id":"https://www.visitguarda.pt/ponto_de_interesse/museu-das-atividades-de-videmonte/#breadcrumb"},"inLanguage":"fr-FR","potentialAction":[{"@type":"ReadAction","target":["https://www.visitguarda.pt/ponto_de_interesse/museu-das-atividades-de-videmonte/"]}]},{"@type":"BreadcrumbList","@id":"https://www.visitguarda.pt/ponto_de_interesse/museu-das-atividades-de-videmonte/#breadcrumb","itemListElement":[{"@type":"ListItem","position":1,"name":"Início","item":"https://www.visitguarda.pt/fr/"},{"@type":"ListItem","position":2,"name":"Musée des Activités de Videmonte"}]},{"@type":"WebSite","@id":"https://www.visitguarda.pt/#website","url":"https://www.visitguarda.pt/","name":"VisitGuarda","description":"","publisher":{"@id":"https://www.visitguarda.pt/#organization"},"potentialAction":[{"@type":"SearchAction","target":{"@type":"EntryPoint","urlTemplate":"https://www.visitguarda.pt/?s={search_term_string}"},"query-input":{"@type":"PropertyValueSpecification","valueRequired":true,"valueName":"search_term_string"}}],"inLanguage":"fr-FR"},{"@type":"Organization","@id":"https://www.visitguarda.pt/#organization","name":"Município da Guarda","url":"https://www.visitguarda.pt/","logo":{"@type":"ImageObject","inLanguage":"fr-FR","@id":"https://www.visitguarda.pt/#/schema/logo/image/","url":"https://www.visitguarda.pt/wp-content/uploads/2025/01/logo_mun_guarda.jpg","contentUrl":"https://www.visitguarda.pt/wp-content/uploads/2025/01/logo_mun_guarda.jpg","width":1181,"height":1181,"caption":"Município da Guarda"},"image":{"@id":"https://www.visitguarda.pt/#/schema/logo/image/"},"sameAs":["https://fb.com/MunicipioDaGuarda","https://www.instagram.com/municipiodaguarda"]}]}</script>
<!-- / Yoast SEO plugin. -->

Musée des Activités de Videmonte - VisitGuarda

L&rsquo;espace du musée occupe une maison typique de deux étages, une cour et une annexe, l&rsquo;étage supérieur comprend une cuisine traditionnelle, une salle dédiée au berger, une autre pour la promotion et la vente des produits locaux, une chambre typique et une salle pour accueillir les visiteurs. Au rez-de-chaussée du bâtiment se trouvent un métier [&hellip;]

Início

Município da Guarda
