{"id":10400,"date":"2024-05-28T16:58:53","date_gmt":"2024-05-28T16:58:53","guid":{"rendered":"https:\/\/visitguarda.dev.loba.com\/ponto_de_interesse\/residencial-pinto\/"},"modified":"2026-03-12T13:04:24","modified_gmt":"2026-03-12T13:04:24","slug":"residencial-pinto","status":"publish","type":"ponto_de_interesse","link":"https:\/\/www.visitguarda.pt\/fr\/ponto_de_interesse\/residencial-pinto\/","title":{"rendered":"R\u00e9sidentiel Pinto"},"content":{"rendered":"<p>Il dispose d&rsquo;un parking et d&rsquo;une connexion Wi-Fi gratuits. Toutes les chambres meubl\u00e9es avec simplicit\u00e9 sont \u00e9quip\u00e9es de la climatisation, d&rsquo;une t\u00e9l\u00e9vision avec cha\u00eenes satellite et d&rsquo;un bureau. Les salles de bains priv\u00e9es sont standard. Un petit d\u00e9jeuner continental est servi tous les jours dans la salle de petit d\u00e9jeuner moderne. Des vins et des boissons non alcoolis\u00e9es sont disponibles au bar de l&rsquo;\u00e9tablissement. Des restaurants se trouvent \u00e0 5 minutes de route de l&rsquo;h\u00f4tel.&nbsp;Les animaux domestiques sont accept\u00e9s contre paiement d&rsquo;un suppl\u00e9ment.<\/p>\n","protected":false},"featured_media":0,"template":"","meta":{"_acf_changed":false},"categoria_ponto_interesse":[337],"duracao":[],"estacao_do_ano":[],"grupo_de_viagem":[],"tipo_de_experiencia":[],"class_list":["post-10400","ponto_de_interesse","type-ponto_de_interesse","status-publish","hentry","categoria_ponto_interesse-hebergement-local"],"acf":[],"yoast_head":"<!-- This site is optimized with the Yoast SEO plugin v25.1 - https:\/\/yoast.com\/wordpress\/plugins\/seo\/ -->\n<title>R\u00e9sidentiel Pinto - VisitGuarda<\/title>\n<meta name=\"robots\" content=\"index, follow, max-snippet:-1, max-image-preview:large, max-video-preview:-1\" \/>\n<link rel=\"canonical\" href=\"https:\/\/www.visitguarda.pt\/ponto_de_interesse\/residencial-pinto\/\" \/>\n<meta property=\"og:locale\" content=\"fr_FR\" \/>\n<meta property=\"og:type\" content=\"article\" \/>\n<meta property=\"og:title\" content=\"R\u00e9sidentiel Pinto - VisitGuarda\" \/>\n<meta property=\"og:description\" content=\"Il dispose d&rsquo;un parking et d&rsquo;une connexion Wi-Fi gratuits. Toutes les chambres meubl\u00e9es avec simplicit\u00e9 sont \u00e9quip\u00e9es de la climatisation, d&rsquo;une t\u00e9l\u00e9vision avec cha\u00eenes satellite et d&rsquo;un bureau. Les salles de bains priv\u00e9es sont standard. Un petit d\u00e9jeuner continental est servi tous les jours dans la salle de petit d\u00e9jeuner moderne. Des vins et des [&hellip;]\" \/>\n<meta property=\"og:url\" content=\"https:\/\/www.visitguarda.pt\/ponto_de_interesse\/residencial-pinto\/\" \/>\n<meta property=\"og:site_name\" content=\"VisitGuarda\" \/>\n<meta property=\"article:publisher\" content=\"https:\/\/fb.com\/MunicipioDaGuarda\" \/>\n<meta property=\"article:modified_time\" content=\"2026-03-12T13:04:24+00:00\" \/>\n<meta name=\"twitter:card\" content=\"summary_large_image\" \/>\n<script type=\"application\/ld+json\" class=\"yoast-schema-graph\">{\"@context\":\"https:\/\/schema.org\",\"@graph\":[{\"@type\":\"WebPage\",\"@id\":\"https:\/\/www.visitguarda.pt\/ponto_de_interesse\/residencial-pinto\/\",\"url\":\"https:\/\/www.visitguarda.pt\/ponto_de_interesse\/residencial-pinto\/\",\"name\":\"R\u00e9sidentiel Pinto - VisitGuarda\",\"isPartOf\":{\"@id\":\"https:\/\/www.visitguarda.pt\/#website\"},\"datePublished\":\"2024-05-28T16:58:53+00:00\",\"dateModified\":\"2026-03-12T13:04:24+00:00\",\"breadcrumb\":{\"@id\":\"https:\/\/www.visitguarda.pt\/ponto_de_interesse\/residencial-pinto\/#breadcrumb\"},\"inLanguage\":\"fr-FR\",\"potentialAction\":[{\"@type\":\"ReadAction\",\"target\":[\"https:\/\/www.visitguarda.pt\/ponto_de_interesse\/residencial-pinto\/\"]}]},{\"@type\":\"BreadcrumbList\",\"@id\":\"https:\/\/www.visitguarda.pt\/ponto_de_interesse\/residencial-pinto\/#breadcrumb\",\"itemListElement\":[{\"@type\":\"ListItem\",\"position\":1,\"name\":\"In\u00edcio\",\"item\":\"https:\/\/www.visitguarda.pt\/fr\/\"},{\"@type\":\"ListItem\",\"position\":2,\"name\":\"R\u00e9sidentiel Pinto\"}]},{\"@type\":\"WebSite\",\"@id\":\"https:\/\/www.visitguarda.pt\/#website\",\"url\":\"https:\/\/www.visitguarda.pt\/\",\"name\":\"VisitGuarda\",\"description\":\"\",\"publisher\":{\"@id\":\"https:\/\/www.visitguarda.pt\/#organization\"},\"potentialAction\":[{\"@type\":\"SearchAction\",\"target\":{\"@type\":\"EntryPoint\",\"urlTemplate\":\"https:\/\/www.visitguarda.pt\/?s={search_term_string}\"},\"query-input\":{\"@type\":\"PropertyValueSpecification\",\"valueRequired\":true,\"valueName\":\"search_term_string\"}}],\"inLanguage\":\"fr-FR\"},{\"@type\":\"Organization\",\"@id\":\"https:\/\/www.visitguarda.pt\/#organization\",\"name\":\"Munic\u00edpio da Guarda\",\"url\":\"https:\/\/www.visitguarda.pt\/\",\"logo\":{\"@type\":\"ImageObject\",\"inLanguage\":\"fr-FR\",\"@id\":\"https:\/\/www.visitguarda.pt\/#\/schema\/logo\/image\/\",\"url\":\"https:\/\/www.visitguarda.pt\/wp-content\/uploads\/2025\/01\/logo_mun_guarda.jpg\",\"contentUrl\":\"https:\/\/www.visitguarda.pt\/wp-content\/uploads\/2025\/01\/logo_mun_guarda.jpg\",\"width\":1181,\"height\":1181,\"caption\":\"Munic\u00edpio da Guarda\"},\"image\":{\"@id\":\"https:\/\/www.visitguarda.pt\/#\/schema\/logo\/image\/\"},\"sameAs\":[\"https:\/\/fb.com\/MunicipioDaGuarda\",\"https:\/\/www.instagram.com\/municipiodaguarda\"]}]}<\/script>\n<!-- \/ Yoast SEO plugin. -->","yoast_head_json":{"title":"R\u00e9sidentiel Pinto - VisitGuarda","robots":{"index":"index","follow":"follow","max-snippet":"max-snippet:-1","max-image-preview":"max-image-preview:large","max-video-preview":"max-video-preview:-1"},"canonical":"https:\/\/www.visitguarda.pt\/ponto_de_interesse\/residencial-pinto\/","og_locale":"fr_FR","og_type":"article","og_title":"R\u00e9sidentiel Pinto - VisitGuarda","og_description":"Il dispose d&rsquo;un parking et d&rsquo;une connexion Wi-Fi gratuits. Toutes les chambres meubl\u00e9es avec simplicit\u00e9 sont \u00e9quip\u00e9es de la climatisation, d&rsquo;une t\u00e9l\u00e9vision avec cha\u00eenes satellite et d&rsquo;un bureau. Les salles de bains priv\u00e9es sont standard. Un petit d\u00e9jeuner continental est servi tous les jours dans la salle de petit d\u00e9jeuner moderne. Des vins et des [&hellip;]","og_url":"https:\/\/www.visitguarda.pt\/ponto_de_interesse\/residencial-pinto\/","og_site_name":"VisitGuarda","article_publisher":"https:\/\/fb.com\/MunicipioDaGuarda","article_modified_time":"2026-03-12T13:04:24+00:00","twitter_card":"summary_large_image","schema":{"@context":"https:\/\/schema.org","@graph":[{"@type":"WebPage","@id":"https:\/\/www.visitguarda.pt\/ponto_de_interesse\/residencial-pinto\/","url":"https:\/\/www.visitguarda.pt\/ponto_de_interesse\/residencial-pinto\/","name":"R\u00e9sidentiel Pinto - VisitGuarda","isPartOf":{"@id":"https:\/\/www.visitguarda.pt\/#website"},"datePublished":"2024-05-28T16:58:53+00:00","dateModified":"2026-03-12T13:04:24+00:00","breadcrumb":{"@id":"https:\/\/www.visitguarda.pt\/ponto_de_interesse\/residencial-pinto\/#breadcrumb"},"inLanguage":"fr-FR","potentialAction":[{"@type":"ReadAction","target":["https:\/\/www.visitguarda.pt\/ponto_de_interesse\/residencial-pinto\/"]}]},{"@type":"BreadcrumbList","@id":"https:\/\/www.visitguarda.pt\/ponto_de_interesse\/residencial-pinto\/#breadcrumb","itemListElement":[{"@type":"ListItem","position":1,"name":"In\u00edcio","item":"https:\/\/www.visitguarda.pt\/fr\/"},{"@type":"ListItem","position":2,"name":"R\u00e9sidentiel Pinto"}]},{"@type":"WebSite","@id":"https:\/\/www.visitguarda.pt\/#website","url":"https:\/\/www.visitguarda.pt\/","name":"VisitGuarda","description":"","publisher":{"@id":"https:\/\/www.visitguarda.pt\/#organization"},"potentialAction":[{"@type":"SearchAction","target":{"@type":"EntryPoint","urlTemplate":"https:\/\/www.visitguarda.pt\/?s={search_term_string}"},"query-input":{"@type":"PropertyValueSpecification","valueRequired":true,"valueName":"search_term_string"}}],"inLanguage":"fr-FR"},{"@type":"Organization","@id":"https:\/\/www.visitguarda.pt\/#organization","name":"Munic\u00edpio da Guarda","url":"https:\/\/www.visitguarda.pt\/","logo":{"@type":"ImageObject","inLanguage":"fr-FR","@id":"https:\/\/www.visitguarda.pt\/#\/schema\/logo\/image\/","url":"https:\/\/www.visitguarda.pt\/wp-content\/uploads\/2025\/01\/logo_mun_guarda.jpg","contentUrl":"https:\/\/www.visitguarda.pt\/wp-content\/uploads\/2025\/01\/logo_mun_guarda.jpg","width":1181,"height":1181,"caption":"Munic\u00edpio da Guarda"},"image":{"@id":"https:\/\/www.visitguarda.pt\/#\/schema\/logo\/image\/"},"sameAs":["https:\/\/fb.com\/MunicipioDaGuarda","https:\/\/www.instagram.com\/municipiodaguarda"]}]}},"_links":{"self":[{"href":"https:\/\/www.visitguarda.pt\/fr\/wp-json\/wp\/v2\/ponto_de_interesse\/10400","targetHints":{"allow":["GET"]}}],"collection":[{"href":"https:\/\/www.visitguarda.pt\/fr\/wp-json\/wp\/v2\/ponto_de_interesse"}],"about":[{"href":"https:\/\/www.visitguarda.pt\/fr\/wp-json\/wp\/v2\/types\/ponto_de_interesse"}],"wp:attachment":[{"href":"https:\/\/www.visitguarda.pt\/fr\/wp-json\/wp\/v2\/media?parent=10400"}],"wp:term":[{"taxonomy":"categoria_ponto_interesse","embeddable":true,"href":"https:\/\/www.visitguarda.pt\/fr\/wp-json\/wp\/v2\/categoria_ponto_interesse?post=10400"},{"taxonomy":"duracao","embeddable":true,"href":"https:\/\/www.visitguarda.pt\/fr\/wp-json\/wp\/v2\/duracao?post=10400"},{"taxonomy":"estacao_do_ano","embeddable":true,"href":"https:\/\/www.visitguarda.pt\/fr\/wp-json\/wp\/v2\/estacao_do_ano?post=10400"},{"taxonomy":"grupo_de_viagem","embeddable":true,"href":"https:\/\/www.visitguarda.pt\/fr\/wp-json\/wp\/v2\/grupo_de_viagem?post=10400"},{"taxonomy":"tipo_de_experiencia","embeddable":true,"href":"https:\/\/www.visitguarda.pt\/fr\/wp-json\/wp\/v2\/tipo_de_experiencia?post=10400"}],"curies":[{"name":"wp","href":"https:\/\/api.w.org\/{rel}","templated":true}]}}

Résidentiel Pinto

<p>Il dispose d&rsquo;un parking et d&rsquo;une connexion Wi-Fi gratuits. Toutes les chambres meublées avec simplicité sont équipées de la climatisation, d&rsquo;une télévision avec chaînes satellite et d&rsquo;un bureau. Les salles de bains privées sont standard. Un petit déjeuner continental est servi tous les jours dans la salle de petit déjeuner moderne. Des vins et des boissons non alcoolisées sont disponibles au bar de l&rsquo;établissement. Des restaurants se trouvent à 5 minutes de route de l&rsquo;hôtel.&nbsp;Les animaux domestiques sont acceptés contre paiement d&rsquo;un supplément.</p>

<!-- This site is optimized with the Yoast SEO plugin v25.1 - https://yoast.com/wordpress/plugins/seo/ -->
<title>Résidentiel Pinto - VisitGuarda</title>
<meta name="robots" content="index, follow, max-snippet:-1, max-image-preview:large, max-video-preview:-1" />
<link rel="canonical" href="https://www.visitguarda.pt/ponto_de_interesse/residencial-pinto/" />
<meta property="og:locale" content="fr_FR" />
<meta property="og:type" content="article" />
<meta property="og:title" content="Résidentiel Pinto - VisitGuarda" />
<meta property="og:description" content="Il dispose d&rsquo;un parking et d&rsquo;une connexion Wi-Fi gratuits. Toutes les chambres meublées avec simplicité sont équipées de la climatisation, d&rsquo;une télévision avec chaînes satellite et d&rsquo;un bureau. Les salles de bains privées sont standard. Un petit déjeuner continental est servi tous les jours dans la salle de petit déjeuner moderne. Des vins et des [&hellip;]" />
<meta property="og:url" content="https://www.visitguarda.pt/ponto_de_interesse/residencial-pinto/" />
<meta property="og:site_name" content="VisitGuarda" />
<meta property="article:publisher" content="https://fb.com/MunicipioDaGuarda" />
<meta property="article:modified_time" content="2026-03-12T13:04:24+00:00" />
<meta name="twitter:card" content="summary_large_image" />
<script type="application/ld+json" class="yoast-schema-graph">{"@context":"https://schema.org","@graph":[{"@type":"WebPage","@id":"https://www.visitguarda.pt/ponto_de_interesse/residencial-pinto/","url":"https://www.visitguarda.pt/ponto_de_interesse/residencial-pinto/","name":"Résidentiel Pinto - VisitGuarda","isPartOf":{"@id":"https://www.visitguarda.pt/#website"},"datePublished":"2024-05-28T16:58:53+00:00","dateModified":"2026-03-12T13:04:24+00:00","breadcrumb":{"@id":"https://www.visitguarda.pt/ponto_de_interesse/residencial-pinto/#breadcrumb"},"inLanguage":"fr-FR","potentialAction":[{"@type":"ReadAction","target":["https://www.visitguarda.pt/ponto_de_interesse/residencial-pinto/"]}]},{"@type":"BreadcrumbList","@id":"https://www.visitguarda.pt/ponto_de_interesse/residencial-pinto/#breadcrumb","itemListElement":[{"@type":"ListItem","position":1,"name":"Início","item":"https://www.visitguarda.pt/fr/"},{"@type":"ListItem","position":2,"name":"Résidentiel Pinto"}]},{"@type":"WebSite","@id":"https://www.visitguarda.pt/#website","url":"https://www.visitguarda.pt/","name":"VisitGuarda","description":"","publisher":{"@id":"https://www.visitguarda.pt/#organization"},"potentialAction":[{"@type":"SearchAction","target":{"@type":"EntryPoint","urlTemplate":"https://www.visitguarda.pt/?s={search_term_string}"},"query-input":{"@type":"PropertyValueSpecification","valueRequired":true,"valueName":"search_term_string"}}],"inLanguage":"fr-FR"},{"@type":"Organization","@id":"https://www.visitguarda.pt/#organization","name":"Município da Guarda","url":"https://www.visitguarda.pt/","logo":{"@type":"ImageObject","inLanguage":"fr-FR","@id":"https://www.visitguarda.pt/#/schema/logo/image/","url":"https://www.visitguarda.pt/wp-content/uploads/2025/01/logo_mun_guarda.jpg","contentUrl":"https://www.visitguarda.pt/wp-content/uploads/2025/01/logo_mun_guarda.jpg","width":1181,"height":1181,"caption":"Município da Guarda"},"image":{"@id":"https://www.visitguarda.pt/#/schema/logo/image/"},"sameAs":["https://fb.com/MunicipioDaGuarda","https://www.instagram.com/municipiodaguarda"]}]}</script>
<!-- / Yoast SEO plugin. -->

Résidentiel Pinto - VisitGuarda

Il dispose d&rsquo;un parking et d&rsquo;une connexion Wi-Fi gratuits. Toutes les chambres meublées avec simplicité sont équipées de la climatisation, d&rsquo;une télévision avec chaînes satellite et d&rsquo;un bureau. Les salles de bains privées sont standard. Un petit déjeuner continental est servi tous les jours dans la salle de petit déjeuner moderne. Des vins et des [&hellip;]

Início

Município da Guarda
