{"id":10522,"date":"2024-05-28T16:59:27","date_gmt":"2024-05-28T16:59:27","guid":{"rendered":"https:\/\/visitguarda.dev.loba.com\/ponto_de_interesse\/marisqueira-o-sardinha\/"},"modified":"2026-03-12T13:05:40","modified_gmt":"2026-03-12T13:05:40","slug":"marisqueira-o-sardinha","status":"publish","type":"ponto_de_interesse","link":"https:\/\/www.visitguarda.pt\/fr\/ponto_de_interesse\/marisqueira-o-sardinha\/","title":{"rendered":"Marisqueira O Sardinha"},"content":{"rendered":"<p>Parmi une vaste liste de plats, nous mettons l&rsquo;accent sur : Canja de Ameijoa, Creme de Marisco, Poisson mixte grill\u00e9, Polvo \u00e0 Lagareiro, Choquinhos com molho verde, Arroz ou A\u00e7orda de marisco, Arroz de Lavagante, Misto de Marisco, Cabrito Pastor, Chouri\u00e7ada \u00e0 Moda da Guarda, Cozido \u00e0 Portuguesa, Galo B\u00eabado, Naco \u00e0 Ceifeira, Bitoque na Ca\u00e7arola et Bife \u00e0 Sardinha.<\/p>\n","protected":false},"featured_media":0,"template":"","meta":{"_acf_changed":false},"categoria_ponto_interesse":[346,364],"duracao":[],"estacao_do_ano":[],"grupo_de_viagem":[],"tipo_de_experiencia":[],"class_list":["post-10522","ponto_de_interesse","type-ponto_de_interesse","status-publish","hentry","categoria_ponto_interesse-cuisine-traditionnelle","categoria_ponto_interesse-fruits-de-mer"],"acf":[],"yoast_head":"<!-- This site is optimized with the Yoast SEO plugin v25.1 - https:\/\/yoast.com\/wordpress\/plugins\/seo\/ -->\n<title>Marisqueira O Sardinha - VisitGuarda<\/title>\n<meta name=\"robots\" content=\"index, follow, max-snippet:-1, max-image-preview:large, max-video-preview:-1\" \/>\n<link rel=\"canonical\" href=\"https:\/\/www.visitguarda.pt\/ponto_de_interesse\/marisqueira-o-sardinha\/\" \/>\n<meta property=\"og:locale\" content=\"fr_FR\" \/>\n<meta property=\"og:type\" content=\"article\" \/>\n<meta property=\"og:title\" content=\"Marisqueira O Sardinha - VisitGuarda\" \/>\n<meta property=\"og:description\" content=\"Parmi une vaste liste de plats, nous mettons l&rsquo;accent sur : Canja de Ameijoa, Creme de Marisco, Poisson mixte grill\u00e9, Polvo \u00e0 Lagareiro, Choquinhos com molho verde, Arroz ou A\u00e7orda de marisco, Arroz de Lavagante, Misto de Marisco, Cabrito Pastor, Chouri\u00e7ada \u00e0 Moda da Guarda, Cozido \u00e0 Portuguesa, Galo B\u00eabado, Naco \u00e0 Ceifeira, Bitoque na [&hellip;]\" \/>\n<meta property=\"og:url\" content=\"https:\/\/www.visitguarda.pt\/ponto_de_interesse\/marisqueira-o-sardinha\/\" \/>\n<meta property=\"og:site_name\" content=\"VisitGuarda\" \/>\n<meta property=\"article:publisher\" content=\"https:\/\/fb.com\/MunicipioDaGuarda\" \/>\n<meta property=\"article:modified_time\" content=\"2026-03-12T13:05:40+00:00\" \/>\n<meta name=\"twitter:card\" content=\"summary_large_image\" \/>\n<script type=\"application\/ld+json\" class=\"yoast-schema-graph\">{\"@context\":\"https:\/\/schema.org\",\"@graph\":[{\"@type\":\"WebPage\",\"@id\":\"https:\/\/www.visitguarda.pt\/ponto_de_interesse\/marisqueira-o-sardinha\/\",\"url\":\"https:\/\/www.visitguarda.pt\/ponto_de_interesse\/marisqueira-o-sardinha\/\",\"name\":\"Marisqueira O Sardinha - VisitGuarda\",\"isPartOf\":{\"@id\":\"https:\/\/www.visitguarda.pt\/#website\"},\"datePublished\":\"2024-05-28T16:59:27+00:00\",\"dateModified\":\"2026-03-12T13:05:40+00:00\",\"breadcrumb\":{\"@id\":\"https:\/\/www.visitguarda.pt\/ponto_de_interesse\/marisqueira-o-sardinha\/#breadcrumb\"},\"inLanguage\":\"fr-FR\",\"potentialAction\":[{\"@type\":\"ReadAction\",\"target\":[\"https:\/\/www.visitguarda.pt\/ponto_de_interesse\/marisqueira-o-sardinha\/\"]}]},{\"@type\":\"BreadcrumbList\",\"@id\":\"https:\/\/www.visitguarda.pt\/ponto_de_interesse\/marisqueira-o-sardinha\/#breadcrumb\",\"itemListElement\":[{\"@type\":\"ListItem\",\"position\":1,\"name\":\"In\u00edcio\",\"item\":\"https:\/\/www.visitguarda.pt\/fr\/\"},{\"@type\":\"ListItem\",\"position\":2,\"name\":\"Marisqueira O Sardinha\"}]},{\"@type\":\"WebSite\",\"@id\":\"https:\/\/www.visitguarda.pt\/#website\",\"url\":\"https:\/\/www.visitguarda.pt\/\",\"name\":\"VisitGuarda\",\"description\":\"\",\"publisher\":{\"@id\":\"https:\/\/www.visitguarda.pt\/#organization\"},\"potentialAction\":[{\"@type\":\"SearchAction\",\"target\":{\"@type\":\"EntryPoint\",\"urlTemplate\":\"https:\/\/www.visitguarda.pt\/?s={search_term_string}\"},\"query-input\":{\"@type\":\"PropertyValueSpecification\",\"valueRequired\":true,\"valueName\":\"search_term_string\"}}],\"inLanguage\":\"fr-FR\"},{\"@type\":\"Organization\",\"@id\":\"https:\/\/www.visitguarda.pt\/#organization\",\"name\":\"Munic\u00edpio da Guarda\",\"url\":\"https:\/\/www.visitguarda.pt\/\",\"logo\":{\"@type\":\"ImageObject\",\"inLanguage\":\"fr-FR\",\"@id\":\"https:\/\/www.visitguarda.pt\/#\/schema\/logo\/image\/\",\"url\":\"https:\/\/www.visitguarda.pt\/wp-content\/uploads\/2025\/01\/logo_mun_guarda.jpg\",\"contentUrl\":\"https:\/\/www.visitguarda.pt\/wp-content\/uploads\/2025\/01\/logo_mun_guarda.jpg\",\"width\":1181,\"height\":1181,\"caption\":\"Munic\u00edpio da Guarda\"},\"image\":{\"@id\":\"https:\/\/www.visitguarda.pt\/#\/schema\/logo\/image\/\"},\"sameAs\":[\"https:\/\/fb.com\/MunicipioDaGuarda\",\"https:\/\/www.instagram.com\/municipiodaguarda\"]}]}<\/script>\n<!-- \/ Yoast SEO plugin. -->","yoast_head_json":{"title":"Marisqueira O Sardinha - VisitGuarda","robots":{"index":"index","follow":"follow","max-snippet":"max-snippet:-1","max-image-preview":"max-image-preview:large","max-video-preview":"max-video-preview:-1"},"canonical":"https:\/\/www.visitguarda.pt\/ponto_de_interesse\/marisqueira-o-sardinha\/","og_locale":"fr_FR","og_type":"article","og_title":"Marisqueira O Sardinha - VisitGuarda","og_description":"Parmi une vaste liste de plats, nous mettons l&rsquo;accent sur : Canja de Ameijoa, Creme de Marisco, Poisson mixte grill\u00e9, Polvo \u00e0 Lagareiro, Choquinhos com molho verde, Arroz ou A\u00e7orda de marisco, Arroz de Lavagante, Misto de Marisco, Cabrito Pastor, Chouri\u00e7ada \u00e0 Moda da Guarda, Cozido \u00e0 Portuguesa, Galo B\u00eabado, Naco \u00e0 Ceifeira, Bitoque na [&hellip;]","og_url":"https:\/\/www.visitguarda.pt\/ponto_de_interesse\/marisqueira-o-sardinha\/","og_site_name":"VisitGuarda","article_publisher":"https:\/\/fb.com\/MunicipioDaGuarda","article_modified_time":"2026-03-12T13:05:40+00:00","twitter_card":"summary_large_image","schema":{"@context":"https:\/\/schema.org","@graph":[{"@type":"WebPage","@id":"https:\/\/www.visitguarda.pt\/ponto_de_interesse\/marisqueira-o-sardinha\/","url":"https:\/\/www.visitguarda.pt\/ponto_de_interesse\/marisqueira-o-sardinha\/","name":"Marisqueira O Sardinha - VisitGuarda","isPartOf":{"@id":"https:\/\/www.visitguarda.pt\/#website"},"datePublished":"2024-05-28T16:59:27+00:00","dateModified":"2026-03-12T13:05:40+00:00","breadcrumb":{"@id":"https:\/\/www.visitguarda.pt\/ponto_de_interesse\/marisqueira-o-sardinha\/#breadcrumb"},"inLanguage":"fr-FR","potentialAction":[{"@type":"ReadAction","target":["https:\/\/www.visitguarda.pt\/ponto_de_interesse\/marisqueira-o-sardinha\/"]}]},{"@type":"BreadcrumbList","@id":"https:\/\/www.visitguarda.pt\/ponto_de_interesse\/marisqueira-o-sardinha\/#breadcrumb","itemListElement":[{"@type":"ListItem","position":1,"name":"In\u00edcio","item":"https:\/\/www.visitguarda.pt\/fr\/"},{"@type":"ListItem","position":2,"name":"Marisqueira O Sardinha"}]},{"@type":"WebSite","@id":"https:\/\/www.visitguarda.pt\/#website","url":"https:\/\/www.visitguarda.pt\/","name":"VisitGuarda","description":"","publisher":{"@id":"https:\/\/www.visitguarda.pt\/#organization"},"potentialAction":[{"@type":"SearchAction","target":{"@type":"EntryPoint","urlTemplate":"https:\/\/www.visitguarda.pt\/?s={search_term_string}"},"query-input":{"@type":"PropertyValueSpecification","valueRequired":true,"valueName":"search_term_string"}}],"inLanguage":"fr-FR"},{"@type":"Organization","@id":"https:\/\/www.visitguarda.pt\/#organization","name":"Munic\u00edpio da Guarda","url":"https:\/\/www.visitguarda.pt\/","logo":{"@type":"ImageObject","inLanguage":"fr-FR","@id":"https:\/\/www.visitguarda.pt\/#\/schema\/logo\/image\/","url":"https:\/\/www.visitguarda.pt\/wp-content\/uploads\/2025\/01\/logo_mun_guarda.jpg","contentUrl":"https:\/\/www.visitguarda.pt\/wp-content\/uploads\/2025\/01\/logo_mun_guarda.jpg","width":1181,"height":1181,"caption":"Munic\u00edpio da Guarda"},"image":{"@id":"https:\/\/www.visitguarda.pt\/#\/schema\/logo\/image\/"},"sameAs":["https:\/\/fb.com\/MunicipioDaGuarda","https:\/\/www.instagram.com\/municipiodaguarda"]}]}},"_links":{"self":[{"href":"https:\/\/www.visitguarda.pt\/fr\/wp-json\/wp\/v2\/ponto_de_interesse\/10522","targetHints":{"allow":["GET"]}}],"collection":[{"href":"https:\/\/www.visitguarda.pt\/fr\/wp-json\/wp\/v2\/ponto_de_interesse"}],"about":[{"href":"https:\/\/www.visitguarda.pt\/fr\/wp-json\/wp\/v2\/types\/ponto_de_interesse"}],"wp:attachment":[{"href":"https:\/\/www.visitguarda.pt\/fr\/wp-json\/wp\/v2\/media?parent=10522"}],"wp:term":[{"taxonomy":"categoria_ponto_interesse","embeddable":true,"href":"https:\/\/www.visitguarda.pt\/fr\/wp-json\/wp\/v2\/categoria_ponto_interesse?post=10522"},{"taxonomy":"duracao","embeddable":true,"href":"https:\/\/www.visitguarda.pt\/fr\/wp-json\/wp\/v2\/duracao?post=10522"},{"taxonomy":"estacao_do_ano","embeddable":true,"href":"https:\/\/www.visitguarda.pt\/fr\/wp-json\/wp\/v2\/estacao_do_ano?post=10522"},{"taxonomy":"grupo_de_viagem","embeddable":true,"href":"https:\/\/www.visitguarda.pt\/fr\/wp-json\/wp\/v2\/grupo_de_viagem?post=10522"},{"taxonomy":"tipo_de_experiencia","embeddable":true,"href":"https:\/\/www.visitguarda.pt\/fr\/wp-json\/wp\/v2\/tipo_de_experiencia?post=10522"}],"curies":[{"name":"wp","href":"https:\/\/api.w.org\/{rel}","templated":true}]}}

<p>Parmi une vaste liste de plats, nous mettons l&rsquo;accent sur : Canja de Ameijoa, Creme de Marisco, Poisson mixte grillé, Polvo à Lagareiro, Choquinhos com molho verde, Arroz ou Açorda de marisco, Arroz de Lavagante, Misto de Marisco, Cabrito Pastor, Chouriçada à Moda da Guarda, Cozido à Portuguesa, Galo Bêbado, Naco à Ceifeira, Bitoque na Caçarola et Bife à Sardinha.</p>

<!-- This site is optimized with the Yoast SEO plugin v25.1 - https://yoast.com/wordpress/plugins/seo/ -->
<title>Marisqueira O Sardinha - VisitGuarda</title>
<meta name="robots" content="index, follow, max-snippet:-1, max-image-preview:large, max-video-preview:-1" />
<link rel="canonical" href="https://www.visitguarda.pt/ponto_de_interesse/marisqueira-o-sardinha/" />
<meta property="og:locale" content="fr_FR" />
<meta property="og:type" content="article" />
<meta property="og:title" content="Marisqueira O Sardinha - VisitGuarda" />
<meta property="og:description" content="Parmi une vaste liste de plats, nous mettons l&rsquo;accent sur : Canja de Ameijoa, Creme de Marisco, Poisson mixte grillé, Polvo à Lagareiro, Choquinhos com molho verde, Arroz ou Açorda de marisco, Arroz de Lavagante, Misto de Marisco, Cabrito Pastor, Chouriçada à Moda da Guarda, Cozido à Portuguesa, Galo Bêbado, Naco à Ceifeira, Bitoque na [&hellip;]" />
<meta property="og:url" content="https://www.visitguarda.pt/ponto_de_interesse/marisqueira-o-sardinha/" />
<meta property="og:site_name" content="VisitGuarda" />
<meta property="article:publisher" content="https://fb.com/MunicipioDaGuarda" />
<meta property="article:modified_time" content="2026-03-12T13:05:40+00:00" />
<meta name="twitter:card" content="summary_large_image" />
<script type="application/ld+json" class="yoast-schema-graph">{"@context":"https://schema.org","@graph":[{"@type":"WebPage","@id":"https://www.visitguarda.pt/ponto_de_interesse/marisqueira-o-sardinha/","url":"https://www.visitguarda.pt/ponto_de_interesse/marisqueira-o-sardinha/","name":"Marisqueira O Sardinha - VisitGuarda","isPartOf":{"@id":"https://www.visitguarda.pt/#website"},"datePublished":"2024-05-28T16:59:27+00:00","dateModified":"2026-03-12T13:05:40+00:00","breadcrumb":{"@id":"https://www.visitguarda.pt/ponto_de_interesse/marisqueira-o-sardinha/#breadcrumb"},"inLanguage":"fr-FR","potentialAction":[{"@type":"ReadAction","target":["https://www.visitguarda.pt/ponto_de_interesse/marisqueira-o-sardinha/"]}]},{"@type":"BreadcrumbList","@id":"https://www.visitguarda.pt/ponto_de_interesse/marisqueira-o-sardinha/#breadcrumb","itemListElement":[{"@type":"ListItem","position":1,"name":"Início","item":"https://www.visitguarda.pt/fr/"},{"@type":"ListItem","position":2,"name":"Marisqueira O Sardinha"}]},{"@type":"WebSite","@id":"https://www.visitguarda.pt/#website","url":"https://www.visitguarda.pt/","name":"VisitGuarda","description":"","publisher":{"@id":"https://www.visitguarda.pt/#organization"},"potentialAction":[{"@type":"SearchAction","target":{"@type":"EntryPoint","urlTemplate":"https://www.visitguarda.pt/?s={search_term_string}"},"query-input":{"@type":"PropertyValueSpecification","valueRequired":true,"valueName":"search_term_string"}}],"inLanguage":"fr-FR"},{"@type":"Organization","@id":"https://www.visitguarda.pt/#organization","name":"Município da Guarda","url":"https://www.visitguarda.pt/","logo":{"@type":"ImageObject","inLanguage":"fr-FR","@id":"https://www.visitguarda.pt/#/schema/logo/image/","url":"https://www.visitguarda.pt/wp-content/uploads/2025/01/logo_mun_guarda.jpg","contentUrl":"https://www.visitguarda.pt/wp-content/uploads/2025/01/logo_mun_guarda.jpg","width":1181,"height":1181,"caption":"Município da Guarda"},"image":{"@id":"https://www.visitguarda.pt/#/schema/logo/image/"},"sameAs":["https://fb.com/MunicipioDaGuarda","https://www.instagram.com/municipiodaguarda"]}]}</script>
<!-- / Yoast SEO plugin. -->

Parmi une vaste liste de plats, nous mettons l&rsquo;accent sur : Canja de Ameijoa, Creme de Marisco, Poisson mixte grillé, Polvo à Lagareiro, Choquinhos com molho verde, Arroz ou Açorda de marisco, Arroz de Lavagante, Misto de Marisco, Cabrito Pastor, Chouriçada à Moda da Guarda, Cozido à Portuguesa, Galo Bêbado, Naco à Ceifeira, Bitoque na [&hellip;]

Início

Município da Guarda
