{"id":10744,"date":"2024-05-28T17:00:29","date_gmt":"2024-05-28T17:00:29","guid":{"rendered":"https:\/\/visitguarda.dev.loba.com\/ponto_de_interesse\/cafe-concerto-no-tmg\/"},"modified":"2026-03-12T13:07:28","modified_gmt":"2026-03-12T13:07:28","slug":"cafe-concerto-no-tmg","status":"publish","type":"ponto_de_interesse","link":"https:\/\/www.visitguarda.pt\/fr\/ponto_de_interesse\/cafe-concerto-no-tmg\/","title":{"rendered":"Caf\u00e9-Concert au TMG"},"content":{"rendered":"<p>Le Caf\u00e9-Concert, situ\u00e9 dans le premier b\u00e2timent du TMG, est un caf\u00e9 non seulement pour les activit\u00e9s du th\u00e9\u00e2tre, mais aussi pour la ville. Au fil des ans, il a maintenu une programmation artistique et culturelle r\u00e9guli\u00e8re avec des centaines de spectacles, conf\u00e9rences, rencontres, pr\u00e9sentations de disques et de livres, etc. D&rsquo;une capacit\u00e9 de 125 places, cet espace est un lieu de rencontre dans la ville et offre un acc\u00e8s gratuit \u00e0 l&rsquo;internet Wi-Fi. Il dispose \u00e9galement de journaux et de magazines \u00e0 consulter et d&rsquo;un mur de 8 m\u00e8tres qui accueille des expositions temporaires d&rsquo;arts visuels. Pendant les mois d&rsquo;\u00e9t\u00e9, il propose \u00e9galement un service de terrasse.&nbsp;Le Caf\u00e9-Concert sert des repas.<\/p>\n","protected":false},"featured_media":0,"template":"","meta":{"_acf_changed":false},"categoria_ponto_interesse":[355,354],"duracao":[],"estacao_do_ano":[],"grupo_de_viagem":[],"tipo_de_experiencia":[],"class_list":["post-10744","ponto_de_interesse","type-ponto_de_interesse","status-publish","hentry","categoria_ponto_interesse-en-cas-collations","categoria_ponto_interesse-restaurants-de-hamburguers"],"acf":[],"yoast_head":"<!-- This site is optimized with the Yoast SEO plugin v25.1 - https:\/\/yoast.com\/wordpress\/plugins\/seo\/ -->\n<title>Caf\u00e9-Concert au TMG - VisitGuarda<\/title>\n<meta name=\"robots\" content=\"index, follow, max-snippet:-1, max-image-preview:large, max-video-preview:-1\" \/>\n<link rel=\"canonical\" href=\"https:\/\/www.visitguarda.pt\/ponto_de_interesse\/cafe-concerto-no-tmg\/\" \/>\n<meta property=\"og:locale\" content=\"fr_FR\" \/>\n<meta property=\"og:type\" content=\"article\" \/>\n<meta property=\"og:title\" content=\"Caf\u00e9-Concert au TMG - VisitGuarda\" \/>\n<meta property=\"og:description\" content=\"Le Caf\u00e9-Concert, situ\u00e9 dans le premier b\u00e2timent du TMG, est un caf\u00e9 non seulement pour les activit\u00e9s du th\u00e9\u00e2tre, mais aussi pour la ville. Au fil des ans, il a maintenu une programmation artistique et culturelle r\u00e9guli\u00e8re avec des centaines de spectacles, conf\u00e9rences, rencontres, pr\u00e9sentations de disques et de livres, etc. D&rsquo;une capacit\u00e9 de 125 [&hellip;]\" \/>\n<meta property=\"og:url\" content=\"https:\/\/www.visitguarda.pt\/ponto_de_interesse\/cafe-concerto-no-tmg\/\" \/>\n<meta property=\"og:site_name\" content=\"VisitGuarda\" \/>\n<meta property=\"article:publisher\" content=\"https:\/\/fb.com\/MunicipioDaGuarda\" \/>\n<meta property=\"article:modified_time\" content=\"2026-03-12T13:07:28+00:00\" \/>\n<meta name=\"twitter:card\" content=\"summary_large_image\" \/>\n<meta name=\"twitter:label1\" content=\"Dur\u00e9e de lecture estim\u00e9e\" \/>\n\t<meta name=\"twitter:data1\" content=\"1 minute\" \/>\n<script type=\"application\/ld+json\" class=\"yoast-schema-graph\">{\"@context\":\"https:\/\/schema.org\",\"@graph\":[{\"@type\":\"WebPage\",\"@id\":\"https:\/\/www.visitguarda.pt\/ponto_de_interesse\/cafe-concerto-no-tmg\/\",\"url\":\"https:\/\/www.visitguarda.pt\/ponto_de_interesse\/cafe-concerto-no-tmg\/\",\"name\":\"Caf\u00e9-Concert au TMG - VisitGuarda\",\"isPartOf\":{\"@id\":\"https:\/\/www.visitguarda.pt\/#website\"},\"datePublished\":\"2024-05-28T17:00:29+00:00\",\"dateModified\":\"2026-03-12T13:07:28+00:00\",\"breadcrumb\":{\"@id\":\"https:\/\/www.visitguarda.pt\/ponto_de_interesse\/cafe-concerto-no-tmg\/#breadcrumb\"},\"inLanguage\":\"fr-FR\",\"potentialAction\":[{\"@type\":\"ReadAction\",\"target\":[\"https:\/\/www.visitguarda.pt\/ponto_de_interesse\/cafe-concerto-no-tmg\/\"]}]},{\"@type\":\"BreadcrumbList\",\"@id\":\"https:\/\/www.visitguarda.pt\/ponto_de_interesse\/cafe-concerto-no-tmg\/#breadcrumb\",\"itemListElement\":[{\"@type\":\"ListItem\",\"position\":1,\"name\":\"In\u00edcio\",\"item\":\"https:\/\/www.visitguarda.pt\/fr\/\"},{\"@type\":\"ListItem\",\"position\":2,\"name\":\"Caf\u00e9-Concert au TMG\"}]},{\"@type\":\"WebSite\",\"@id\":\"https:\/\/www.visitguarda.pt\/#website\",\"url\":\"https:\/\/www.visitguarda.pt\/\",\"name\":\"VisitGuarda\",\"description\":\"\",\"publisher\":{\"@id\":\"https:\/\/www.visitguarda.pt\/#organization\"},\"potentialAction\":[{\"@type\":\"SearchAction\",\"target\":{\"@type\":\"EntryPoint\",\"urlTemplate\":\"https:\/\/www.visitguarda.pt\/?s={search_term_string}\"},\"query-input\":{\"@type\":\"PropertyValueSpecification\",\"valueRequired\":true,\"valueName\":\"search_term_string\"}}],\"inLanguage\":\"fr-FR\"},{\"@type\":\"Organization\",\"@id\":\"https:\/\/www.visitguarda.pt\/#organization\",\"name\":\"Munic\u00edpio da Guarda\",\"url\":\"https:\/\/www.visitguarda.pt\/\",\"logo\":{\"@type\":\"ImageObject\",\"inLanguage\":\"fr-FR\",\"@id\":\"https:\/\/www.visitguarda.pt\/#\/schema\/logo\/image\/\",\"url\":\"https:\/\/www.visitguarda.pt\/wp-content\/uploads\/2025\/01\/logo_mun_guarda.jpg\",\"contentUrl\":\"https:\/\/www.visitguarda.pt\/wp-content\/uploads\/2025\/01\/logo_mun_guarda.jpg\",\"width\":1181,\"height\":1181,\"caption\":\"Munic\u00edpio da Guarda\"},\"image\":{\"@id\":\"https:\/\/www.visitguarda.pt\/#\/schema\/logo\/image\/\"},\"sameAs\":[\"https:\/\/fb.com\/MunicipioDaGuarda\",\"https:\/\/www.instagram.com\/municipiodaguarda\"]}]}<\/script>\n<!-- \/ Yoast SEO plugin. -->","yoast_head_json":{"title":"Caf\u00e9-Concert au TMG - VisitGuarda","robots":{"index":"index","follow":"follow","max-snippet":"max-snippet:-1","max-image-preview":"max-image-preview:large","max-video-preview":"max-video-preview:-1"},"canonical":"https:\/\/www.visitguarda.pt\/ponto_de_interesse\/cafe-concerto-no-tmg\/","og_locale":"fr_FR","og_type":"article","og_title":"Caf\u00e9-Concert au TMG - VisitGuarda","og_description":"Le Caf\u00e9-Concert, situ\u00e9 dans le premier b\u00e2timent du TMG, est un caf\u00e9 non seulement pour les activit\u00e9s du th\u00e9\u00e2tre, mais aussi pour la ville. Au fil des ans, il a maintenu une programmation artistique et culturelle r\u00e9guli\u00e8re avec des centaines de spectacles, conf\u00e9rences, rencontres, pr\u00e9sentations de disques et de livres, etc. D&rsquo;une capacit\u00e9 de 125 [&hellip;]","og_url":"https:\/\/www.visitguarda.pt\/ponto_de_interesse\/cafe-concerto-no-tmg\/","og_site_name":"VisitGuarda","article_publisher":"https:\/\/fb.com\/MunicipioDaGuarda","article_modified_time":"2026-03-12T13:07:28+00:00","twitter_card":"summary_large_image","twitter_misc":{"Dur\u00e9e de lecture estim\u00e9e":"1 minute"},"schema":{"@context":"https:\/\/schema.org","@graph":[{"@type":"WebPage","@id":"https:\/\/www.visitguarda.pt\/ponto_de_interesse\/cafe-concerto-no-tmg\/","url":"https:\/\/www.visitguarda.pt\/ponto_de_interesse\/cafe-concerto-no-tmg\/","name":"Caf\u00e9-Concert au TMG - VisitGuarda","isPartOf":{"@id":"https:\/\/www.visitguarda.pt\/#website"},"datePublished":"2024-05-28T17:00:29+00:00","dateModified":"2026-03-12T13:07:28+00:00","breadcrumb":{"@id":"https:\/\/www.visitguarda.pt\/ponto_de_interesse\/cafe-concerto-no-tmg\/#breadcrumb"},"inLanguage":"fr-FR","potentialAction":[{"@type":"ReadAction","target":["https:\/\/www.visitguarda.pt\/ponto_de_interesse\/cafe-concerto-no-tmg\/"]}]},{"@type":"BreadcrumbList","@id":"https:\/\/www.visitguarda.pt\/ponto_de_interesse\/cafe-concerto-no-tmg\/#breadcrumb","itemListElement":[{"@type":"ListItem","position":1,"name":"In\u00edcio","item":"https:\/\/www.visitguarda.pt\/fr\/"},{"@type":"ListItem","position":2,"name":"Caf\u00e9-Concert au TMG"}]},{"@type":"WebSite","@id":"https:\/\/www.visitguarda.pt\/#website","url":"https:\/\/www.visitguarda.pt\/","name":"VisitGuarda","description":"","publisher":{"@id":"https:\/\/www.visitguarda.pt\/#organization"},"potentialAction":[{"@type":"SearchAction","target":{"@type":"EntryPoint","urlTemplate":"https:\/\/www.visitguarda.pt\/?s={search_term_string}"},"query-input":{"@type":"PropertyValueSpecification","valueRequired":true,"valueName":"search_term_string"}}],"inLanguage":"fr-FR"},{"@type":"Organization","@id":"https:\/\/www.visitguarda.pt\/#organization","name":"Munic\u00edpio da Guarda","url":"https:\/\/www.visitguarda.pt\/","logo":{"@type":"ImageObject","inLanguage":"fr-FR","@id":"https:\/\/www.visitguarda.pt\/#\/schema\/logo\/image\/","url":"https:\/\/www.visitguarda.pt\/wp-content\/uploads\/2025\/01\/logo_mun_guarda.jpg","contentUrl":"https:\/\/www.visitguarda.pt\/wp-content\/uploads\/2025\/01\/logo_mun_guarda.jpg","width":1181,"height":1181,"caption":"Munic\u00edpio da Guarda"},"image":{"@id":"https:\/\/www.visitguarda.pt\/#\/schema\/logo\/image\/"},"sameAs":["https:\/\/fb.com\/MunicipioDaGuarda","https:\/\/www.instagram.com\/municipiodaguarda"]}]}},"_links":{"self":[{"href":"https:\/\/www.visitguarda.pt\/fr\/wp-json\/wp\/v2\/ponto_de_interesse\/10744","targetHints":{"allow":["GET"]}}],"collection":[{"href":"https:\/\/www.visitguarda.pt\/fr\/wp-json\/wp\/v2\/ponto_de_interesse"}],"about":[{"href":"https:\/\/www.visitguarda.pt\/fr\/wp-json\/wp\/v2\/types\/ponto_de_interesse"}],"wp:attachment":[{"href":"https:\/\/www.visitguarda.pt\/fr\/wp-json\/wp\/v2\/media?parent=10744"}],"wp:term":[{"taxonomy":"categoria_ponto_interesse","embeddable":true,"href":"https:\/\/www.visitguarda.pt\/fr\/wp-json\/wp\/v2\/categoria_ponto_interesse?post=10744"},{"taxonomy":"duracao","embeddable":true,"href":"https:\/\/www.visitguarda.pt\/fr\/wp-json\/wp\/v2\/duracao?post=10744"},{"taxonomy":"estacao_do_ano","embeddable":true,"href":"https:\/\/www.visitguarda.pt\/fr\/wp-json\/wp\/v2\/estacao_do_ano?post=10744"},{"taxonomy":"grupo_de_viagem","embeddable":true,"href":"https:\/\/www.visitguarda.pt\/fr\/wp-json\/wp\/v2\/grupo_de_viagem?post=10744"},{"taxonomy":"tipo_de_experiencia","embeddable":true,"href":"https:\/\/www.visitguarda.pt\/fr\/wp-json\/wp\/v2\/tipo_de_experiencia?post=10744"}],"curies":[{"name":"wp","href":"https:\/\/api.w.org\/{rel}","templated":true}]}}

Café-Concert au TMG

<p>Le Café-Concert, situé dans le premier bâtiment du TMG, est un café non seulement pour les activités du théâtre, mais aussi pour la ville. Au fil des ans, il a maintenu une programmation artistique et culturelle régulière avec des centaines de spectacles, conférences, rencontres, présentations de disques et de livres, etc. D&rsquo;une capacité de 125 places, cet espace est un lieu de rencontre dans la ville et offre un accès gratuit à l&rsquo;internet Wi-Fi. Il dispose également de journaux et de magazines à consulter et d&rsquo;un mur de 8 mètres qui accueille des expositions temporaires d&rsquo;arts visuels. Pendant les mois d&rsquo;été, il propose également un service de terrasse.&nbsp;Le Café-Concert sert des repas.</p>

<!-- This site is optimized with the Yoast SEO plugin v25.1 - https://yoast.com/wordpress/plugins/seo/ -->
<title>Café-Concert au TMG - VisitGuarda</title>
<meta name="robots" content="index, follow, max-snippet:-1, max-image-preview:large, max-video-preview:-1" />
<link rel="canonical" href="https://www.visitguarda.pt/ponto_de_interesse/cafe-concerto-no-tmg/" />
<meta property="og:locale" content="fr_FR" />
<meta property="og:type" content="article" />
<meta property="og:title" content="Café-Concert au TMG - VisitGuarda" />
<meta property="og:description" content="Le Café-Concert, situé dans le premier bâtiment du TMG, est un café non seulement pour les activités du théâtre, mais aussi pour la ville. Au fil des ans, il a maintenu une programmation artistique et culturelle régulière avec des centaines de spectacles, conférences, rencontres, présentations de disques et de livres, etc. D&rsquo;une capacité de 125 [&hellip;]" />
<meta property="og:url" content="https://www.visitguarda.pt/ponto_de_interesse/cafe-concerto-no-tmg/" />
<meta property="og:site_name" content="VisitGuarda" />
<meta property="article:publisher" content="https://fb.com/MunicipioDaGuarda" />
<meta property="article:modified_time" content="2026-03-12T13:07:28+00:00" />
<meta name="twitter:card" content="summary_large_image" />
<meta name="twitter:label1" content="Durée de lecture estimée" />
	<meta name="twitter:data1" content="1 minute" />
<script type="application/ld+json" class="yoast-schema-graph">{"@context":"https://schema.org","@graph":[{"@type":"WebPage","@id":"https://www.visitguarda.pt/ponto_de_interesse/cafe-concerto-no-tmg/","url":"https://www.visitguarda.pt/ponto_de_interesse/cafe-concerto-no-tmg/","name":"Café-Concert au TMG - VisitGuarda","isPartOf":{"@id":"https://www.visitguarda.pt/#website"},"datePublished":"2024-05-28T17:00:29+00:00","dateModified":"2026-03-12T13:07:28+00:00","breadcrumb":{"@id":"https://www.visitguarda.pt/ponto_de_interesse/cafe-concerto-no-tmg/#breadcrumb"},"inLanguage":"fr-FR","potentialAction":[{"@type":"ReadAction","target":["https://www.visitguarda.pt/ponto_de_interesse/cafe-concerto-no-tmg/"]}]},{"@type":"BreadcrumbList","@id":"https://www.visitguarda.pt/ponto_de_interesse/cafe-concerto-no-tmg/#breadcrumb","itemListElement":[{"@type":"ListItem","position":1,"name":"Início","item":"https://www.visitguarda.pt/fr/"},{"@type":"ListItem","position":2,"name":"Café-Concert au TMG"}]},{"@type":"WebSite","@id":"https://www.visitguarda.pt/#website","url":"https://www.visitguarda.pt/","name":"VisitGuarda","description":"","publisher":{"@id":"https://www.visitguarda.pt/#organization"},"potentialAction":[{"@type":"SearchAction","target":{"@type":"EntryPoint","urlTemplate":"https://www.visitguarda.pt/?s={search_term_string}"},"query-input":{"@type":"PropertyValueSpecification","valueRequired":true,"valueName":"search_term_string"}}],"inLanguage":"fr-FR"},{"@type":"Organization","@id":"https://www.visitguarda.pt/#organization","name":"Município da Guarda","url":"https://www.visitguarda.pt/","logo":{"@type":"ImageObject","inLanguage":"fr-FR","@id":"https://www.visitguarda.pt/#/schema/logo/image/","url":"https://www.visitguarda.pt/wp-content/uploads/2025/01/logo_mun_guarda.jpg","contentUrl":"https://www.visitguarda.pt/wp-content/uploads/2025/01/logo_mun_guarda.jpg","width":1181,"height":1181,"caption":"Município da Guarda"},"image":{"@id":"https://www.visitguarda.pt/#/schema/logo/image/"},"sameAs":["https://fb.com/MunicipioDaGuarda","https://www.instagram.com/municipiodaguarda"]}]}</script>
<!-- / Yoast SEO plugin. -->

Café-Concert au TMG - VisitGuarda

Le Café-Concert, situé dans le premier bâtiment du TMG, est un café non seulement pour les activités du théâtre, mais aussi pour la ville. Au fil des ans, il a maintenu une programmation artistique et culturelle régulière avec des centaines de spectacles, conférences, rencontres, présentations de disques et de livres, etc. D&rsquo;une capacité de 125 [&hellip;]

Início

Município da Guarda
