{"id":10773,"date":"2024-05-28T17:00:34","date_gmt":"2024-05-28T17:00:34","guid":{"rendered":"https:\/\/visitguarda.dev.loba.com\/ponto_de_interesse\/roteiro-guarda-fim-de-semana\/"},"modified":"2025-02-14T15:14:28","modified_gmt":"2025-02-14T15:14:28","slug":"roteiro-guarda-fim-de-semana","status":"publish","type":"ponto_de_interesse","link":"https:\/\/www.visitguarda.pt\/fr\/ponto_de_interesse\/roteiro-guarda-fim-de-semana\/","title":{"rendered":"Guarda | week-end"},"content":{"rendered":"<p>VENDREDI | SAMEDILe matin :Commencez votre journ\u00e9e par une visite des sentiers de Mondego, o\u00f9 les paysages sont \u00e0 couper le souffle&#8230;. Laissez-vous envelopper par les 12 kilom\u00e8tres d&rsquo;all\u00e9es, dans une zone pr\u00e9serv\u00e9e et faisant partie du parc naturel de la Serra da Estrela.&nbsp;Plus d&rsquo;informations sur le site officiel : www.passadicosdomondego.ptD\u00e9jeunez dans l&rsquo;un des restaurants traditionnels du centre-ville.L&rsquo;apr\u00e8s-midi :Parcours des villages de montagne.. Arr\u00eat obligatoire \u00e0 Ma\u00e7ainhas pour visiter l&rsquo;Association Genu\u00edno Cobertor de Papa et d\u00e9couvrir comment cette pi\u00e8ce, ex-libris de notre artisanat, a su se r\u00e9inventer et s&rsquo;inscrire dans l&rsquo;air du temps tout en conservant l&rsquo;authenticit\u00e9 d&rsquo;un savoir-faire ancestral.. Dans le village de Meios, le Mus\u00e9e du Tissage offre l&rsquo;exp\u00e9rience unique de s&rsquo;essayer \u00e0 l&rsquo;art du tissage \u00e0 la main sur des m\u00e9tiers s\u00e9culaires (sur rendez-vous).. De retour dans la ville de Guarda, nous vous sugg\u00e9rons de d\u00e9guster le typique g\u00e2teau de Guarda, le D. Sancho ou la Bola Parda, dans l&rsquo;une des p\u00e2tisseries locales, accompagn\u00e9 d&rsquo;un vin local ou, si vous pr\u00e9f\u00e9rez, d&rsquo;un d\u00e9licieux th\u00e9.. Une fois que vous aurez repris des forces, profitez de l&rsquo;un des espaces de loisirs les plus agr\u00e9ables que la ville offre \u00e0 ses visiteurs. Le parc urbain de Rio Diz est une installation moderne de loisirs et de d\u00e9tente qui convient \u00e0 diff\u00e9rents groupes d&rsquo;\u00e2ge et qui fera \u00e9galement le bonheur des plus petits.. Nous vous proposons de d\u00eener dans un restaurant accueillant, avec la possibilit\u00e9 de go\u00fbter aux sp\u00e9cialit\u00e9s que seule la r\u00e9gion de Guarda peut offrir.DIMANCHEMatin :Visite du centre historique de la ville :- Cath\u00e9drale- Tour des Forgerons&nbsp;&#8211; Mus\u00e9e de GuardaSi le temps est chaud, ne manquez pas de visiter nos plages fluviales. Ici, les rivi\u00e8res Mondego et Z\u00eazere offrent des eaux cristallines qui vous invitent \u00e0 des moments de pure d\u00e9tente et d&rsquo;harmonie avec la nature. S&rsquo;il fait froid et que vous avez besoin de vous \u00e9vader, visitez nos villages, les maisons-mus\u00e9es, les ateliers et autres installations qui pr\u00e9servent les connaissances et les arts qui sont les piliers de notre identit\u00e9.<\/p>\n","protected":false},"featured_media":0,"template":"","meta":{"_acf_changed":true},"categoria_ponto_interesse":[382],"duracao":[259],"estacao_do_ano":[252,254,251,253],"grupo_de_viagem":[255,256,257,258],"tipo_de_experiencia":[310],"class_list":["post-10773","ponto_de_interesse","type-ponto_de_interesse","status-publish","hentry","categoria_ponto_interesse-roteiros-turisticos-fr-2","duracao-deux-jours","estacao_do_ano-automne","estacao_do_ano-ete","estacao_do_ano-hiver","estacao_do_ano-printemps","grupo_de_viagem-couple-fr","grupo_de_viagem-en-groupe","grupo_de_viagem-famille-avec-enfants","grupo_de_viagem-une-personne","tipo_de_experiencia-itineraires"],"acf":[],"yoast_head":"<!-- This site is optimized with the Yoast SEO plugin v25.1 - https:\/\/yoast.com\/wordpress\/plugins\/seo\/ -->\n<title>Guarda | week-end - VisitGuarda<\/title>\n<meta name=\"robots\" content=\"index, follow, max-snippet:-1, max-image-preview:large, max-video-preview:-1\" \/>\n<link rel=\"canonical\" href=\"https:\/\/www.visitguarda.pt\/fr\/ponto_de_interesse\/roteiro-guarda-fim-de-semana\/\" \/>\n<meta property=\"og:locale\" content=\"fr_FR\" \/>\n<meta property=\"og:type\" content=\"article\" \/>\n<meta property=\"og:title\" content=\"Guarda | week-end - VisitGuarda\" \/>\n<meta property=\"og:description\" content=\"VENDREDI | SAMEDILe matin :Commencez votre journ\u00e9e par une visite des sentiers de Mondego, o\u00f9 les paysages sont \u00e0 couper le souffle&#8230;. Laissez-vous envelopper par les 12 kilom\u00e8tres d&rsquo;all\u00e9es, dans une zone pr\u00e9serv\u00e9e et faisant partie du parc naturel de la Serra da Estrela.&nbsp;Plus d&rsquo;informations sur le site officiel : www.passadicosdomondego.ptD\u00e9jeunez dans l&rsquo;un des restaurants [&hellip;]\" \/>\n<meta property=\"og:url\" content=\"https:\/\/www.visitguarda.pt\/fr\/ponto_de_interesse\/roteiro-guarda-fim-de-semana\/\" \/>\n<meta property=\"og:site_name\" content=\"VisitGuarda\" \/>\n<meta property=\"article:publisher\" content=\"https:\/\/fb.com\/MunicipioDaGuarda\" \/>\n<meta property=\"article:modified_time\" content=\"2025-02-14T15:14:28+00:00\" \/>\n<meta name=\"twitter:card\" content=\"summary_large_image\" \/>\n<meta name=\"twitter:label1\" content=\"Dur\u00e9e de lecture estim\u00e9e\" \/>\n\t<meta name=\"twitter:data1\" content=\"2 minutes\" \/>\n<script type=\"application\/ld+json\" class=\"yoast-schema-graph\">{\"@context\":\"https:\/\/schema.org\",\"@graph\":[{\"@type\":\"WebPage\",\"@id\":\"https:\/\/www.visitguarda.pt\/fr\/ponto_de_interesse\/roteiro-guarda-fim-de-semana\/\",\"url\":\"https:\/\/www.visitguarda.pt\/fr\/ponto_de_interesse\/roteiro-guarda-fim-de-semana\/\",\"name\":\"Guarda | week-end - VisitGuarda\",\"isPartOf\":{\"@id\":\"https:\/\/www.visitguarda.pt\/#website\"},\"datePublished\":\"2024-05-28T17:00:34+00:00\",\"dateModified\":\"2025-02-14T15:14:28+00:00\",\"breadcrumb\":{\"@id\":\"https:\/\/www.visitguarda.pt\/fr\/ponto_de_interesse\/roteiro-guarda-fim-de-semana\/#breadcrumb\"},\"inLanguage\":\"fr-FR\",\"potentialAction\":[{\"@type\":\"ReadAction\",\"target\":[\"https:\/\/www.visitguarda.pt\/fr\/ponto_de_interesse\/roteiro-guarda-fim-de-semana\/\"]}]},{\"@type\":\"BreadcrumbList\",\"@id\":\"https:\/\/www.visitguarda.pt\/fr\/ponto_de_interesse\/roteiro-guarda-fim-de-semana\/#breadcrumb\",\"itemListElement\":[{\"@type\":\"ListItem\",\"position\":1,\"name\":\"In\u00edcio\",\"item\":\"https:\/\/www.visitguarda.pt\/fr\/\"},{\"@type\":\"ListItem\",\"position\":2,\"name\":\"Guarda | week-end\"}]},{\"@type\":\"WebSite\",\"@id\":\"https:\/\/www.visitguarda.pt\/#website\",\"url\":\"https:\/\/www.visitguarda.pt\/\",\"name\":\"VisitGuarda\",\"description\":\"\",\"publisher\":{\"@id\":\"https:\/\/www.visitguarda.pt\/#organization\"},\"potentialAction\":[{\"@type\":\"SearchAction\",\"target\":{\"@type\":\"EntryPoint\",\"urlTemplate\":\"https:\/\/www.visitguarda.pt\/?s={search_term_string}\"},\"query-input\":{\"@type\":\"PropertyValueSpecification\",\"valueRequired\":true,\"valueName\":\"search_term_string\"}}],\"inLanguage\":\"fr-FR\"},{\"@type\":\"Organization\",\"@id\":\"https:\/\/www.visitguarda.pt\/#organization\",\"name\":\"Munic\u00edpio da Guarda\",\"url\":\"https:\/\/www.visitguarda.pt\/\",\"logo\":{\"@type\":\"ImageObject\",\"inLanguage\":\"fr-FR\",\"@id\":\"https:\/\/www.visitguarda.pt\/#\/schema\/logo\/image\/\",\"url\":\"https:\/\/www.visitguarda.pt\/wp-content\/uploads\/2025\/01\/logo_mun_guarda.jpg\",\"contentUrl\":\"https:\/\/www.visitguarda.pt\/wp-content\/uploads\/2025\/01\/logo_mun_guarda.jpg\",\"width\":1181,\"height\":1181,\"caption\":\"Munic\u00edpio da Guarda\"},\"image\":{\"@id\":\"https:\/\/www.visitguarda.pt\/#\/schema\/logo\/image\/\"},\"sameAs\":[\"https:\/\/fb.com\/MunicipioDaGuarda\",\"https:\/\/www.instagram.com\/municipiodaguarda\"]}]}<\/script>\n<!-- \/ Yoast SEO plugin. -->","yoast_head_json":{"title":"Guarda | week-end - VisitGuarda","robots":{"index":"index","follow":"follow","max-snippet":"max-snippet:-1","max-image-preview":"max-image-preview:large","max-video-preview":"max-video-preview:-1"},"canonical":"https:\/\/www.visitguarda.pt\/fr\/ponto_de_interesse\/roteiro-guarda-fim-de-semana\/","og_locale":"fr_FR","og_type":"article","og_title":"Guarda | week-end - VisitGuarda","og_description":"VENDREDI | SAMEDILe matin :Commencez votre journ\u00e9e par une visite des sentiers de Mondego, o\u00f9 les paysages sont \u00e0 couper le souffle&#8230;. Laissez-vous envelopper par les 12 kilom\u00e8tres d&rsquo;all\u00e9es, dans une zone pr\u00e9serv\u00e9e et faisant partie du parc naturel de la Serra da Estrela.&nbsp;Plus d&rsquo;informations sur le site officiel : www.passadicosdomondego.ptD\u00e9jeunez dans l&rsquo;un des restaurants [&hellip;]","og_url":"https:\/\/www.visitguarda.pt\/fr\/ponto_de_interesse\/roteiro-guarda-fim-de-semana\/","og_site_name":"VisitGuarda","article_publisher":"https:\/\/fb.com\/MunicipioDaGuarda","article_modified_time":"2025-02-14T15:14:28+00:00","twitter_card":"summary_large_image","twitter_misc":{"Dur\u00e9e de lecture estim\u00e9e":"2 minutes"},"schema":{"@context":"https:\/\/schema.org","@graph":[{"@type":"WebPage","@id":"https:\/\/www.visitguarda.pt\/fr\/ponto_de_interesse\/roteiro-guarda-fim-de-semana\/","url":"https:\/\/www.visitguarda.pt\/fr\/ponto_de_interesse\/roteiro-guarda-fim-de-semana\/","name":"Guarda | week-end - VisitGuarda","isPartOf":{"@id":"https:\/\/www.visitguarda.pt\/#website"},"datePublished":"2024-05-28T17:00:34+00:00","dateModified":"2025-02-14T15:14:28+00:00","breadcrumb":{"@id":"https:\/\/www.visitguarda.pt\/fr\/ponto_de_interesse\/roteiro-guarda-fim-de-semana\/#breadcrumb"},"inLanguage":"fr-FR","potentialAction":[{"@type":"ReadAction","target":["https:\/\/www.visitguarda.pt\/fr\/ponto_de_interesse\/roteiro-guarda-fim-de-semana\/"]}]},{"@type":"BreadcrumbList","@id":"https:\/\/www.visitguarda.pt\/fr\/ponto_de_interesse\/roteiro-guarda-fim-de-semana\/#breadcrumb","itemListElement":[{"@type":"ListItem","position":1,"name":"In\u00edcio","item":"https:\/\/www.visitguarda.pt\/fr\/"},{"@type":"ListItem","position":2,"name":"Guarda | week-end"}]},{"@type":"WebSite","@id":"https:\/\/www.visitguarda.pt\/#website","url":"https:\/\/www.visitguarda.pt\/","name":"VisitGuarda","description":"","publisher":{"@id":"https:\/\/www.visitguarda.pt\/#organization"},"potentialAction":[{"@type":"SearchAction","target":{"@type":"EntryPoint","urlTemplate":"https:\/\/www.visitguarda.pt\/?s={search_term_string}"},"query-input":{"@type":"PropertyValueSpecification","valueRequired":true,"valueName":"search_term_string"}}],"inLanguage":"fr-FR"},{"@type":"Organization","@id":"https:\/\/www.visitguarda.pt\/#organization","name":"Munic\u00edpio da Guarda","url":"https:\/\/www.visitguarda.pt\/","logo":{"@type":"ImageObject","inLanguage":"fr-FR","@id":"https:\/\/www.visitguarda.pt\/#\/schema\/logo\/image\/","url":"https:\/\/www.visitguarda.pt\/wp-content\/uploads\/2025\/01\/logo_mun_guarda.jpg","contentUrl":"https:\/\/www.visitguarda.pt\/wp-content\/uploads\/2025\/01\/logo_mun_guarda.jpg","width":1181,"height":1181,"caption":"Munic\u00edpio da Guarda"},"image":{"@id":"https:\/\/www.visitguarda.pt\/#\/schema\/logo\/image\/"},"sameAs":["https:\/\/fb.com\/MunicipioDaGuarda","https:\/\/www.instagram.com\/municipiodaguarda"]}]}},"_links":{"self":[{"href":"https:\/\/www.visitguarda.pt\/fr\/wp-json\/wp\/v2\/ponto_de_interesse\/10773","targetHints":{"allow":["GET"]}}],"collection":[{"href":"https:\/\/www.visitguarda.pt\/fr\/wp-json\/wp\/v2\/ponto_de_interesse"}],"about":[{"href":"https:\/\/www.visitguarda.pt\/fr\/wp-json\/wp\/v2\/types\/ponto_de_interesse"}],"wp:attachment":[{"href":"https:\/\/www.visitguarda.pt\/fr\/wp-json\/wp\/v2\/media?parent=10773"}],"wp:term":[{"taxonomy":"categoria_ponto_interesse","embeddable":true,"href":"https:\/\/www.visitguarda.pt\/fr\/wp-json\/wp\/v2\/categoria_ponto_interesse?post=10773"},{"taxonomy":"duracao","embeddable":true,"href":"https:\/\/www.visitguarda.pt\/fr\/wp-json\/wp\/v2\/duracao?post=10773"},{"taxonomy":"estacao_do_ano","embeddable":true,"href":"https:\/\/www.visitguarda.pt\/fr\/wp-json\/wp\/v2\/estacao_do_ano?post=10773"},{"taxonomy":"grupo_de_viagem","embeddable":true,"href":"https:\/\/www.visitguarda.pt\/fr\/wp-json\/wp\/v2\/grupo_de_viagem?post=10773"},{"taxonomy":"tipo_de_experiencia","embeddable":true,"href":"https:\/\/www.visitguarda.pt\/fr\/wp-json\/wp\/v2\/tipo_de_experiencia?post=10773"}],"curies":[{"name":"wp","href":"https:\/\/api.w.org\/{rel}","templated":true}]}}

<p>VENDREDI | SAMEDILe matin :Commencez votre journée par une visite des sentiers de Mondego, où les paysages sont à couper le souffle&#8230;. Laissez-vous envelopper par les 12 kilomètres d&rsquo;allées, dans une zone préservée et faisant partie du parc naturel de la Serra da Estrela.&nbsp;Plus d&rsquo;informations sur le site officiel : www.passadicosdomondego.ptDéjeunez dans l&rsquo;un des restaurants traditionnels du centre-ville.L&rsquo;après-midi :Parcours des villages de montagne.. Arrêt obligatoire à Maçainhas pour visiter l&rsquo;Association Genuíno Cobertor de Papa et découvrir comment cette pièce, ex-libris de notre artisanat, a su se réinventer et s&rsquo;inscrire dans l&rsquo;air du temps tout en conservant l&rsquo;authenticité d&rsquo;un savoir-faire ancestral.. Dans le village de Meios, le Musée du Tissage offre l&rsquo;expérience unique de s&rsquo;essayer à l&rsquo;art du tissage à la main sur des métiers séculaires (sur rendez-vous).. De retour dans la ville de Guarda, nous vous suggérons de déguster le typique gâteau de Guarda, le D. Sancho ou la Bola Parda, dans l&rsquo;une des pâtisseries locales, accompagné d&rsquo;un vin local ou, si vous préférez, d&rsquo;un délicieux thé.. Une fois que vous aurez repris des forces, profitez de l&rsquo;un des espaces de loisirs les plus agréables que la ville offre à ses visiteurs. Le parc urbain de Rio Diz est une installation moderne de loisirs et de détente qui convient à différents groupes d&rsquo;âge et qui fera également le bonheur des plus petits.. Nous vous proposons de dîner dans un restaurant accueillant, avec la possibilité de goûter aux spécialités que seule la région de Guarda peut offrir.DIMANCHEMatin :Visite du centre historique de la ville :- Cathédrale- Tour des Forgerons&nbsp;&#8211; Musée de GuardaSi le temps est chaud, ne manquez pas de visiter nos plages fluviales. Ici, les rivières Mondego et Zêzere offrent des eaux cristallines qui vous invitent à des moments de pure détente et d&rsquo;harmonie avec la nature. S&rsquo;il fait froid et que vous avez besoin de vous évader, visitez nos villages, les maisons-musées, les ateliers et autres installations qui préservent les connaissances et les arts qui sont les piliers de notre identité.</p>

<!-- This site is optimized with the Yoast SEO plugin v25.1 - https://yoast.com/wordpress/plugins/seo/ -->
<title>Guarda | week-end - VisitGuarda</title>
<meta name="robots" content="index, follow, max-snippet:-1, max-image-preview:large, max-video-preview:-1" />
<link rel="canonical" href="https://www.visitguarda.pt/fr/ponto_de_interesse/roteiro-guarda-fim-de-semana/" />
<meta property="og:locale" content="fr_FR" />
<meta property="og:type" content="article" />
<meta property="og:title" content="Guarda | week-end - VisitGuarda" />
<meta property="og:description" content="VENDREDI | SAMEDILe matin :Commencez votre journée par une visite des sentiers de Mondego, où les paysages sont à couper le souffle&#8230;. Laissez-vous envelopper par les 12 kilomètres d&rsquo;allées, dans une zone préservée et faisant partie du parc naturel de la Serra da Estrela.&nbsp;Plus d&rsquo;informations sur le site officiel : www.passadicosdomondego.ptDéjeunez dans l&rsquo;un des restaurants [&hellip;]" />
<meta property="og:url" content="https://www.visitguarda.pt/fr/ponto_de_interesse/roteiro-guarda-fim-de-semana/" />
<meta property="og:site_name" content="VisitGuarda" />
<meta property="article:publisher" content="https://fb.com/MunicipioDaGuarda" />
<meta property="article:modified_time" content="2025-02-14T15:14:28+00:00" />
<meta name="twitter:card" content="summary_large_image" />
<meta name="twitter:label1" content="Durée de lecture estimée" />
	<meta name="twitter:data1" content="2 minutes" />
<script type="application/ld+json" class="yoast-schema-graph">{"@context":"https://schema.org","@graph":[{"@type":"WebPage","@id":"https://www.visitguarda.pt/fr/ponto_de_interesse/roteiro-guarda-fim-de-semana/","url":"https://www.visitguarda.pt/fr/ponto_de_interesse/roteiro-guarda-fim-de-semana/","name":"Guarda | week-end - VisitGuarda","isPartOf":{"@id":"https://www.visitguarda.pt/#website"},"datePublished":"2024-05-28T17:00:34+00:00","dateModified":"2025-02-14T15:14:28+00:00","breadcrumb":{"@id":"https://www.visitguarda.pt/fr/ponto_de_interesse/roteiro-guarda-fim-de-semana/#breadcrumb"},"inLanguage":"fr-FR","potentialAction":[{"@type":"ReadAction","target":["https://www.visitguarda.pt/fr/ponto_de_interesse/roteiro-guarda-fim-de-semana/"]}]},{"@type":"BreadcrumbList","@id":"https://www.visitguarda.pt/fr/ponto_de_interesse/roteiro-guarda-fim-de-semana/#breadcrumb","itemListElement":[{"@type":"ListItem","position":1,"name":"Início","item":"https://www.visitguarda.pt/fr/"},{"@type":"ListItem","position":2,"name":"Guarda | week-end"}]},{"@type":"WebSite","@id":"https://www.visitguarda.pt/#website","url":"https://www.visitguarda.pt/","name":"VisitGuarda","description":"","publisher":{"@id":"https://www.visitguarda.pt/#organization"},"potentialAction":[{"@type":"SearchAction","target":{"@type":"EntryPoint","urlTemplate":"https://www.visitguarda.pt/?s={search_term_string}"},"query-input":{"@type":"PropertyValueSpecification","valueRequired":true,"valueName":"search_term_string"}}],"inLanguage":"fr-FR"},{"@type":"Organization","@id":"https://www.visitguarda.pt/#organization","name":"Município da Guarda","url":"https://www.visitguarda.pt/","logo":{"@type":"ImageObject","inLanguage":"fr-FR","@id":"https://www.visitguarda.pt/#/schema/logo/image/","url":"https://www.visitguarda.pt/wp-content/uploads/2025/01/logo_mun_guarda.jpg","contentUrl":"https://www.visitguarda.pt/wp-content/uploads/2025/01/logo_mun_guarda.jpg","width":1181,"height":1181,"caption":"Município da Guarda"},"image":{"@id":"https://www.visitguarda.pt/#/schema/logo/image/"},"sameAs":["https://fb.com/MunicipioDaGuarda","https://www.instagram.com/municipiodaguarda"]}]}</script>
<!-- / Yoast SEO plugin. -->

VENDREDI | SAMEDILe matin :Commencez votre journée par une visite des sentiers de Mondego, où les paysages sont à couper le souffle&#8230;. Laissez-vous envelopper par les 12 kilomètres d&rsquo;allées, dans une zone préservée et faisant partie du parc naturel de la Serra da Estrela.&nbsp;Plus d&rsquo;informations sur le site officiel : www.passadicosdomondego.ptDéjeunez dans l&rsquo;un des restaurants [&hellip;]

Início

Município da Guarda
