{"id":10777,"date":"2024-05-28T17:00:35","date_gmt":"2024-05-28T17:00:35","guid":{"rendered":"https:\/\/visitguarda.dev.loba.com\/ponto_de_interesse\/museu-da-coruja-na-corujeira\/"},"modified":"2026-03-12T13:07:44","modified_gmt":"2026-03-12T13:07:44","slug":"museu-da-coruja-na-corujeira","status":"publish","type":"ponto_de_interesse","link":"https:\/\/www.visitguarda.pt\/fr\/ponto_de_interesse\/museu-da-coruja-na-corujeira\/","title":{"rendered":"Mus\u00e9e de la chouette \u00e0 Corujeira"},"content":{"rendered":"<p>Cet espace cr\u00e9\u00e9 dans un cadre rural est l&rsquo;\u0153uvre d&rsquo;un illustre native du village de Corujeira, qui tout au long de sa vie a collectionn\u00e9 des repr\u00e9sentations de l&rsquo;oiseau qui lui rappelait le plus sa patrie : la chouette. La collection est n\u00e9e au Br\u00e9sil. La Poste portugaise lui a d\u00e9di\u00e9 un timbre. Le lieu d\u00e9di\u00e9 \u00e0 l&rsquo;oiseau a commenc\u00e9 lorsque l&rsquo;homme d&rsquo;affaires Ant\u00f3nio Martins da Fonseca, r\u00e9sident de S\u00e3o Caetano, au Br\u00e9sil, a d\u00e9cid\u00e9 de r\u00e9nover sa maison au Portugal et de donner de la visibilit\u00e9 \u00e0 la collection construite par son p\u00e8re.<\/p>\n","protected":false},"featured_media":0,"template":"","meta":{"_acf_changed":false},"categoria_ponto_interesse":[267],"duracao":[],"estacao_do_ano":[],"grupo_de_viagem":[],"tipo_de_experiencia":[268,250],"class_list":["post-10777","ponto_de_interesse","type-ponto_de_interesse","status-publish","hentry","categoria_ponto_interesse-musees-maisons-musees","tipo_de_experiencia-culture-fr","tipo_de_experiencia-patrimoine"],"acf":[],"yoast_head":"<!-- This site is optimized with the Yoast SEO plugin v25.1 - https:\/\/yoast.com\/wordpress\/plugins\/seo\/ -->\n<title>Mus\u00e9e de la chouette \u00e0 Corujeira - VisitGuarda<\/title>\n<meta name=\"robots\" content=\"index, follow, max-snippet:-1, max-image-preview:large, max-video-preview:-1\" \/>\n<link rel=\"canonical\" href=\"https:\/\/www.visitguarda.pt\/ponto_de_interesse\/museu-da-coruja-na-corujeira\/\" \/>\n<meta property=\"og:locale\" content=\"fr_FR\" \/>\n<meta property=\"og:type\" content=\"article\" \/>\n<meta property=\"og:title\" content=\"Mus\u00e9e de la chouette \u00e0 Corujeira - VisitGuarda\" \/>\n<meta property=\"og:description\" content=\"Cet espace cr\u00e9\u00e9 dans un cadre rural est l&rsquo;\u0153uvre d&rsquo;un illustre native du village de Corujeira, qui tout au long de sa vie a collectionn\u00e9 des repr\u00e9sentations de l&rsquo;oiseau qui lui rappelait le plus sa patrie : la chouette. La collection est n\u00e9e au Br\u00e9sil. La Poste portugaise lui a d\u00e9di\u00e9 un timbre. Le lieu [&hellip;]\" \/>\n<meta property=\"og:url\" content=\"https:\/\/www.visitguarda.pt\/ponto_de_interesse\/museu-da-coruja-na-corujeira\/\" \/>\n<meta property=\"og:site_name\" content=\"VisitGuarda\" \/>\n<meta property=\"article:publisher\" content=\"https:\/\/fb.com\/MunicipioDaGuarda\" \/>\n<meta property=\"article:modified_time\" content=\"2026-03-12T13:07:44+00:00\" \/>\n<meta name=\"twitter:card\" content=\"summary_large_image\" \/>\n<meta name=\"twitter:label1\" content=\"Dur\u00e9e de lecture estim\u00e9e\" \/>\n\t<meta name=\"twitter:data1\" content=\"1 minute\" \/>\n<script type=\"application\/ld+json\" class=\"yoast-schema-graph\">{\"@context\":\"https:\/\/schema.org\",\"@graph\":[{\"@type\":\"WebPage\",\"@id\":\"https:\/\/www.visitguarda.pt\/ponto_de_interesse\/museu-da-coruja-na-corujeira\/\",\"url\":\"https:\/\/www.visitguarda.pt\/ponto_de_interesse\/museu-da-coruja-na-corujeira\/\",\"name\":\"Mus\u00e9e de la chouette \u00e0 Corujeira - VisitGuarda\",\"isPartOf\":{\"@id\":\"https:\/\/www.visitguarda.pt\/#website\"},\"datePublished\":\"2024-05-28T17:00:35+00:00\",\"dateModified\":\"2026-03-12T13:07:44+00:00\",\"breadcrumb\":{\"@id\":\"https:\/\/www.visitguarda.pt\/ponto_de_interesse\/museu-da-coruja-na-corujeira\/#breadcrumb\"},\"inLanguage\":\"fr-FR\",\"potentialAction\":[{\"@type\":\"ReadAction\",\"target\":[\"https:\/\/www.visitguarda.pt\/ponto_de_interesse\/museu-da-coruja-na-corujeira\/\"]}]},{\"@type\":\"BreadcrumbList\",\"@id\":\"https:\/\/www.visitguarda.pt\/ponto_de_interesse\/museu-da-coruja-na-corujeira\/#breadcrumb\",\"itemListElement\":[{\"@type\":\"ListItem\",\"position\":1,\"name\":\"In\u00edcio\",\"item\":\"https:\/\/www.visitguarda.pt\/fr\/\"},{\"@type\":\"ListItem\",\"position\":2,\"name\":\"Mus\u00e9e de la chouette \u00e0 Corujeira\"}]},{\"@type\":\"WebSite\",\"@id\":\"https:\/\/www.visitguarda.pt\/#website\",\"url\":\"https:\/\/www.visitguarda.pt\/\",\"name\":\"VisitGuarda\",\"description\":\"\",\"publisher\":{\"@id\":\"https:\/\/www.visitguarda.pt\/#organization\"},\"potentialAction\":[{\"@type\":\"SearchAction\",\"target\":{\"@type\":\"EntryPoint\",\"urlTemplate\":\"https:\/\/www.visitguarda.pt\/?s={search_term_string}\"},\"query-input\":{\"@type\":\"PropertyValueSpecification\",\"valueRequired\":true,\"valueName\":\"search_term_string\"}}],\"inLanguage\":\"fr-FR\"},{\"@type\":\"Organization\",\"@id\":\"https:\/\/www.visitguarda.pt\/#organization\",\"name\":\"Munic\u00edpio da Guarda\",\"url\":\"https:\/\/www.visitguarda.pt\/\",\"logo\":{\"@type\":\"ImageObject\",\"inLanguage\":\"fr-FR\",\"@id\":\"https:\/\/www.visitguarda.pt\/#\/schema\/logo\/image\/\",\"url\":\"https:\/\/www.visitguarda.pt\/wp-content\/uploads\/2025\/01\/logo_mun_guarda.jpg\",\"contentUrl\":\"https:\/\/www.visitguarda.pt\/wp-content\/uploads\/2025\/01\/logo_mun_guarda.jpg\",\"width\":1181,\"height\":1181,\"caption\":\"Munic\u00edpio da Guarda\"},\"image\":{\"@id\":\"https:\/\/www.visitguarda.pt\/#\/schema\/logo\/image\/\"},\"sameAs\":[\"https:\/\/fb.com\/MunicipioDaGuarda\",\"https:\/\/www.instagram.com\/municipiodaguarda\"]}]}<\/script>\n<!-- \/ Yoast SEO plugin. -->","yoast_head_json":{"title":"Mus\u00e9e de la chouette \u00e0 Corujeira - VisitGuarda","robots":{"index":"index","follow":"follow","max-snippet":"max-snippet:-1","max-image-preview":"max-image-preview:large","max-video-preview":"max-video-preview:-1"},"canonical":"https:\/\/www.visitguarda.pt\/ponto_de_interesse\/museu-da-coruja-na-corujeira\/","og_locale":"fr_FR","og_type":"article","og_title":"Mus\u00e9e de la chouette \u00e0 Corujeira - VisitGuarda","og_description":"Cet espace cr\u00e9\u00e9 dans un cadre rural est l&rsquo;\u0153uvre d&rsquo;un illustre native du village de Corujeira, qui tout au long de sa vie a collectionn\u00e9 des repr\u00e9sentations de l&rsquo;oiseau qui lui rappelait le plus sa patrie : la chouette. La collection est n\u00e9e au Br\u00e9sil. La Poste portugaise lui a d\u00e9di\u00e9 un timbre. Le lieu [&hellip;]","og_url":"https:\/\/www.visitguarda.pt\/ponto_de_interesse\/museu-da-coruja-na-corujeira\/","og_site_name":"VisitGuarda","article_publisher":"https:\/\/fb.com\/MunicipioDaGuarda","article_modified_time":"2026-03-12T13:07:44+00:00","twitter_card":"summary_large_image","twitter_misc":{"Dur\u00e9e de lecture estim\u00e9e":"1 minute"},"schema":{"@context":"https:\/\/schema.org","@graph":[{"@type":"WebPage","@id":"https:\/\/www.visitguarda.pt\/ponto_de_interesse\/museu-da-coruja-na-corujeira\/","url":"https:\/\/www.visitguarda.pt\/ponto_de_interesse\/museu-da-coruja-na-corujeira\/","name":"Mus\u00e9e de la chouette \u00e0 Corujeira - VisitGuarda","isPartOf":{"@id":"https:\/\/www.visitguarda.pt\/#website"},"datePublished":"2024-05-28T17:00:35+00:00","dateModified":"2026-03-12T13:07:44+00:00","breadcrumb":{"@id":"https:\/\/www.visitguarda.pt\/ponto_de_interesse\/museu-da-coruja-na-corujeira\/#breadcrumb"},"inLanguage":"fr-FR","potentialAction":[{"@type":"ReadAction","target":["https:\/\/www.visitguarda.pt\/ponto_de_interesse\/museu-da-coruja-na-corujeira\/"]}]},{"@type":"BreadcrumbList","@id":"https:\/\/www.visitguarda.pt\/ponto_de_interesse\/museu-da-coruja-na-corujeira\/#breadcrumb","itemListElement":[{"@type":"ListItem","position":1,"name":"In\u00edcio","item":"https:\/\/www.visitguarda.pt\/fr\/"},{"@type":"ListItem","position":2,"name":"Mus\u00e9e de la chouette \u00e0 Corujeira"}]},{"@type":"WebSite","@id":"https:\/\/www.visitguarda.pt\/#website","url":"https:\/\/www.visitguarda.pt\/","name":"VisitGuarda","description":"","publisher":{"@id":"https:\/\/www.visitguarda.pt\/#organization"},"potentialAction":[{"@type":"SearchAction","target":{"@type":"EntryPoint","urlTemplate":"https:\/\/www.visitguarda.pt\/?s={search_term_string}"},"query-input":{"@type":"PropertyValueSpecification","valueRequired":true,"valueName":"search_term_string"}}],"inLanguage":"fr-FR"},{"@type":"Organization","@id":"https:\/\/www.visitguarda.pt\/#organization","name":"Munic\u00edpio da Guarda","url":"https:\/\/www.visitguarda.pt\/","logo":{"@type":"ImageObject","inLanguage":"fr-FR","@id":"https:\/\/www.visitguarda.pt\/#\/schema\/logo\/image\/","url":"https:\/\/www.visitguarda.pt\/wp-content\/uploads\/2025\/01\/logo_mun_guarda.jpg","contentUrl":"https:\/\/www.visitguarda.pt\/wp-content\/uploads\/2025\/01\/logo_mun_guarda.jpg","width":1181,"height":1181,"caption":"Munic\u00edpio da Guarda"},"image":{"@id":"https:\/\/www.visitguarda.pt\/#\/schema\/logo\/image\/"},"sameAs":["https:\/\/fb.com\/MunicipioDaGuarda","https:\/\/www.instagram.com\/municipiodaguarda"]}]}},"_links":{"self":[{"href":"https:\/\/www.visitguarda.pt\/fr\/wp-json\/wp\/v2\/ponto_de_interesse\/10777","targetHints":{"allow":["GET"]}}],"collection":[{"href":"https:\/\/www.visitguarda.pt\/fr\/wp-json\/wp\/v2\/ponto_de_interesse"}],"about":[{"href":"https:\/\/www.visitguarda.pt\/fr\/wp-json\/wp\/v2\/types\/ponto_de_interesse"}],"wp:attachment":[{"href":"https:\/\/www.visitguarda.pt\/fr\/wp-json\/wp\/v2\/media?parent=10777"}],"wp:term":[{"taxonomy":"categoria_ponto_interesse","embeddable":true,"href":"https:\/\/www.visitguarda.pt\/fr\/wp-json\/wp\/v2\/categoria_ponto_interesse?post=10777"},{"taxonomy":"duracao","embeddable":true,"href":"https:\/\/www.visitguarda.pt\/fr\/wp-json\/wp\/v2\/duracao?post=10777"},{"taxonomy":"estacao_do_ano","embeddable":true,"href":"https:\/\/www.visitguarda.pt\/fr\/wp-json\/wp\/v2\/estacao_do_ano?post=10777"},{"taxonomy":"grupo_de_viagem","embeddable":true,"href":"https:\/\/www.visitguarda.pt\/fr\/wp-json\/wp\/v2\/grupo_de_viagem?post=10777"},{"taxonomy":"tipo_de_experiencia","embeddable":true,"href":"https:\/\/www.visitguarda.pt\/fr\/wp-json\/wp\/v2\/tipo_de_experiencia?post=10777"}],"curies":[{"name":"wp","href":"https:\/\/api.w.org\/{rel}","templated":true}]}}

Musée de la chouette à Corujeira

<p>Cet espace créé dans un cadre rural est l&rsquo;œuvre d&rsquo;un illustre native du village de Corujeira, qui tout au long de sa vie a collectionné des représentations de l&rsquo;oiseau qui lui rappelait le plus sa patrie : la chouette. La collection est née au Brésil. La Poste portugaise lui a dédié un timbre. Le lieu dédié à l&rsquo;oiseau a commencé lorsque l&rsquo;homme d&rsquo;affaires António Martins da Fonseca, résident de São Caetano, au Brésil, a décidé de rénover sa maison au Portugal et de donner de la visibilité à la collection construite par son père.</p>

<!-- This site is optimized with the Yoast SEO plugin v25.1 - https://yoast.com/wordpress/plugins/seo/ -->
<title>Musée de la chouette à Corujeira - VisitGuarda</title>
<meta name="robots" content="index, follow, max-snippet:-1, max-image-preview:large, max-video-preview:-1" />
<link rel="canonical" href="https://www.visitguarda.pt/ponto_de_interesse/museu-da-coruja-na-corujeira/" />
<meta property="og:locale" content="fr_FR" />
<meta property="og:type" content="article" />
<meta property="og:title" content="Musée de la chouette à Corujeira - VisitGuarda" />
<meta property="og:description" content="Cet espace créé dans un cadre rural est l&rsquo;œuvre d&rsquo;un illustre native du village de Corujeira, qui tout au long de sa vie a collectionné des représentations de l&rsquo;oiseau qui lui rappelait le plus sa patrie : la chouette. La collection est née au Brésil. La Poste portugaise lui a dédié un timbre. Le lieu [&hellip;]" />
<meta property="og:url" content="https://www.visitguarda.pt/ponto_de_interesse/museu-da-coruja-na-corujeira/" />
<meta property="og:site_name" content="VisitGuarda" />
<meta property="article:publisher" content="https://fb.com/MunicipioDaGuarda" />
<meta property="article:modified_time" content="2026-03-12T13:07:44+00:00" />
<meta name="twitter:card" content="summary_large_image" />
<meta name="twitter:label1" content="Durée de lecture estimée" />
	<meta name="twitter:data1" content="1 minute" />
<script type="application/ld+json" class="yoast-schema-graph">{"@context":"https://schema.org","@graph":[{"@type":"WebPage","@id":"https://www.visitguarda.pt/ponto_de_interesse/museu-da-coruja-na-corujeira/","url":"https://www.visitguarda.pt/ponto_de_interesse/museu-da-coruja-na-corujeira/","name":"Musée de la chouette à Corujeira - VisitGuarda","isPartOf":{"@id":"https://www.visitguarda.pt/#website"},"datePublished":"2024-05-28T17:00:35+00:00","dateModified":"2026-03-12T13:07:44+00:00","breadcrumb":{"@id":"https://www.visitguarda.pt/ponto_de_interesse/museu-da-coruja-na-corujeira/#breadcrumb"},"inLanguage":"fr-FR","potentialAction":[{"@type":"ReadAction","target":["https://www.visitguarda.pt/ponto_de_interesse/museu-da-coruja-na-corujeira/"]}]},{"@type":"BreadcrumbList","@id":"https://www.visitguarda.pt/ponto_de_interesse/museu-da-coruja-na-corujeira/#breadcrumb","itemListElement":[{"@type":"ListItem","position":1,"name":"Início","item":"https://www.visitguarda.pt/fr/"},{"@type":"ListItem","position":2,"name":"Musée de la chouette à Corujeira"}]},{"@type":"WebSite","@id":"https://www.visitguarda.pt/#website","url":"https://www.visitguarda.pt/","name":"VisitGuarda","description":"","publisher":{"@id":"https://www.visitguarda.pt/#organization"},"potentialAction":[{"@type":"SearchAction","target":{"@type":"EntryPoint","urlTemplate":"https://www.visitguarda.pt/?s={search_term_string}"},"query-input":{"@type":"PropertyValueSpecification","valueRequired":true,"valueName":"search_term_string"}}],"inLanguage":"fr-FR"},{"@type":"Organization","@id":"https://www.visitguarda.pt/#organization","name":"Município da Guarda","url":"https://www.visitguarda.pt/","logo":{"@type":"ImageObject","inLanguage":"fr-FR","@id":"https://www.visitguarda.pt/#/schema/logo/image/","url":"https://www.visitguarda.pt/wp-content/uploads/2025/01/logo_mun_guarda.jpg","contentUrl":"https://www.visitguarda.pt/wp-content/uploads/2025/01/logo_mun_guarda.jpg","width":1181,"height":1181,"caption":"Município da Guarda"},"image":{"@id":"https://www.visitguarda.pt/#/schema/logo/image/"},"sameAs":["https://fb.com/MunicipioDaGuarda","https://www.instagram.com/municipiodaguarda"]}]}</script>
<!-- / Yoast SEO plugin. -->

Musée de la chouette à Corujeira - VisitGuarda

Cet espace créé dans un cadre rural est l&rsquo;œuvre d&rsquo;un illustre native du village de Corujeira, qui tout au long de sa vie a collectionné des représentations de l&rsquo;oiseau qui lui rappelait le plus sa patrie : la chouette. La collection est née au Brésil. La Poste portugaise lui a dédié un timbre. Le lieu [&hellip;]

Início

Município da Guarda
