{"id":10806,"date":"2024-05-28T17:00:43","date_gmt":"2024-05-28T17:00:43","guid":{"rendered":"https:\/\/visitguarda.dev.loba.com\/ponto_de_interesse\/anta-de-pera-do-moco\/"},"modified":"2026-03-12T13:07:59","modified_gmt":"2026-03-12T13:07:59","slug":"anta-de-pera-do-moco","status":"publish","type":"ponto_de_interesse","link":"https:\/\/www.visitguarda.pt\/fr\/ponto_de_interesse\/anta-de-pera-do-moco\/","title":{"rendered":"Dolmen de P\u00eara do Mo\u00e7o"},"content":{"rendered":"<p>Constituant le monument pr\u00e9historique principal et le plus visible de la commune, le dolmen de Pera do Mo\u00e7o remonte \u00e0 la p\u00e9riode de transition du IVe au IIIe mill\u00e9naire avant JC, \u00e9poque o\u00f9 de grands monuments fun\u00e9raires individuels \u00e9taient construits. Il se compose d&rsquo;une chambre d\u00e9limit\u00e9e par cinq supports verticaux qui soutiennent une dalle de couverture, l&rsquo;ensemble du complexe \u00e9tant \u00e0 l&rsquo;origine cach\u00e9 par de la terre et des pierres, formant une sorte de colline symbolique ou votive. Chambre polygonale constitu\u00e9e de cinq supports trap\u00e9zo\u00efdaux inclin\u00e9s vers le centre, d\u00e9pourvus de couloir ; il pr\u00e9sente deux ouvertures, avec un pilier fragment\u00e9 du c\u00f4t\u00e9 nord ; recouvert d&rsquo;un chapeau de forme ovale mesurant environ 2,5 m de diam\u00e8tre et soutenu par trois supports (hauteur moyenne des supports : 2 m, largeur moyenne des supports : 1 m) ; l&rsquo;un des supports du c\u00f4t\u00e9 sud a la partie la plus \u00e9troite tourn\u00e9e vers le bas, contrairement au reste ; Il n&rsquo;y a aucune trace de mamoa (c&rsquo;est le nom originel donn\u00e9 par les Romains aux monuments en pierre ovales et circulaires).<\/p>\n","protected":false},"featured_media":0,"template":"","meta":{"_acf_changed":false},"categoria_ponto_interesse":[249],"duracao":[],"estacao_do_ano":[],"grupo_de_viagem":[],"tipo_de_experiencia":[250],"class_list":["post-10806","ponto_de_interesse","type-ponto_de_interesse","status-publish","hentry","categoria_ponto_interesse-monuments-patrimoine","tipo_de_experiencia-patrimoine"],"acf":[],"yoast_head":"<!-- This site is optimized with the Yoast SEO plugin v25.1 - https:\/\/yoast.com\/wordpress\/plugins\/seo\/ -->\n<title>Dolmen de P\u00eara do Mo\u00e7o - VisitGuarda<\/title>\n<meta name=\"robots\" content=\"index, follow, max-snippet:-1, max-image-preview:large, max-video-preview:-1\" \/>\n<link rel=\"canonical\" href=\"https:\/\/www.visitguarda.pt\/ponto_de_interesse\/anta-de-pera-do-moco\/\" \/>\n<meta property=\"og:locale\" content=\"fr_FR\" \/>\n<meta property=\"og:type\" content=\"article\" \/>\n<meta property=\"og:title\" content=\"Dolmen de P\u00eara do Mo\u00e7o - VisitGuarda\" \/>\n<meta property=\"og:description\" content=\"Constituant le monument pr\u00e9historique principal et le plus visible de la commune, le dolmen de Pera do Mo\u00e7o remonte \u00e0 la p\u00e9riode de transition du IVe au IIIe mill\u00e9naire avant JC, \u00e9poque o\u00f9 de grands monuments fun\u00e9raires individuels \u00e9taient construits. Il se compose d&rsquo;une chambre d\u00e9limit\u00e9e par cinq supports verticaux qui soutiennent une dalle de [&hellip;]\" \/>\n<meta property=\"og:url\" content=\"https:\/\/www.visitguarda.pt\/ponto_de_interesse\/anta-de-pera-do-moco\/\" \/>\n<meta property=\"og:site_name\" content=\"VisitGuarda\" \/>\n<meta property=\"article:publisher\" content=\"https:\/\/fb.com\/MunicipioDaGuarda\" \/>\n<meta property=\"article:modified_time\" content=\"2026-03-12T13:07:59+00:00\" \/>\n<meta name=\"twitter:card\" content=\"summary_large_image\" \/>\n<meta name=\"twitter:label1\" content=\"Dur\u00e9e de lecture estim\u00e9e\" \/>\n\t<meta name=\"twitter:data1\" content=\"1 minute\" \/>\n<script type=\"application\/ld+json\" class=\"yoast-schema-graph\">{\"@context\":\"https:\/\/schema.org\",\"@graph\":[{\"@type\":\"WebPage\",\"@id\":\"https:\/\/www.visitguarda.pt\/ponto_de_interesse\/anta-de-pera-do-moco\/\",\"url\":\"https:\/\/www.visitguarda.pt\/ponto_de_interesse\/anta-de-pera-do-moco\/\",\"name\":\"Dolmen de P\u00eara do Mo\u00e7o - VisitGuarda\",\"isPartOf\":{\"@id\":\"https:\/\/www.visitguarda.pt\/#website\"},\"datePublished\":\"2024-05-28T17:00:43+00:00\",\"dateModified\":\"2026-03-12T13:07:59+00:00\",\"breadcrumb\":{\"@id\":\"https:\/\/www.visitguarda.pt\/ponto_de_interesse\/anta-de-pera-do-moco\/#breadcrumb\"},\"inLanguage\":\"fr-FR\",\"potentialAction\":[{\"@type\":\"ReadAction\",\"target\":[\"https:\/\/www.visitguarda.pt\/ponto_de_interesse\/anta-de-pera-do-moco\/\"]}]},{\"@type\":\"BreadcrumbList\",\"@id\":\"https:\/\/www.visitguarda.pt\/ponto_de_interesse\/anta-de-pera-do-moco\/#breadcrumb\",\"itemListElement\":[{\"@type\":\"ListItem\",\"position\":1,\"name\":\"In\u00edcio\",\"item\":\"https:\/\/www.visitguarda.pt\/fr\/\"},{\"@type\":\"ListItem\",\"position\":2,\"name\":\"Dolmen de P\u00eara do Mo\u00e7o\"}]},{\"@type\":\"WebSite\",\"@id\":\"https:\/\/www.visitguarda.pt\/#website\",\"url\":\"https:\/\/www.visitguarda.pt\/\",\"name\":\"VisitGuarda\",\"description\":\"\",\"publisher\":{\"@id\":\"https:\/\/www.visitguarda.pt\/#organization\"},\"potentialAction\":[{\"@type\":\"SearchAction\",\"target\":{\"@type\":\"EntryPoint\",\"urlTemplate\":\"https:\/\/www.visitguarda.pt\/?s={search_term_string}\"},\"query-input\":{\"@type\":\"PropertyValueSpecification\",\"valueRequired\":true,\"valueName\":\"search_term_string\"}}],\"inLanguage\":\"fr-FR\"},{\"@type\":\"Organization\",\"@id\":\"https:\/\/www.visitguarda.pt\/#organization\",\"name\":\"Munic\u00edpio da Guarda\",\"url\":\"https:\/\/www.visitguarda.pt\/\",\"logo\":{\"@type\":\"ImageObject\",\"inLanguage\":\"fr-FR\",\"@id\":\"https:\/\/www.visitguarda.pt\/#\/schema\/logo\/image\/\",\"url\":\"https:\/\/www.visitguarda.pt\/wp-content\/uploads\/2025\/01\/logo_mun_guarda.jpg\",\"contentUrl\":\"https:\/\/www.visitguarda.pt\/wp-content\/uploads\/2025\/01\/logo_mun_guarda.jpg\",\"width\":1181,\"height\":1181,\"caption\":\"Munic\u00edpio da Guarda\"},\"image\":{\"@id\":\"https:\/\/www.visitguarda.pt\/#\/schema\/logo\/image\/\"},\"sameAs\":[\"https:\/\/fb.com\/MunicipioDaGuarda\",\"https:\/\/www.instagram.com\/municipiodaguarda\"]}]}<\/script>\n<!-- \/ Yoast SEO plugin. -->","yoast_head_json":{"title":"Dolmen de P\u00eara do Mo\u00e7o - VisitGuarda","robots":{"index":"index","follow":"follow","max-snippet":"max-snippet:-1","max-image-preview":"max-image-preview:large","max-video-preview":"max-video-preview:-1"},"canonical":"https:\/\/www.visitguarda.pt\/ponto_de_interesse\/anta-de-pera-do-moco\/","og_locale":"fr_FR","og_type":"article","og_title":"Dolmen de P\u00eara do Mo\u00e7o - VisitGuarda","og_description":"Constituant le monument pr\u00e9historique principal et le plus visible de la commune, le dolmen de Pera do Mo\u00e7o remonte \u00e0 la p\u00e9riode de transition du IVe au IIIe mill\u00e9naire avant JC, \u00e9poque o\u00f9 de grands monuments fun\u00e9raires individuels \u00e9taient construits. Il se compose d&rsquo;une chambre d\u00e9limit\u00e9e par cinq supports verticaux qui soutiennent une dalle de [&hellip;]","og_url":"https:\/\/www.visitguarda.pt\/ponto_de_interesse\/anta-de-pera-do-moco\/","og_site_name":"VisitGuarda","article_publisher":"https:\/\/fb.com\/MunicipioDaGuarda","article_modified_time":"2026-03-12T13:07:59+00:00","twitter_card":"summary_large_image","twitter_misc":{"Dur\u00e9e de lecture estim\u00e9e":"1 minute"},"schema":{"@context":"https:\/\/schema.org","@graph":[{"@type":"WebPage","@id":"https:\/\/www.visitguarda.pt\/ponto_de_interesse\/anta-de-pera-do-moco\/","url":"https:\/\/www.visitguarda.pt\/ponto_de_interesse\/anta-de-pera-do-moco\/","name":"Dolmen de P\u00eara do Mo\u00e7o - VisitGuarda","isPartOf":{"@id":"https:\/\/www.visitguarda.pt\/#website"},"datePublished":"2024-05-28T17:00:43+00:00","dateModified":"2026-03-12T13:07:59+00:00","breadcrumb":{"@id":"https:\/\/www.visitguarda.pt\/ponto_de_interesse\/anta-de-pera-do-moco\/#breadcrumb"},"inLanguage":"fr-FR","potentialAction":[{"@type":"ReadAction","target":["https:\/\/www.visitguarda.pt\/ponto_de_interesse\/anta-de-pera-do-moco\/"]}]},{"@type":"BreadcrumbList","@id":"https:\/\/www.visitguarda.pt\/ponto_de_interesse\/anta-de-pera-do-moco\/#breadcrumb","itemListElement":[{"@type":"ListItem","position":1,"name":"In\u00edcio","item":"https:\/\/www.visitguarda.pt\/fr\/"},{"@type":"ListItem","position":2,"name":"Dolmen de P\u00eara do Mo\u00e7o"}]},{"@type":"WebSite","@id":"https:\/\/www.visitguarda.pt\/#website","url":"https:\/\/www.visitguarda.pt\/","name":"VisitGuarda","description":"","publisher":{"@id":"https:\/\/www.visitguarda.pt\/#organization"},"potentialAction":[{"@type":"SearchAction","target":{"@type":"EntryPoint","urlTemplate":"https:\/\/www.visitguarda.pt\/?s={search_term_string}"},"query-input":{"@type":"PropertyValueSpecification","valueRequired":true,"valueName":"search_term_string"}}],"inLanguage":"fr-FR"},{"@type":"Organization","@id":"https:\/\/www.visitguarda.pt\/#organization","name":"Munic\u00edpio da Guarda","url":"https:\/\/www.visitguarda.pt\/","logo":{"@type":"ImageObject","inLanguage":"fr-FR","@id":"https:\/\/www.visitguarda.pt\/#\/schema\/logo\/image\/","url":"https:\/\/www.visitguarda.pt\/wp-content\/uploads\/2025\/01\/logo_mun_guarda.jpg","contentUrl":"https:\/\/www.visitguarda.pt\/wp-content\/uploads\/2025\/01\/logo_mun_guarda.jpg","width":1181,"height":1181,"caption":"Munic\u00edpio da Guarda"},"image":{"@id":"https:\/\/www.visitguarda.pt\/#\/schema\/logo\/image\/"},"sameAs":["https:\/\/fb.com\/MunicipioDaGuarda","https:\/\/www.instagram.com\/municipiodaguarda"]}]}},"_links":{"self":[{"href":"https:\/\/www.visitguarda.pt\/fr\/wp-json\/wp\/v2\/ponto_de_interesse\/10806","targetHints":{"allow":["GET"]}}],"collection":[{"href":"https:\/\/www.visitguarda.pt\/fr\/wp-json\/wp\/v2\/ponto_de_interesse"}],"about":[{"href":"https:\/\/www.visitguarda.pt\/fr\/wp-json\/wp\/v2\/types\/ponto_de_interesse"}],"wp:attachment":[{"href":"https:\/\/www.visitguarda.pt\/fr\/wp-json\/wp\/v2\/media?parent=10806"}],"wp:term":[{"taxonomy":"categoria_ponto_interesse","embeddable":true,"href":"https:\/\/www.visitguarda.pt\/fr\/wp-json\/wp\/v2\/categoria_ponto_interesse?post=10806"},{"taxonomy":"duracao","embeddable":true,"href":"https:\/\/www.visitguarda.pt\/fr\/wp-json\/wp\/v2\/duracao?post=10806"},{"taxonomy":"estacao_do_ano","embeddable":true,"href":"https:\/\/www.visitguarda.pt\/fr\/wp-json\/wp\/v2\/estacao_do_ano?post=10806"},{"taxonomy":"grupo_de_viagem","embeddable":true,"href":"https:\/\/www.visitguarda.pt\/fr\/wp-json\/wp\/v2\/grupo_de_viagem?post=10806"},{"taxonomy":"tipo_de_experiencia","embeddable":true,"href":"https:\/\/www.visitguarda.pt\/fr\/wp-json\/wp\/v2\/tipo_de_experiencia?post=10806"}],"curies":[{"name":"wp","href":"https:\/\/api.w.org\/{rel}","templated":true}]}}

Dolmen de Pêra do Moço

<p>Constituant le monument préhistorique principal et le plus visible de la commune, le dolmen de Pera do Moço remonte à la période de transition du IVe au IIIe millénaire avant JC, époque où de grands monuments funéraires individuels étaient construits. Il se compose d&rsquo;une chambre délimitée par cinq supports verticaux qui soutiennent une dalle de couverture, l&rsquo;ensemble du complexe étant à l&rsquo;origine caché par de la terre et des pierres, formant une sorte de colline symbolique ou votive. Chambre polygonale constituée de cinq supports trapézoïdaux inclinés vers le centre, dépourvus de couloir ; il présente deux ouvertures, avec un pilier fragmenté du côté nord ; recouvert d&rsquo;un chapeau de forme ovale mesurant environ 2,5 m de diamètre et soutenu par trois supports (hauteur moyenne des supports : 2 m, largeur moyenne des supports : 1 m) ; l&rsquo;un des supports du côté sud a la partie la plus étroite tournée vers le bas, contrairement au reste ; Il n&rsquo;y a aucune trace de mamoa (c&rsquo;est le nom originel donné par les Romains aux monuments en pierre ovales et circulaires).</p>

<!-- This site is optimized with the Yoast SEO plugin v25.1 - https://yoast.com/wordpress/plugins/seo/ -->
<title>Dolmen de Pêra do Moço - VisitGuarda</title>
<meta name="robots" content="index, follow, max-snippet:-1, max-image-preview:large, max-video-preview:-1" />
<link rel="canonical" href="https://www.visitguarda.pt/ponto_de_interesse/anta-de-pera-do-moco/" />
<meta property="og:locale" content="fr_FR" />
<meta property="og:type" content="article" />
<meta property="og:title" content="Dolmen de Pêra do Moço - VisitGuarda" />
<meta property="og:description" content="Constituant le monument préhistorique principal et le plus visible de la commune, le dolmen de Pera do Moço remonte à la période de transition du IVe au IIIe millénaire avant JC, époque où de grands monuments funéraires individuels étaient construits. Il se compose d&rsquo;une chambre délimitée par cinq supports verticaux qui soutiennent une dalle de [&hellip;]" />
<meta property="og:url" content="https://www.visitguarda.pt/ponto_de_interesse/anta-de-pera-do-moco/" />
<meta property="og:site_name" content="VisitGuarda" />
<meta property="article:publisher" content="https://fb.com/MunicipioDaGuarda" />
<meta property="article:modified_time" content="2026-03-12T13:07:59+00:00" />
<meta name="twitter:card" content="summary_large_image" />
<meta name="twitter:label1" content="Durée de lecture estimée" />
	<meta name="twitter:data1" content="1 minute" />
<script type="application/ld+json" class="yoast-schema-graph">{"@context":"https://schema.org","@graph":[{"@type":"WebPage","@id":"https://www.visitguarda.pt/ponto_de_interesse/anta-de-pera-do-moco/","url":"https://www.visitguarda.pt/ponto_de_interesse/anta-de-pera-do-moco/","name":"Dolmen de Pêra do Moço - VisitGuarda","isPartOf":{"@id":"https://www.visitguarda.pt/#website"},"datePublished":"2024-05-28T17:00:43+00:00","dateModified":"2026-03-12T13:07:59+00:00","breadcrumb":{"@id":"https://www.visitguarda.pt/ponto_de_interesse/anta-de-pera-do-moco/#breadcrumb"},"inLanguage":"fr-FR","potentialAction":[{"@type":"ReadAction","target":["https://www.visitguarda.pt/ponto_de_interesse/anta-de-pera-do-moco/"]}]},{"@type":"BreadcrumbList","@id":"https://www.visitguarda.pt/ponto_de_interesse/anta-de-pera-do-moco/#breadcrumb","itemListElement":[{"@type":"ListItem","position":1,"name":"Início","item":"https://www.visitguarda.pt/fr/"},{"@type":"ListItem","position":2,"name":"Dolmen de Pêra do Moço"}]},{"@type":"WebSite","@id":"https://www.visitguarda.pt/#website","url":"https://www.visitguarda.pt/","name":"VisitGuarda","description":"","publisher":{"@id":"https://www.visitguarda.pt/#organization"},"potentialAction":[{"@type":"SearchAction","target":{"@type":"EntryPoint","urlTemplate":"https://www.visitguarda.pt/?s={search_term_string}"},"query-input":{"@type":"PropertyValueSpecification","valueRequired":true,"valueName":"search_term_string"}}],"inLanguage":"fr-FR"},{"@type":"Organization","@id":"https://www.visitguarda.pt/#organization","name":"Município da Guarda","url":"https://www.visitguarda.pt/","logo":{"@type":"ImageObject","inLanguage":"fr-FR","@id":"https://www.visitguarda.pt/#/schema/logo/image/","url":"https://www.visitguarda.pt/wp-content/uploads/2025/01/logo_mun_guarda.jpg","contentUrl":"https://www.visitguarda.pt/wp-content/uploads/2025/01/logo_mun_guarda.jpg","width":1181,"height":1181,"caption":"Município da Guarda"},"image":{"@id":"https://www.visitguarda.pt/#/schema/logo/image/"},"sameAs":["https://fb.com/MunicipioDaGuarda","https://www.instagram.com/municipiodaguarda"]}]}</script>
<!-- / Yoast SEO plugin. -->

Dolmen de Pêra do Moço - VisitGuarda

Constituant le monument préhistorique principal et le plus visible de la commune, le dolmen de Pera do Moço remonte à la période de transition du IVe au IIIe millénaire avant JC, époque où de grands monuments funéraires individuels étaient construits. Il se compose d&rsquo;une chambre délimitée par cinq supports verticaux qui soutiennent une dalle de [&hellip;]

Início

Município da Guarda
