{"id":10826,"date":"2024-05-28T17:00:50","date_gmt":"2024-05-28T17:00:50","guid":{"rendered":"https:\/\/visitguarda.dev.loba.com\/ponto_de_interesse\/miradouro-do-mocho-real\/"},"modified":"2026-03-12T13:08:07","modified_gmt":"2026-03-12T13:08:07","slug":"miradouro-do-mocho-real","status":"publish","type":"ponto_de_interesse","link":"https:\/\/www.visitguarda.pt\/fr\/ponto_de_interesse\/miradouro-do-mocho-real\/","title":{"rendered":"Point de vue du Mocho Real (Hibou Royal)"},"content":{"rendered":"<p>Situ\u00e9 sur des rochers de granit, \u00e0 700 m\u00e8tres d&rsquo;altitude, le point de vue du Mocho Real offre une excellente vue panoramique sur la vall\u00e9e du Mondego, les gorges fluviales du Caldeir\u00e3o et la surface de l&rsquo;eau du barrage du m\u00eame nom. De ce point, on peut voir les traces de l&rsquo;activit\u00e9 humaine le long de ces vall\u00e9es, qui ont \u00e9t\u00e9 fortement cultiv\u00e9es. On peut \u00e9galement voir le d\u00e9fil\u00e9 de la rivi\u00e8re Caldeir\u00e3o, une adaptation \u00e9pig\u00e9n\u00e9tique du cours d&rsquo;eau du m\u00eame nom. Cette gorge est le r\u00e9sultat de l&rsquo;action \u00e9rosive de la rivi\u00e8re qui, en s&rsquo;y jetant, a creus\u00e9 les corn\u00e9ennes r\u00e9sultant du m\u00e9tamorphisme de contact des granites avec les m\u00e9tass\u00e9diments.<\/p>\n","protected":false},"featured_media":0,"template":"","meta":{"_acf_changed":false},"categoria_ponto_interesse":[308],"duracao":[],"estacao_do_ano":[],"grupo_de_viagem":[],"tipo_de_experiencia":[310],"class_list":["post-10826","ponto_de_interesse","type-ponto_de_interesse","status-publish","hentry","categoria_ponto_interesse-points-de-vue","tipo_de_experiencia-itineraires"],"acf":[],"yoast_head":"<!-- This site is optimized with the Yoast SEO plugin v25.1 - https:\/\/yoast.com\/wordpress\/plugins\/seo\/ -->\n<title>Point de vue du Mocho Real (Hibou Royal) - VisitGuarda<\/title>\n<meta name=\"robots\" content=\"index, follow, max-snippet:-1, max-image-preview:large, max-video-preview:-1\" \/>\n<link rel=\"canonical\" href=\"https:\/\/www.visitguarda.pt\/ponto_de_interesse\/miradouro-do-mocho-real\/\" \/>\n<meta property=\"og:locale\" content=\"fr_FR\" \/>\n<meta property=\"og:type\" content=\"article\" \/>\n<meta property=\"og:title\" content=\"Point de vue du Mocho Real (Hibou Royal) - VisitGuarda\" \/>\n<meta property=\"og:description\" content=\"Situ\u00e9 sur des rochers de granit, \u00e0 700 m\u00e8tres d&rsquo;altitude, le point de vue du Mocho Real offre une excellente vue panoramique sur la vall\u00e9e du Mondego, les gorges fluviales du Caldeir\u00e3o et la surface de l&rsquo;eau du barrage du m\u00eame nom. De ce point, on peut voir les traces de l&rsquo;activit\u00e9 humaine le long [&hellip;]\" \/>\n<meta property=\"og:url\" content=\"https:\/\/www.visitguarda.pt\/ponto_de_interesse\/miradouro-do-mocho-real\/\" \/>\n<meta property=\"og:site_name\" content=\"VisitGuarda\" \/>\n<meta property=\"article:publisher\" content=\"https:\/\/fb.com\/MunicipioDaGuarda\" \/>\n<meta property=\"article:modified_time\" content=\"2026-03-12T13:08:07+00:00\" \/>\n<meta name=\"twitter:card\" content=\"summary_large_image\" \/>\n<meta name=\"twitter:label1\" content=\"Dur\u00e9e de lecture estim\u00e9e\" \/>\n\t<meta name=\"twitter:data1\" content=\"1 minute\" \/>\n<script type=\"application\/ld+json\" class=\"yoast-schema-graph\">{\"@context\":\"https:\/\/schema.org\",\"@graph\":[{\"@type\":\"WebPage\",\"@id\":\"https:\/\/www.visitguarda.pt\/ponto_de_interesse\/miradouro-do-mocho-real\/\",\"url\":\"https:\/\/www.visitguarda.pt\/ponto_de_interesse\/miradouro-do-mocho-real\/\",\"name\":\"Point de vue du Mocho Real (Hibou Royal) - VisitGuarda\",\"isPartOf\":{\"@id\":\"https:\/\/www.visitguarda.pt\/#website\"},\"datePublished\":\"2024-05-28T17:00:50+00:00\",\"dateModified\":\"2026-03-12T13:08:07+00:00\",\"breadcrumb\":{\"@id\":\"https:\/\/www.visitguarda.pt\/ponto_de_interesse\/miradouro-do-mocho-real\/#breadcrumb\"},\"inLanguage\":\"fr-FR\",\"potentialAction\":[{\"@type\":\"ReadAction\",\"target\":[\"https:\/\/www.visitguarda.pt\/ponto_de_interesse\/miradouro-do-mocho-real\/\"]}]},{\"@type\":\"BreadcrumbList\",\"@id\":\"https:\/\/www.visitguarda.pt\/ponto_de_interesse\/miradouro-do-mocho-real\/#breadcrumb\",\"itemListElement\":[{\"@type\":\"ListItem\",\"position\":1,\"name\":\"In\u00edcio\",\"item\":\"https:\/\/www.visitguarda.pt\/fr\/\"},{\"@type\":\"ListItem\",\"position\":2,\"name\":\"Point de vue du Mocho Real (Hibou Royal)\"}]},{\"@type\":\"WebSite\",\"@id\":\"https:\/\/www.visitguarda.pt\/#website\",\"url\":\"https:\/\/www.visitguarda.pt\/\",\"name\":\"VisitGuarda\",\"description\":\"\",\"publisher\":{\"@id\":\"https:\/\/www.visitguarda.pt\/#organization\"},\"potentialAction\":[{\"@type\":\"SearchAction\",\"target\":{\"@type\":\"EntryPoint\",\"urlTemplate\":\"https:\/\/www.visitguarda.pt\/?s={search_term_string}\"},\"query-input\":{\"@type\":\"PropertyValueSpecification\",\"valueRequired\":true,\"valueName\":\"search_term_string\"}}],\"inLanguage\":\"fr-FR\"},{\"@type\":\"Organization\",\"@id\":\"https:\/\/www.visitguarda.pt\/#organization\",\"name\":\"Munic\u00edpio da Guarda\",\"url\":\"https:\/\/www.visitguarda.pt\/\",\"logo\":{\"@type\":\"ImageObject\",\"inLanguage\":\"fr-FR\",\"@id\":\"https:\/\/www.visitguarda.pt\/#\/schema\/logo\/image\/\",\"url\":\"https:\/\/www.visitguarda.pt\/wp-content\/uploads\/2025\/01\/logo_mun_guarda.jpg\",\"contentUrl\":\"https:\/\/www.visitguarda.pt\/wp-content\/uploads\/2025\/01\/logo_mun_guarda.jpg\",\"width\":1181,\"height\":1181,\"caption\":\"Munic\u00edpio da Guarda\"},\"image\":{\"@id\":\"https:\/\/www.visitguarda.pt\/#\/schema\/logo\/image\/\"},\"sameAs\":[\"https:\/\/fb.com\/MunicipioDaGuarda\",\"https:\/\/www.instagram.com\/municipiodaguarda\"]}]}<\/script>\n<!-- \/ Yoast SEO plugin. -->","yoast_head_json":{"title":"Point de vue du Mocho Real (Hibou Royal) - VisitGuarda","robots":{"index":"index","follow":"follow","max-snippet":"max-snippet:-1","max-image-preview":"max-image-preview:large","max-video-preview":"max-video-preview:-1"},"canonical":"https:\/\/www.visitguarda.pt\/ponto_de_interesse\/miradouro-do-mocho-real\/","og_locale":"fr_FR","og_type":"article","og_title":"Point de vue du Mocho Real (Hibou Royal) - VisitGuarda","og_description":"Situ\u00e9 sur des rochers de granit, \u00e0 700 m\u00e8tres d&rsquo;altitude, le point de vue du Mocho Real offre une excellente vue panoramique sur la vall\u00e9e du Mondego, les gorges fluviales du Caldeir\u00e3o et la surface de l&rsquo;eau du barrage du m\u00eame nom. De ce point, on peut voir les traces de l&rsquo;activit\u00e9 humaine le long [&hellip;]","og_url":"https:\/\/www.visitguarda.pt\/ponto_de_interesse\/miradouro-do-mocho-real\/","og_site_name":"VisitGuarda","article_publisher":"https:\/\/fb.com\/MunicipioDaGuarda","article_modified_time":"2026-03-12T13:08:07+00:00","twitter_card":"summary_large_image","twitter_misc":{"Dur\u00e9e de lecture estim\u00e9e":"1 minute"},"schema":{"@context":"https:\/\/schema.org","@graph":[{"@type":"WebPage","@id":"https:\/\/www.visitguarda.pt\/ponto_de_interesse\/miradouro-do-mocho-real\/","url":"https:\/\/www.visitguarda.pt\/ponto_de_interesse\/miradouro-do-mocho-real\/","name":"Point de vue du Mocho Real (Hibou Royal) - VisitGuarda","isPartOf":{"@id":"https:\/\/www.visitguarda.pt\/#website"},"datePublished":"2024-05-28T17:00:50+00:00","dateModified":"2026-03-12T13:08:07+00:00","breadcrumb":{"@id":"https:\/\/www.visitguarda.pt\/ponto_de_interesse\/miradouro-do-mocho-real\/#breadcrumb"},"inLanguage":"fr-FR","potentialAction":[{"@type":"ReadAction","target":["https:\/\/www.visitguarda.pt\/ponto_de_interesse\/miradouro-do-mocho-real\/"]}]},{"@type":"BreadcrumbList","@id":"https:\/\/www.visitguarda.pt\/ponto_de_interesse\/miradouro-do-mocho-real\/#breadcrumb","itemListElement":[{"@type":"ListItem","position":1,"name":"In\u00edcio","item":"https:\/\/www.visitguarda.pt\/fr\/"},{"@type":"ListItem","position":2,"name":"Point de vue du Mocho Real (Hibou Royal)"}]},{"@type":"WebSite","@id":"https:\/\/www.visitguarda.pt\/#website","url":"https:\/\/www.visitguarda.pt\/","name":"VisitGuarda","description":"","publisher":{"@id":"https:\/\/www.visitguarda.pt\/#organization"},"potentialAction":[{"@type":"SearchAction","target":{"@type":"EntryPoint","urlTemplate":"https:\/\/www.visitguarda.pt\/?s={search_term_string}"},"query-input":{"@type":"PropertyValueSpecification","valueRequired":true,"valueName":"search_term_string"}}],"inLanguage":"fr-FR"},{"@type":"Organization","@id":"https:\/\/www.visitguarda.pt\/#organization","name":"Munic\u00edpio da Guarda","url":"https:\/\/www.visitguarda.pt\/","logo":{"@type":"ImageObject","inLanguage":"fr-FR","@id":"https:\/\/www.visitguarda.pt\/#\/schema\/logo\/image\/","url":"https:\/\/www.visitguarda.pt\/wp-content\/uploads\/2025\/01\/logo_mun_guarda.jpg","contentUrl":"https:\/\/www.visitguarda.pt\/wp-content\/uploads\/2025\/01\/logo_mun_guarda.jpg","width":1181,"height":1181,"caption":"Munic\u00edpio da Guarda"},"image":{"@id":"https:\/\/www.visitguarda.pt\/#\/schema\/logo\/image\/"},"sameAs":["https:\/\/fb.com\/MunicipioDaGuarda","https:\/\/www.instagram.com\/municipiodaguarda"]}]}},"_links":{"self":[{"href":"https:\/\/www.visitguarda.pt\/fr\/wp-json\/wp\/v2\/ponto_de_interesse\/10826","targetHints":{"allow":["GET"]}}],"collection":[{"href":"https:\/\/www.visitguarda.pt\/fr\/wp-json\/wp\/v2\/ponto_de_interesse"}],"about":[{"href":"https:\/\/www.visitguarda.pt\/fr\/wp-json\/wp\/v2\/types\/ponto_de_interesse"}],"wp:attachment":[{"href":"https:\/\/www.visitguarda.pt\/fr\/wp-json\/wp\/v2\/media?parent=10826"}],"wp:term":[{"taxonomy":"categoria_ponto_interesse","embeddable":true,"href":"https:\/\/www.visitguarda.pt\/fr\/wp-json\/wp\/v2\/categoria_ponto_interesse?post=10826"},{"taxonomy":"duracao","embeddable":true,"href":"https:\/\/www.visitguarda.pt\/fr\/wp-json\/wp\/v2\/duracao?post=10826"},{"taxonomy":"estacao_do_ano","embeddable":true,"href":"https:\/\/www.visitguarda.pt\/fr\/wp-json\/wp\/v2\/estacao_do_ano?post=10826"},{"taxonomy":"grupo_de_viagem","embeddable":true,"href":"https:\/\/www.visitguarda.pt\/fr\/wp-json\/wp\/v2\/grupo_de_viagem?post=10826"},{"taxonomy":"tipo_de_experiencia","embeddable":true,"href":"https:\/\/www.visitguarda.pt\/fr\/wp-json\/wp\/v2\/tipo_de_experiencia?post=10826"}],"curies":[{"name":"wp","href":"https:\/\/api.w.org\/{rel}","templated":true}]}}

<p>Situé sur des rochers de granit, à 700 mètres d&rsquo;altitude, le point de vue du Mocho Real offre une excellente vue panoramique sur la vallée du Mondego, les gorges fluviales du Caldeirão et la surface de l&rsquo;eau du barrage du même nom. De ce point, on peut voir les traces de l&rsquo;activité humaine le long de ces vallées, qui ont été fortement cultivées. On peut également voir le défilé de la rivière Caldeirão, une adaptation épigénétique du cours d&rsquo;eau du même nom. Cette gorge est le résultat de l&rsquo;action érosive de la rivière qui, en s&rsquo;y jetant, a creusé les cornéennes résultant du métamorphisme de contact des granites avec les métassédiments.</p>

<!-- This site is optimized with the Yoast SEO plugin v25.1 - https://yoast.com/wordpress/plugins/seo/ -->
<title>Point de vue du Mocho Real (Hibou Royal) - VisitGuarda</title>
<meta name="robots" content="index, follow, max-snippet:-1, max-image-preview:large, max-video-preview:-1" />
<link rel="canonical" href="https://www.visitguarda.pt/ponto_de_interesse/miradouro-do-mocho-real/" />
<meta property="og:locale" content="fr_FR" />
<meta property="og:type" content="article" />
<meta property="og:title" content="Point de vue du Mocho Real (Hibou Royal) - VisitGuarda" />
<meta property="og:description" content="Situé sur des rochers de granit, à 700 mètres d&rsquo;altitude, le point de vue du Mocho Real offre une excellente vue panoramique sur la vallée du Mondego, les gorges fluviales du Caldeirão et la surface de l&rsquo;eau du barrage du même nom. De ce point, on peut voir les traces de l&rsquo;activité humaine le long [&hellip;]" />
<meta property="og:url" content="https://www.visitguarda.pt/ponto_de_interesse/miradouro-do-mocho-real/" />
<meta property="og:site_name" content="VisitGuarda" />
<meta property="article:publisher" content="https://fb.com/MunicipioDaGuarda" />
<meta property="article:modified_time" content="2026-03-12T13:08:07+00:00" />
<meta name="twitter:card" content="summary_large_image" />
<meta name="twitter:label1" content="Durée de lecture estimée" />
	<meta name="twitter:data1" content="1 minute" />
<script type="application/ld+json" class="yoast-schema-graph">{"@context":"https://schema.org","@graph":[{"@type":"WebPage","@id":"https://www.visitguarda.pt/ponto_de_interesse/miradouro-do-mocho-real/","url":"https://www.visitguarda.pt/ponto_de_interesse/miradouro-do-mocho-real/","name":"Point de vue du Mocho Real (Hibou Royal) - VisitGuarda","isPartOf":{"@id":"https://www.visitguarda.pt/#website"},"datePublished":"2024-05-28T17:00:50+00:00","dateModified":"2026-03-12T13:08:07+00:00","breadcrumb":{"@id":"https://www.visitguarda.pt/ponto_de_interesse/miradouro-do-mocho-real/#breadcrumb"},"inLanguage":"fr-FR","potentialAction":[{"@type":"ReadAction","target":["https://www.visitguarda.pt/ponto_de_interesse/miradouro-do-mocho-real/"]}]},{"@type":"BreadcrumbList","@id":"https://www.visitguarda.pt/ponto_de_interesse/miradouro-do-mocho-real/#breadcrumb","itemListElement":[{"@type":"ListItem","position":1,"name":"Início","item":"https://www.visitguarda.pt/fr/"},{"@type":"ListItem","position":2,"name":"Point de vue du Mocho Real (Hibou Royal)"}]},{"@type":"WebSite","@id":"https://www.visitguarda.pt/#website","url":"https://www.visitguarda.pt/","name":"VisitGuarda","description":"","publisher":{"@id":"https://www.visitguarda.pt/#organization"},"potentialAction":[{"@type":"SearchAction","target":{"@type":"EntryPoint","urlTemplate":"https://www.visitguarda.pt/?s={search_term_string}"},"query-input":{"@type":"PropertyValueSpecification","valueRequired":true,"valueName":"search_term_string"}}],"inLanguage":"fr-FR"},{"@type":"Organization","@id":"https://www.visitguarda.pt/#organization","name":"Município da Guarda","url":"https://www.visitguarda.pt/","logo":{"@type":"ImageObject","inLanguage":"fr-FR","@id":"https://www.visitguarda.pt/#/schema/logo/image/","url":"https://www.visitguarda.pt/wp-content/uploads/2025/01/logo_mun_guarda.jpg","contentUrl":"https://www.visitguarda.pt/wp-content/uploads/2025/01/logo_mun_guarda.jpg","width":1181,"height":1181,"caption":"Município da Guarda"},"image":{"@id":"https://www.visitguarda.pt/#/schema/logo/image/"},"sameAs":["https://fb.com/MunicipioDaGuarda","https://www.instagram.com/municipiodaguarda"]}]}</script>
<!-- / Yoast SEO plugin. -->

Situé sur des rochers de granit, à 700 mètres d&rsquo;altitude, le point de vue du Mocho Real offre une excellente vue panoramique sur la vallée du Mondego, les gorges fluviales du Caldeirão et la surface de l&rsquo;eau du barrage du même nom. De ce point, on peut voir les traces de l&rsquo;activité humaine le long [&hellip;]

Início

Município da Guarda
