{"id":10907,"date":"2024-05-28T17:01:22","date_gmt":"2024-05-28T17:01:22","guid":{"rendered":"https:\/\/visitguarda.dev.loba.com\/ponto_de_interesse\/miradouro-da-torre-dos-ferreiros\/"},"modified":"2026-03-12T13:08:46","modified_gmt":"2026-03-12T13:08:46","slug":"miradouro-da-torre-dos-ferreiros","status":"publish","type":"ponto_de_interesse","link":"https:\/\/www.visitguarda.pt\/fr\/ponto_de_interesse\/miradouro-da-torre-dos-ferreiros\/","title":{"rendered":"Mirador de la Torre dos Ferreiros"},"content":{"rendered":"<p>Au sud, l&rsquo;imposante Serra da Estrela domine le paysage. De l\u00e0, on peut voir l&rsquo;ancien sanatorium Sousa Martins, qui a marqu\u00e9 l&rsquo;histoire de la ville de Guarda et lui a valu l&rsquo;\u00e9pith\u00e8te de \u00ab\u00a0ville de la sant\u00e9\u00a0\u00bb. Au nord, la colline du Tintinolho se d\u00e9tache du paysage, et le site arch\u00e9ologique de P\u00f3voa do Mileu est \u00e9galement visible. Le donjon et l&rsquo;\u00e9glise de S. Vicente se distinguent dans le p\u00e9rim\u00e8tre fortifi\u00e9. \u00c0 l&rsquo;est, le site arch\u00e9ologique de Cabe\u00e7o das Fr\u00e1guas est l&rsquo;un des \u00e9tablissements protohistoriques les plus embl\u00e9matiques de toute la p\u00e9ninsule ib\u00e9rique. Dans cette direction, on peut voir la colline du Jarmelo, perch\u00e9e au sommet du Castro du Jarmelo, qui domine le vaste territoire qui s&rsquo;\u00e9tend des pentes orientales de la Serra da Estrela jusqu&rsquo;\u00e0 la fronti\u00e8re espagnole. \u00c0 l&rsquo;ouest, le Donjon et la Cath\u00e9drale de Guarda se distinguent par leur beaut\u00e9 et leur ampleur.<\/p>\n","protected":false},"featured_media":0,"template":"","meta":{"_acf_changed":false},"categoria_ponto_interesse":[308],"duracao":[],"estacao_do_ano":[],"grupo_de_viagem":[],"tipo_de_experiencia":[250],"class_list":["post-10907","ponto_de_interesse","type-ponto_de_interesse","status-publish","hentry","categoria_ponto_interesse-points-de-vue","tipo_de_experiencia-patrimoine"],"acf":[],"yoast_head":"<!-- This site is optimized with the Yoast SEO plugin v25.1 - https:\/\/yoast.com\/wordpress\/plugins\/seo\/ -->\n<title>Mirador de la Torre dos Ferreiros - VisitGuarda<\/title>\n<meta name=\"robots\" content=\"index, follow, max-snippet:-1, max-image-preview:large, max-video-preview:-1\" \/>\n<link rel=\"canonical\" href=\"https:\/\/www.visitguarda.pt\/ponto_de_interesse\/miradouro-da-torre-dos-ferreiros\/\" \/>\n<meta property=\"og:locale\" content=\"fr_FR\" \/>\n<meta property=\"og:type\" content=\"article\" \/>\n<meta property=\"og:title\" content=\"Mirador de la Torre dos Ferreiros - VisitGuarda\" \/>\n<meta property=\"og:description\" content=\"Au sud, l&rsquo;imposante Serra da Estrela domine le paysage. De l\u00e0, on peut voir l&rsquo;ancien sanatorium Sousa Martins, qui a marqu\u00e9 l&rsquo;histoire de la ville de Guarda et lui a valu l&rsquo;\u00e9pith\u00e8te de \u00ab\u00a0ville de la sant\u00e9\u00a0\u00bb. Au nord, la colline du Tintinolho se d\u00e9tache du paysage, et le site arch\u00e9ologique de P\u00f3voa do Mileu [&hellip;]\" \/>\n<meta property=\"og:url\" content=\"https:\/\/www.visitguarda.pt\/ponto_de_interesse\/miradouro-da-torre-dos-ferreiros\/\" \/>\n<meta property=\"og:site_name\" content=\"VisitGuarda\" \/>\n<meta property=\"article:publisher\" content=\"https:\/\/fb.com\/MunicipioDaGuarda\" \/>\n<meta property=\"article:modified_time\" content=\"2026-03-12T13:08:46+00:00\" \/>\n<meta name=\"twitter:card\" content=\"summary_large_image\" \/>\n<meta name=\"twitter:label1\" content=\"Dur\u00e9e de lecture estim\u00e9e\" \/>\n\t<meta name=\"twitter:data1\" content=\"1 minute\" \/>\n<script type=\"application\/ld+json\" class=\"yoast-schema-graph\">{\"@context\":\"https:\/\/schema.org\",\"@graph\":[{\"@type\":\"WebPage\",\"@id\":\"https:\/\/www.visitguarda.pt\/ponto_de_interesse\/miradouro-da-torre-dos-ferreiros\/\",\"url\":\"https:\/\/www.visitguarda.pt\/ponto_de_interesse\/miradouro-da-torre-dos-ferreiros\/\",\"name\":\"Mirador de la Torre dos Ferreiros - VisitGuarda\",\"isPartOf\":{\"@id\":\"https:\/\/www.visitguarda.pt\/#website\"},\"datePublished\":\"2024-05-28T17:01:22+00:00\",\"dateModified\":\"2026-03-12T13:08:46+00:00\",\"breadcrumb\":{\"@id\":\"https:\/\/www.visitguarda.pt\/ponto_de_interesse\/miradouro-da-torre-dos-ferreiros\/#breadcrumb\"},\"inLanguage\":\"fr-FR\",\"potentialAction\":[{\"@type\":\"ReadAction\",\"target\":[\"https:\/\/www.visitguarda.pt\/ponto_de_interesse\/miradouro-da-torre-dos-ferreiros\/\"]}]},{\"@type\":\"BreadcrumbList\",\"@id\":\"https:\/\/www.visitguarda.pt\/ponto_de_interesse\/miradouro-da-torre-dos-ferreiros\/#breadcrumb\",\"itemListElement\":[{\"@type\":\"ListItem\",\"position\":1,\"name\":\"In\u00edcio\",\"item\":\"https:\/\/www.visitguarda.pt\/fr\/\"},{\"@type\":\"ListItem\",\"position\":2,\"name\":\"Mirador de la Torre dos Ferreiros\"}]},{\"@type\":\"WebSite\",\"@id\":\"https:\/\/www.visitguarda.pt\/#website\",\"url\":\"https:\/\/www.visitguarda.pt\/\",\"name\":\"VisitGuarda\",\"description\":\"\",\"publisher\":{\"@id\":\"https:\/\/www.visitguarda.pt\/#organization\"},\"potentialAction\":[{\"@type\":\"SearchAction\",\"target\":{\"@type\":\"EntryPoint\",\"urlTemplate\":\"https:\/\/www.visitguarda.pt\/?s={search_term_string}\"},\"query-input\":{\"@type\":\"PropertyValueSpecification\",\"valueRequired\":true,\"valueName\":\"search_term_string\"}}],\"inLanguage\":\"fr-FR\"},{\"@type\":\"Organization\",\"@id\":\"https:\/\/www.visitguarda.pt\/#organization\",\"name\":\"Munic\u00edpio da Guarda\",\"url\":\"https:\/\/www.visitguarda.pt\/\",\"logo\":{\"@type\":\"ImageObject\",\"inLanguage\":\"fr-FR\",\"@id\":\"https:\/\/www.visitguarda.pt\/#\/schema\/logo\/image\/\",\"url\":\"https:\/\/www.visitguarda.pt\/wp-content\/uploads\/2025\/01\/logo_mun_guarda.jpg\",\"contentUrl\":\"https:\/\/www.visitguarda.pt\/wp-content\/uploads\/2025\/01\/logo_mun_guarda.jpg\",\"width\":1181,\"height\":1181,\"caption\":\"Munic\u00edpio da Guarda\"},\"image\":{\"@id\":\"https:\/\/www.visitguarda.pt\/#\/schema\/logo\/image\/\"},\"sameAs\":[\"https:\/\/fb.com\/MunicipioDaGuarda\",\"https:\/\/www.instagram.com\/municipiodaguarda\"]}]}<\/script>\n<!-- \/ Yoast SEO plugin. -->","yoast_head_json":{"title":"Mirador de la Torre dos Ferreiros - VisitGuarda","robots":{"index":"index","follow":"follow","max-snippet":"max-snippet:-1","max-image-preview":"max-image-preview:large","max-video-preview":"max-video-preview:-1"},"canonical":"https:\/\/www.visitguarda.pt\/ponto_de_interesse\/miradouro-da-torre-dos-ferreiros\/","og_locale":"fr_FR","og_type":"article","og_title":"Mirador de la Torre dos Ferreiros - VisitGuarda","og_description":"Au sud, l&rsquo;imposante Serra da Estrela domine le paysage. De l\u00e0, on peut voir l&rsquo;ancien sanatorium Sousa Martins, qui a marqu\u00e9 l&rsquo;histoire de la ville de Guarda et lui a valu l&rsquo;\u00e9pith\u00e8te de \u00ab\u00a0ville de la sant\u00e9\u00a0\u00bb. Au nord, la colline du Tintinolho se d\u00e9tache du paysage, et le site arch\u00e9ologique de P\u00f3voa do Mileu [&hellip;]","og_url":"https:\/\/www.visitguarda.pt\/ponto_de_interesse\/miradouro-da-torre-dos-ferreiros\/","og_site_name":"VisitGuarda","article_publisher":"https:\/\/fb.com\/MunicipioDaGuarda","article_modified_time":"2026-03-12T13:08:46+00:00","twitter_card":"summary_large_image","twitter_misc":{"Dur\u00e9e de lecture estim\u00e9e":"1 minute"},"schema":{"@context":"https:\/\/schema.org","@graph":[{"@type":"WebPage","@id":"https:\/\/www.visitguarda.pt\/ponto_de_interesse\/miradouro-da-torre-dos-ferreiros\/","url":"https:\/\/www.visitguarda.pt\/ponto_de_interesse\/miradouro-da-torre-dos-ferreiros\/","name":"Mirador de la Torre dos Ferreiros - VisitGuarda","isPartOf":{"@id":"https:\/\/www.visitguarda.pt\/#website"},"datePublished":"2024-05-28T17:01:22+00:00","dateModified":"2026-03-12T13:08:46+00:00","breadcrumb":{"@id":"https:\/\/www.visitguarda.pt\/ponto_de_interesse\/miradouro-da-torre-dos-ferreiros\/#breadcrumb"},"inLanguage":"fr-FR","potentialAction":[{"@type":"ReadAction","target":["https:\/\/www.visitguarda.pt\/ponto_de_interesse\/miradouro-da-torre-dos-ferreiros\/"]}]},{"@type":"BreadcrumbList","@id":"https:\/\/www.visitguarda.pt\/ponto_de_interesse\/miradouro-da-torre-dos-ferreiros\/#breadcrumb","itemListElement":[{"@type":"ListItem","position":1,"name":"In\u00edcio","item":"https:\/\/www.visitguarda.pt\/fr\/"},{"@type":"ListItem","position":2,"name":"Mirador de la Torre dos Ferreiros"}]},{"@type":"WebSite","@id":"https:\/\/www.visitguarda.pt\/#website","url":"https:\/\/www.visitguarda.pt\/","name":"VisitGuarda","description":"","publisher":{"@id":"https:\/\/www.visitguarda.pt\/#organization"},"potentialAction":[{"@type":"SearchAction","target":{"@type":"EntryPoint","urlTemplate":"https:\/\/www.visitguarda.pt\/?s={search_term_string}"},"query-input":{"@type":"PropertyValueSpecification","valueRequired":true,"valueName":"search_term_string"}}],"inLanguage":"fr-FR"},{"@type":"Organization","@id":"https:\/\/www.visitguarda.pt\/#organization","name":"Munic\u00edpio da Guarda","url":"https:\/\/www.visitguarda.pt\/","logo":{"@type":"ImageObject","inLanguage":"fr-FR","@id":"https:\/\/www.visitguarda.pt\/#\/schema\/logo\/image\/","url":"https:\/\/www.visitguarda.pt\/wp-content\/uploads\/2025\/01\/logo_mun_guarda.jpg","contentUrl":"https:\/\/www.visitguarda.pt\/wp-content\/uploads\/2025\/01\/logo_mun_guarda.jpg","width":1181,"height":1181,"caption":"Munic\u00edpio da Guarda"},"image":{"@id":"https:\/\/www.visitguarda.pt\/#\/schema\/logo\/image\/"},"sameAs":["https:\/\/fb.com\/MunicipioDaGuarda","https:\/\/www.instagram.com\/municipiodaguarda"]}]}},"_links":{"self":[{"href":"https:\/\/www.visitguarda.pt\/fr\/wp-json\/wp\/v2\/ponto_de_interesse\/10907","targetHints":{"allow":["GET"]}}],"collection":[{"href":"https:\/\/www.visitguarda.pt\/fr\/wp-json\/wp\/v2\/ponto_de_interesse"}],"about":[{"href":"https:\/\/www.visitguarda.pt\/fr\/wp-json\/wp\/v2\/types\/ponto_de_interesse"}],"wp:attachment":[{"href":"https:\/\/www.visitguarda.pt\/fr\/wp-json\/wp\/v2\/media?parent=10907"}],"wp:term":[{"taxonomy":"categoria_ponto_interesse","embeddable":true,"href":"https:\/\/www.visitguarda.pt\/fr\/wp-json\/wp\/v2\/categoria_ponto_interesse?post=10907"},{"taxonomy":"duracao","embeddable":true,"href":"https:\/\/www.visitguarda.pt\/fr\/wp-json\/wp\/v2\/duracao?post=10907"},{"taxonomy":"estacao_do_ano","embeddable":true,"href":"https:\/\/www.visitguarda.pt\/fr\/wp-json\/wp\/v2\/estacao_do_ano?post=10907"},{"taxonomy":"grupo_de_viagem","embeddable":true,"href":"https:\/\/www.visitguarda.pt\/fr\/wp-json\/wp\/v2\/grupo_de_viagem?post=10907"},{"taxonomy":"tipo_de_experiencia","embeddable":true,"href":"https:\/\/www.visitguarda.pt\/fr\/wp-json\/wp\/v2\/tipo_de_experiencia?post=10907"}],"curies":[{"name":"wp","href":"https:\/\/api.w.org\/{rel}","templated":true}]}}

<p>Au sud, l&rsquo;imposante Serra da Estrela domine le paysage. De là, on peut voir l&rsquo;ancien sanatorium Sousa Martins, qui a marqué l&rsquo;histoire de la ville de Guarda et lui a valu l&rsquo;épithète de « ville de la santé ». Au nord, la colline du Tintinolho se détache du paysage, et le site archéologique de Póvoa do Mileu est également visible. Le donjon et l&rsquo;église de S. Vicente se distinguent dans le périmètre fortifié. À l&rsquo;est, le site archéologique de Cabeço das Fráguas est l&rsquo;un des établissements protohistoriques les plus emblématiques de toute la péninsule ibérique. Dans cette direction, on peut voir la colline du Jarmelo, perchée au sommet du Castro du Jarmelo, qui domine le vaste territoire qui s&rsquo;étend des pentes orientales de la Serra da Estrela jusqu&rsquo;à la frontière espagnole. À l&rsquo;ouest, le Donjon et la Cathédrale de Guarda se distinguent par leur beauté et leur ampleur.</p>

<!-- This site is optimized with the Yoast SEO plugin v25.1 - https://yoast.com/wordpress/plugins/seo/ -->
<title>Mirador de la Torre dos Ferreiros - VisitGuarda</title>
<meta name="robots" content="index, follow, max-snippet:-1, max-image-preview:large, max-video-preview:-1" />
<link rel="canonical" href="https://www.visitguarda.pt/ponto_de_interesse/miradouro-da-torre-dos-ferreiros/" />
<meta property="og:locale" content="fr_FR" />
<meta property="og:type" content="article" />
<meta property="og:title" content="Mirador de la Torre dos Ferreiros - VisitGuarda" />
<meta property="og:description" content="Au sud, l&rsquo;imposante Serra da Estrela domine le paysage. De là, on peut voir l&rsquo;ancien sanatorium Sousa Martins, qui a marqué l&rsquo;histoire de la ville de Guarda et lui a valu l&rsquo;épithète de « ville de la santé ». Au nord, la colline du Tintinolho se détache du paysage, et le site archéologique de Póvoa do Mileu [&hellip;]" />
<meta property="og:url" content="https://www.visitguarda.pt/ponto_de_interesse/miradouro-da-torre-dos-ferreiros/" />
<meta property="og:site_name" content="VisitGuarda" />
<meta property="article:publisher" content="https://fb.com/MunicipioDaGuarda" />
<meta property="article:modified_time" content="2026-03-12T13:08:46+00:00" />
<meta name="twitter:card" content="summary_large_image" />
<meta name="twitter:label1" content="Durée de lecture estimée" />
	<meta name="twitter:data1" content="1 minute" />
<script type="application/ld+json" class="yoast-schema-graph">{"@context":"https://schema.org","@graph":[{"@type":"WebPage","@id":"https://www.visitguarda.pt/ponto_de_interesse/miradouro-da-torre-dos-ferreiros/","url":"https://www.visitguarda.pt/ponto_de_interesse/miradouro-da-torre-dos-ferreiros/","name":"Mirador de la Torre dos Ferreiros - VisitGuarda","isPartOf":{"@id":"https://www.visitguarda.pt/#website"},"datePublished":"2024-05-28T17:01:22+00:00","dateModified":"2026-03-12T13:08:46+00:00","breadcrumb":{"@id":"https://www.visitguarda.pt/ponto_de_interesse/miradouro-da-torre-dos-ferreiros/#breadcrumb"},"inLanguage":"fr-FR","potentialAction":[{"@type":"ReadAction","target":["https://www.visitguarda.pt/ponto_de_interesse/miradouro-da-torre-dos-ferreiros/"]}]},{"@type":"BreadcrumbList","@id":"https://www.visitguarda.pt/ponto_de_interesse/miradouro-da-torre-dos-ferreiros/#breadcrumb","itemListElement":[{"@type":"ListItem","position":1,"name":"Início","item":"https://www.visitguarda.pt/fr/"},{"@type":"ListItem","position":2,"name":"Mirador de la Torre dos Ferreiros"}]},{"@type":"WebSite","@id":"https://www.visitguarda.pt/#website","url":"https://www.visitguarda.pt/","name":"VisitGuarda","description":"","publisher":{"@id":"https://www.visitguarda.pt/#organization"},"potentialAction":[{"@type":"SearchAction","target":{"@type":"EntryPoint","urlTemplate":"https://www.visitguarda.pt/?s={search_term_string}"},"query-input":{"@type":"PropertyValueSpecification","valueRequired":true,"valueName":"search_term_string"}}],"inLanguage":"fr-FR"},{"@type":"Organization","@id":"https://www.visitguarda.pt/#organization","name":"Município da Guarda","url":"https://www.visitguarda.pt/","logo":{"@type":"ImageObject","inLanguage":"fr-FR","@id":"https://www.visitguarda.pt/#/schema/logo/image/","url":"https://www.visitguarda.pt/wp-content/uploads/2025/01/logo_mun_guarda.jpg","contentUrl":"https://www.visitguarda.pt/wp-content/uploads/2025/01/logo_mun_guarda.jpg","width":1181,"height":1181,"caption":"Município da Guarda"},"image":{"@id":"https://www.visitguarda.pt/#/schema/logo/image/"},"sameAs":["https://fb.com/MunicipioDaGuarda","https://www.instagram.com/municipiodaguarda"]}]}</script>
<!-- / Yoast SEO plugin. -->

Au sud, l&rsquo;imposante Serra da Estrela domine le paysage. De là, on peut voir l&rsquo;ancien sanatorium Sousa Martins, qui a marqué l&rsquo;histoire de la ville de Guarda et lui a valu l&rsquo;épithète de « ville de la santé ». Au nord, la colline du Tintinolho se détache du paysage, et le site archéologique de Póvoa do Mileu [&hellip;]

Início

Município da Guarda
