{"id":20376,"date":"2025-09-15T09:10:46","date_gmt":"2025-09-15T09:10:46","guid":{"rendered":"https:\/\/www.visitguarda.pt\/ponto_de_interesse\/refugio-dos-covais\/"},"modified":"2026-03-12T13:15:54","modified_gmt":"2026-03-12T13:15:54","slug":"refugio-dos-covais","status":"publish","type":"ponto_de_interesse","link":"https:\/\/www.visitguarda.pt\/fr\/ponto_de_interesse\/refugio-dos-covais\/","title":{"rendered":"Ref\u00fagio doa Coviais (Guarda)"},"content":{"rendered":"<p>Cuisine enti\u00e8rement \u00e9quip\u00e9e : plaque \u00e0 induction, hotte aspirante, four \u00e9lectrique, micro-ondes, r\u00e9frig\u00e9rateur combin\u00e9, machine \u00e0 caf\u00e9 expresso \u00ab Nespresso \u00bb, lave-linge, bouilloire \u00e9lectrique, mixeur, mixeur plongeant, grille-pain, vaisselle, couverts et divers ustensiles de cuisine.Salon avec 2 canap\u00e9s (dont un canap\u00e9-lit), po\u00eale \u00e0 pellets, t\u00e9l\u00e9vision Smart TV, acc\u00e8s Internet par fibre optique\/Wi-Fi.Fourniture de draps, serviettes et draps de bain pour le spa\/la piscine.Kit de produits d&rsquo;accueil : shampoing, gel douche, lotion pour le corps, savon et lingettes d\u00e9maquillantes.S\u00e8che-cheveux.Climatisation dans les chambres.Fer \u00e0 repasser, planche \u00e0 repasser et \u00e9tendoir \u00e0 linge.Piscine ext\u00e9rieure chauff\u00e9e (* utilisation saisonni\u00e8re).Barbecue.Jacuzzi\/spa priv\u00e9 (disponible 24h\/24, 365 jours\/an).Espace ext\u00e9rieur pour les repas et les loisirs\/la d\u00e9tente.Parking priv\u00e9 et enti\u00e8rement cl\u00f4tur\u00e9.H\u00e9bergement \u00ab pet-friendly \u00bb (frais de nettoyage suppl\u00e9mentaires).Zone rurale tr\u00e8s calme, entour\u00e9e par la nature.<\/p>\n","protected":false},"featured_media":0,"template":"","meta":{"_acf_changed":false},"categoria_ponto_interesse":[337],"duracao":[],"estacao_do_ano":[],"grupo_de_viagem":[],"tipo_de_experiencia":[],"class_list":["post-20376","ponto_de_interesse","type-ponto_de_interesse","status-publish","hentry","categoria_ponto_interesse-hebergement-local"],"acf":[],"yoast_head":"<!-- This site is optimized with the Yoast SEO plugin v25.1 - https:\/\/yoast.com\/wordpress\/plugins\/seo\/ -->\n<title>Ref\u00fagio doa Coviais (Guarda) - VisitGuarda<\/title>\n<meta name=\"robots\" content=\"index, follow, max-snippet:-1, max-image-preview:large, max-video-preview:-1\" \/>\n<link rel=\"canonical\" href=\"https:\/\/www.visitguarda.pt\/ponto_de_interesse\/refugio-dos-covais\/\" \/>\n<meta property=\"og:locale\" content=\"fr_FR\" \/>\n<meta property=\"og:type\" content=\"article\" \/>\n<meta property=\"og:title\" content=\"Ref\u00fagio doa Coviais (Guarda) - VisitGuarda\" \/>\n<meta property=\"og:description\" content=\"Cuisine enti\u00e8rement \u00e9quip\u00e9e : plaque \u00e0 induction, hotte aspirante, four \u00e9lectrique, micro-ondes, r\u00e9frig\u00e9rateur combin\u00e9, machine \u00e0 caf\u00e9 expresso \u00ab Nespresso \u00bb, lave-linge, bouilloire \u00e9lectrique, mixeur, mixeur plongeant, grille-pain, vaisselle, couverts et divers ustensiles de cuisine.Salon avec 2 canap\u00e9s (dont un canap\u00e9-lit), po\u00eale \u00e0 pellets, t\u00e9l\u00e9vision Smart TV, acc\u00e8s Internet par fibre optique\/Wi-Fi.Fourniture de draps, serviettes [&hellip;]\" \/>\n<meta property=\"og:url\" content=\"https:\/\/www.visitguarda.pt\/ponto_de_interesse\/refugio-dos-covais\/\" \/>\n<meta property=\"og:site_name\" content=\"VisitGuarda\" \/>\n<meta property=\"article:publisher\" content=\"https:\/\/fb.com\/MunicipioDaGuarda\" \/>\n<meta property=\"article:modified_time\" content=\"2026-03-12T13:15:54+00:00\" \/>\n<meta name=\"twitter:card\" content=\"summary_large_image\" \/>\n<meta name=\"twitter:label1\" content=\"Dur\u00e9e de lecture estim\u00e9e\" \/>\n\t<meta name=\"twitter:data1\" content=\"1 minute\" \/>\n<script type=\"application\/ld+json\" class=\"yoast-schema-graph\">{\"@context\":\"https:\/\/schema.org\",\"@graph\":[{\"@type\":\"WebPage\",\"@id\":\"https:\/\/www.visitguarda.pt\/ponto_de_interesse\/refugio-dos-covais\/\",\"url\":\"https:\/\/www.visitguarda.pt\/ponto_de_interesse\/refugio-dos-covais\/\",\"name\":\"Ref\u00fagio doa Coviais (Guarda) - VisitGuarda\",\"isPartOf\":{\"@id\":\"https:\/\/www.visitguarda.pt\/#website\"},\"datePublished\":\"2025-09-15T09:10:46+00:00\",\"dateModified\":\"2026-03-12T13:15:54+00:00\",\"breadcrumb\":{\"@id\":\"https:\/\/www.visitguarda.pt\/ponto_de_interesse\/refugio-dos-covais\/#breadcrumb\"},\"inLanguage\":\"fr-FR\",\"potentialAction\":[{\"@type\":\"ReadAction\",\"target\":[\"https:\/\/www.visitguarda.pt\/ponto_de_interesse\/refugio-dos-covais\/\"]}]},{\"@type\":\"BreadcrumbList\",\"@id\":\"https:\/\/www.visitguarda.pt\/ponto_de_interesse\/refugio-dos-covais\/#breadcrumb\",\"itemListElement\":[{\"@type\":\"ListItem\",\"position\":1,\"name\":\"In\u00edcio\",\"item\":\"https:\/\/www.visitguarda.pt\/fr\/\"},{\"@type\":\"ListItem\",\"position\":2,\"name\":\"Ref\u00fagio doa Coviais (Guarda)\"}]},{\"@type\":\"WebSite\",\"@id\":\"https:\/\/www.visitguarda.pt\/#website\",\"url\":\"https:\/\/www.visitguarda.pt\/\",\"name\":\"VisitGuarda\",\"description\":\"\",\"publisher\":{\"@id\":\"https:\/\/www.visitguarda.pt\/#organization\"},\"potentialAction\":[{\"@type\":\"SearchAction\",\"target\":{\"@type\":\"EntryPoint\",\"urlTemplate\":\"https:\/\/www.visitguarda.pt\/?s={search_term_string}\"},\"query-input\":{\"@type\":\"PropertyValueSpecification\",\"valueRequired\":true,\"valueName\":\"search_term_string\"}}],\"inLanguage\":\"fr-FR\"},{\"@type\":\"Organization\",\"@id\":\"https:\/\/www.visitguarda.pt\/#organization\",\"name\":\"Munic\u00edpio da Guarda\",\"url\":\"https:\/\/www.visitguarda.pt\/\",\"logo\":{\"@type\":\"ImageObject\",\"inLanguage\":\"fr-FR\",\"@id\":\"https:\/\/www.visitguarda.pt\/#\/schema\/logo\/image\/\",\"url\":\"https:\/\/www.visitguarda.pt\/wp-content\/uploads\/2025\/01\/logo_mun_guarda.jpg\",\"contentUrl\":\"https:\/\/www.visitguarda.pt\/wp-content\/uploads\/2025\/01\/logo_mun_guarda.jpg\",\"width\":1181,\"height\":1181,\"caption\":\"Munic\u00edpio da Guarda\"},\"image\":{\"@id\":\"https:\/\/www.visitguarda.pt\/#\/schema\/logo\/image\/\"},\"sameAs\":[\"https:\/\/fb.com\/MunicipioDaGuarda\",\"https:\/\/www.instagram.com\/municipiodaguarda\"]}]}<\/script>\n<!-- \/ Yoast SEO plugin. -->","yoast_head_json":{"title":"Ref\u00fagio doa Coviais (Guarda) - VisitGuarda","robots":{"index":"index","follow":"follow","max-snippet":"max-snippet:-1","max-image-preview":"max-image-preview:large","max-video-preview":"max-video-preview:-1"},"canonical":"https:\/\/www.visitguarda.pt\/ponto_de_interesse\/refugio-dos-covais\/","og_locale":"fr_FR","og_type":"article","og_title":"Ref\u00fagio doa Coviais (Guarda) - VisitGuarda","og_description":"Cuisine enti\u00e8rement \u00e9quip\u00e9e : plaque \u00e0 induction, hotte aspirante, four \u00e9lectrique, micro-ondes, r\u00e9frig\u00e9rateur combin\u00e9, machine \u00e0 caf\u00e9 expresso \u00ab Nespresso \u00bb, lave-linge, bouilloire \u00e9lectrique, mixeur, mixeur plongeant, grille-pain, vaisselle, couverts et divers ustensiles de cuisine.Salon avec 2 canap\u00e9s (dont un canap\u00e9-lit), po\u00eale \u00e0 pellets, t\u00e9l\u00e9vision Smart TV, acc\u00e8s Internet par fibre optique\/Wi-Fi.Fourniture de draps, serviettes [&hellip;]","og_url":"https:\/\/www.visitguarda.pt\/ponto_de_interesse\/refugio-dos-covais\/","og_site_name":"VisitGuarda","article_publisher":"https:\/\/fb.com\/MunicipioDaGuarda","article_modified_time":"2026-03-12T13:15:54+00:00","twitter_card":"summary_large_image","twitter_misc":{"Dur\u00e9e de lecture estim\u00e9e":"1 minute"},"schema":{"@context":"https:\/\/schema.org","@graph":[{"@type":"WebPage","@id":"https:\/\/www.visitguarda.pt\/ponto_de_interesse\/refugio-dos-covais\/","url":"https:\/\/www.visitguarda.pt\/ponto_de_interesse\/refugio-dos-covais\/","name":"Ref\u00fagio doa Coviais (Guarda) - VisitGuarda","isPartOf":{"@id":"https:\/\/www.visitguarda.pt\/#website"},"datePublished":"2025-09-15T09:10:46+00:00","dateModified":"2026-03-12T13:15:54+00:00","breadcrumb":{"@id":"https:\/\/www.visitguarda.pt\/ponto_de_interesse\/refugio-dos-covais\/#breadcrumb"},"inLanguage":"fr-FR","potentialAction":[{"@type":"ReadAction","target":["https:\/\/www.visitguarda.pt\/ponto_de_interesse\/refugio-dos-covais\/"]}]},{"@type":"BreadcrumbList","@id":"https:\/\/www.visitguarda.pt\/ponto_de_interesse\/refugio-dos-covais\/#breadcrumb","itemListElement":[{"@type":"ListItem","position":1,"name":"In\u00edcio","item":"https:\/\/www.visitguarda.pt\/fr\/"},{"@type":"ListItem","position":2,"name":"Ref\u00fagio doa Coviais (Guarda)"}]},{"@type":"WebSite","@id":"https:\/\/www.visitguarda.pt\/#website","url":"https:\/\/www.visitguarda.pt\/","name":"VisitGuarda","description":"","publisher":{"@id":"https:\/\/www.visitguarda.pt\/#organization"},"potentialAction":[{"@type":"SearchAction","target":{"@type":"EntryPoint","urlTemplate":"https:\/\/www.visitguarda.pt\/?s={search_term_string}"},"query-input":{"@type":"PropertyValueSpecification","valueRequired":true,"valueName":"search_term_string"}}],"inLanguage":"fr-FR"},{"@type":"Organization","@id":"https:\/\/www.visitguarda.pt\/#organization","name":"Munic\u00edpio da Guarda","url":"https:\/\/www.visitguarda.pt\/","logo":{"@type":"ImageObject","inLanguage":"fr-FR","@id":"https:\/\/www.visitguarda.pt\/#\/schema\/logo\/image\/","url":"https:\/\/www.visitguarda.pt\/wp-content\/uploads\/2025\/01\/logo_mun_guarda.jpg","contentUrl":"https:\/\/www.visitguarda.pt\/wp-content\/uploads\/2025\/01\/logo_mun_guarda.jpg","width":1181,"height":1181,"caption":"Munic\u00edpio da Guarda"},"image":{"@id":"https:\/\/www.visitguarda.pt\/#\/schema\/logo\/image\/"},"sameAs":["https:\/\/fb.com\/MunicipioDaGuarda","https:\/\/www.instagram.com\/municipiodaguarda"]}]}},"_links":{"self":[{"href":"https:\/\/www.visitguarda.pt\/fr\/wp-json\/wp\/v2\/ponto_de_interesse\/20376","targetHints":{"allow":["GET"]}}],"collection":[{"href":"https:\/\/www.visitguarda.pt\/fr\/wp-json\/wp\/v2\/ponto_de_interesse"}],"about":[{"href":"https:\/\/www.visitguarda.pt\/fr\/wp-json\/wp\/v2\/types\/ponto_de_interesse"}],"wp:attachment":[{"href":"https:\/\/www.visitguarda.pt\/fr\/wp-json\/wp\/v2\/media?parent=20376"}],"wp:term":[{"taxonomy":"categoria_ponto_interesse","embeddable":true,"href":"https:\/\/www.visitguarda.pt\/fr\/wp-json\/wp\/v2\/categoria_ponto_interesse?post=20376"},{"taxonomy":"duracao","embeddable":true,"href":"https:\/\/www.visitguarda.pt\/fr\/wp-json\/wp\/v2\/duracao?post=20376"},{"taxonomy":"estacao_do_ano","embeddable":true,"href":"https:\/\/www.visitguarda.pt\/fr\/wp-json\/wp\/v2\/estacao_do_ano?post=20376"},{"taxonomy":"grupo_de_viagem","embeddable":true,"href":"https:\/\/www.visitguarda.pt\/fr\/wp-json\/wp\/v2\/grupo_de_viagem?post=20376"},{"taxonomy":"tipo_de_experiencia","embeddable":true,"href":"https:\/\/www.visitguarda.pt\/fr\/wp-json\/wp\/v2\/tipo_de_experiencia?post=20376"}],"curies":[{"name":"wp","href":"https:\/\/api.w.org\/{rel}","templated":true}]}}

Refúgio doa Coviais (Guarda)

<p>Cuisine entièrement équipée : plaque à induction, hotte aspirante, four électrique, micro-ondes, réfrigérateur combiné, machine à café expresso « Nespresso », lave-linge, bouilloire électrique, mixeur, mixeur plongeant, grille-pain, vaisselle, couverts et divers ustensiles de cuisine.Salon avec 2 canapés (dont un canapé-lit), poêle à pellets, télévision Smart TV, accès Internet par fibre optique/Wi-Fi.Fourniture de draps, serviettes et draps de bain pour le spa/la piscine.Kit de produits d&rsquo;accueil : shampoing, gel douche, lotion pour le corps, savon et lingettes démaquillantes.Sèche-cheveux.Climatisation dans les chambres.Fer à repasser, planche à repasser et étendoir à linge.Piscine extérieure chauffée (* utilisation saisonnière).Barbecue.Jacuzzi/spa privé (disponible 24h/24, 365 jours/an).Espace extérieur pour les repas et les loisirs/la détente.Parking privé et entièrement clôturé.Hébergement « pet-friendly » (frais de nettoyage supplémentaires).Zone rurale très calme, entourée par la nature.</p>

<!-- This site is optimized with the Yoast SEO plugin v25.1 - https://yoast.com/wordpress/plugins/seo/ -->
<title>Refúgio doa Coviais (Guarda) - VisitGuarda</title>
<meta name="robots" content="index, follow, max-snippet:-1, max-image-preview:large, max-video-preview:-1" />
<link rel="canonical" href="https://www.visitguarda.pt/ponto_de_interesse/refugio-dos-covais/" />
<meta property="og:locale" content="fr_FR" />
<meta property="og:type" content="article" />
<meta property="og:title" content="Refúgio doa Coviais (Guarda) - VisitGuarda" />
<meta property="og:description" content="Cuisine entièrement équipée : plaque à induction, hotte aspirante, four électrique, micro-ondes, réfrigérateur combiné, machine à café expresso « Nespresso », lave-linge, bouilloire électrique, mixeur, mixeur plongeant, grille-pain, vaisselle, couverts et divers ustensiles de cuisine.Salon avec 2 canapés (dont un canapé-lit), poêle à pellets, télévision Smart TV, accès Internet par fibre optique/Wi-Fi.Fourniture de draps, serviettes [&hellip;]" />
<meta property="og:url" content="https://www.visitguarda.pt/ponto_de_interesse/refugio-dos-covais/" />
<meta property="og:site_name" content="VisitGuarda" />
<meta property="article:publisher" content="https://fb.com/MunicipioDaGuarda" />
<meta property="article:modified_time" content="2026-03-12T13:15:54+00:00" />
<meta name="twitter:card" content="summary_large_image" />
<meta name="twitter:label1" content="Durée de lecture estimée" />
	<meta name="twitter:data1" content="1 minute" />
<script type="application/ld+json" class="yoast-schema-graph">{"@context":"https://schema.org","@graph":[{"@type":"WebPage","@id":"https://www.visitguarda.pt/ponto_de_interesse/refugio-dos-covais/","url":"https://www.visitguarda.pt/ponto_de_interesse/refugio-dos-covais/","name":"Refúgio doa Coviais (Guarda) - VisitGuarda","isPartOf":{"@id":"https://www.visitguarda.pt/#website"},"datePublished":"2025-09-15T09:10:46+00:00","dateModified":"2026-03-12T13:15:54+00:00","breadcrumb":{"@id":"https://www.visitguarda.pt/ponto_de_interesse/refugio-dos-covais/#breadcrumb"},"inLanguage":"fr-FR","potentialAction":[{"@type":"ReadAction","target":["https://www.visitguarda.pt/ponto_de_interesse/refugio-dos-covais/"]}]},{"@type":"BreadcrumbList","@id":"https://www.visitguarda.pt/ponto_de_interesse/refugio-dos-covais/#breadcrumb","itemListElement":[{"@type":"ListItem","position":1,"name":"Início","item":"https://www.visitguarda.pt/fr/"},{"@type":"ListItem","position":2,"name":"Refúgio doa Coviais (Guarda)"}]},{"@type":"WebSite","@id":"https://www.visitguarda.pt/#website","url":"https://www.visitguarda.pt/","name":"VisitGuarda","description":"","publisher":{"@id":"https://www.visitguarda.pt/#organization"},"potentialAction":[{"@type":"SearchAction","target":{"@type":"EntryPoint","urlTemplate":"https://www.visitguarda.pt/?s={search_term_string}"},"query-input":{"@type":"PropertyValueSpecification","valueRequired":true,"valueName":"search_term_string"}}],"inLanguage":"fr-FR"},{"@type":"Organization","@id":"https://www.visitguarda.pt/#organization","name":"Município da Guarda","url":"https://www.visitguarda.pt/","logo":{"@type":"ImageObject","inLanguage":"fr-FR","@id":"https://www.visitguarda.pt/#/schema/logo/image/","url":"https://www.visitguarda.pt/wp-content/uploads/2025/01/logo_mun_guarda.jpg","contentUrl":"https://www.visitguarda.pt/wp-content/uploads/2025/01/logo_mun_guarda.jpg","width":1181,"height":1181,"caption":"Município da Guarda"},"image":{"@id":"https://www.visitguarda.pt/#/schema/logo/image/"},"sameAs":["https://fb.com/MunicipioDaGuarda","https://www.instagram.com/municipiodaguarda"]}]}</script>
<!-- / Yoast SEO plugin. -->

Refúgio doa Coviais (Guarda) - VisitGuarda

Cuisine entièrement équipée : plaque à induction, hotte aspirante, four électrique, micro-ondes, réfrigérateur combiné, machine à café expresso « Nespresso », lave-linge, bouilloire électrique, mixeur, mixeur plongeant, grille-pain, vaisselle, couverts et divers ustensiles de cuisine.Salon avec 2 canapés (dont un canapé-lit), poêle à pellets, télévision Smart TV, accès Internet par fibre optique/Wi-Fi.Fourniture de draps, serviettes [&hellip;]

Início

Município da Guarda
